{"id":992,"date":"2025-02-04T19:36:53","date_gmt":"2025-02-04T18:36:53","guid":{"rendered":"http:\/\/lebiopretaplanter.fr\/?page_id=992"},"modified":"2026-03-29T19:34:08","modified_gmt":"2026-03-29T17:34:08","slug":"radis-rave","status":"publish","type":"page","link":"http:\/\/lebiopretaplanter.fr\/index.php\/radis-rave\/","title":{"rendered":"Radis-rave"},"content":{"rendered":"\n<h2 class=\"wp-block-heading has-text-align-center\"><strong>Nos plants de radis-rave sont disponibles : de d\u00e9but mars \u00e0 fin septembre<\/strong><\/h2>\n\n\n\n<p>Famille : Bracicac\u00e9es<br>Nom latin : <em>Raphanus sativus L.<\/em><br>Vari\u00e9t\u00e9s produites : gros rond noir, rond red meat, rose de pacques<\/p>\n\n\n\n<div class=\"wp-block-group is-content-justification-center is-nowrap is-layout-flex wp-container-core-group-is-layout-9193781b wp-block-group-is-layout-flex\">\n<figure class=\"wp-block-image aligncenter size-full is-resized wp-duotone-unset-1\"><img loading=\"lazy\" decoding=\"async\" width=\"602\" height=\"533\" src=\"http:\/\/lebiopretaplanter.fr\/wp-content\/uploads\/2025\/02\/RADIS-GROS-ROND-NOIR.jpg\" alt=\"\" class=\"wp-image-993\" style=\"width:290px;height:auto\" srcset=\"http:\/\/lebiopretaplanter.fr\/wp-content\/uploads\/2025\/02\/RADIS-GROS-ROND-NOIR.jpg 602w, http:\/\/lebiopretaplanter.fr\/wp-content\/uploads\/2025\/02\/RADIS-GROS-ROND-NOIR-300x266.jpg 300w\" sizes=\"auto, (max-width: 602px) 100vw, 602px\" \/><figcaption class=\"wp-element-caption\">radis-rave gros rond noir<\/figcaption><\/figure>\n\n\n\n<figure class=\"wp-block-image aligncenter size-full is-resized wp-duotone-unset-2\"><img loading=\"lazy\" decoding=\"async\" width=\"604\" height=\"535\" src=\"http:\/\/lebiopretaplanter.fr\/wp-content\/uploads\/2025\/02\/RADIS-ROND-RED-MEAT.jpg\" alt=\"\" class=\"wp-image-994\" style=\"width:290px;height:auto\" srcset=\"http:\/\/lebiopretaplanter.fr\/wp-content\/uploads\/2025\/02\/RADIS-ROND-RED-MEAT.jpg 604w, http:\/\/lebiopretaplanter.fr\/wp-content\/uploads\/2025\/02\/RADIS-ROND-RED-MEAT-300x266.jpg 300w\" sizes=\"auto, (max-width: 604px) 100vw, 604px\" \/><figcaption class=\"wp-element-caption\">radis-rave rond red meat<\/figcaption><\/figure>\n\n\n\n<figure class=\"wp-block-image aligncenter size-full is-resized wp-duotone-unset-3\"><img loading=\"lazy\" decoding=\"async\" width=\"604\" height=\"533\" src=\"http:\/\/lebiopretaplanter.fr\/wp-content\/uploads\/2025\/02\/radis-rose-de-pacques.jpg\" alt=\"\" class=\"wp-image-995\" style=\"width:290px;height:auto\" srcset=\"http:\/\/lebiopretaplanter.fr\/wp-content\/uploads\/2025\/02\/radis-rose-de-pacques.jpg 604w, http:\/\/lebiopretaplanter.fr\/wp-content\/uploads\/2025\/02\/radis-rose-de-pacques-300x265.jpg 300w\" sizes=\"auto, (max-width: 604px) 100vw, 604px\" \/><figcaption class=\"wp-element-caption\">radis-rave rose de pacques<\/figcaption><\/figure>\n<\/div>\n\n\n\n<div class=\"wp-block-group is-layout-constrained wp-block-group-is-layout-constrained\">\n<h1 class=\"wp-block-heading has-text-align-left has-primary-color has-background-background-color has-text-color has-background has-link-color wp-elements-7f983c0757db8cbc73c77bda65660f95\" style=\"padding-top:var(--wp--preset--spacing--20);padding-right:var(--wp--preset--spacing--20);padding-bottom:var(--wp--preset--spacing--20);padding-left:var(--wp--preset--spacing--20)\">M\u00e9thode de culture des radis-raves :<\/h1>\n\n\n\n<p>\ud83c\udf31 <strong>Pr\u00e9sentation<\/strong> : Les radis raves \u00e0 grosses racines sont appr\u00e9ci\u00e9s pour leur chair dense, croquante et l\u00e9g\u00e8rement piquante, id\u00e9ale en cuisson ou r\u00e2p\u00e9e en salade.<\/p>\n\n\n\n<p>\u2600\ufe0f <strong>Exposition<\/strong> : Le radis rave pr\u00e9f\u00e8re une exposition ensoleill\u00e9e ou mi-ombrag\u00e9e.<\/p>\n\n\n\n<p>\ud83c\udf3f <strong>Sol<\/strong> : Le radis rave se d\u00e9veloppe dans un sol profond, meuble, fertile et bien drain\u00e9. L\u2019ajout de compost ou de fumier bien d\u00e9compos\u00e9 avant la plantation favorise une bonne formation des racines. \u00c9viter les sols compacts ou lourds pour \u00e9viter les racines fourchues.<\/p>\n\n\n\n<p>\ud83c\udf3e <strong>Plantation<\/strong> : distance entre les plants : 15 cm. Planter les plants en pleine terre, en espa\u00e7ant suffisamment pour permettre aux racines de se d\u00e9velopper correctement.<\/p>\n\n\n\n<p>\ud83d\udca7 <strong>Arrosage<\/strong> : Maintenir le sol frais, surtout pendant le d\u00e9veloppement des racines, sans exc\u00e8s d\u2019eau qui pourrait provoquer la pourriture.<\/p>\n\n\n\n<p>\ud83d\udee0\ufe0f <strong>Entretien<\/strong> :<\/p>\n\n\n\n<ul class=\"wp-block-list\">\n<li>Biner et d\u00e9sherber autour des plants<\/li>\n\n\n\n<li>Surveiller l\u2019humidit\u00e9 du sol<\/li>\n\n\n\n<li>Apporter du compost si n\u00e9cessaire<\/li>\n<\/ul>\n\n\n\n<p>\u2702\ufe0f <strong>R\u00e9colte<\/strong> : R\u00e9colter lorsque les racines ont atteint leur taille adulte, selon la vari\u00e9t\u00e9 (environ 10 \u00e0 15 cm pour les racines rondes, jusqu\u2019\u00e0 20 cm pour certaines vari\u00e9t\u00e9s longues). Ne pas laisser trop longtemps en terre pour \u00e9viter qu\u2019elles deviennent ligneuses.<\/p>\n\n\n\n<p>\ud83c\udf31 <strong>\u00c0 consommer<\/strong> : Les radis raves se d\u00e9gustent crus, r\u00e2p\u00e9s en salade, ou cuits \u00e0 la vapeur, r\u00f4tis ou en soupe. Leur saveur se marie aussi tr\u00e8s bien avec des pr\u00e9parations brais\u00e9es ou gratin\u00e9es.<\/p>\n<\/div>\n","protected":false},"excerpt":{"rendered":"<p>Nos plants de radis-rave sont disponibles : de d\u00e9but mars \u00e0 fin septembre Famille : Bracicac\u00e9esNom latin : Raphanus sativus L.Vari\u00e9t\u00e9s produites : gros rond noir, rond red meat, rose de pacques M\u00e9thode de culture des radis-raves : \ud83c\udf31 Pr\u00e9sentation : Les radis raves \u00e0 grosses racines sont appr\u00e9ci\u00e9s pour leur chair dense, croquante et [&hellip;]<\/p>\n","protected":false},"author":1,"featured_media":0,"parent":0,"menu_order":0,"comment_status":"closed","ping_status":"closed","template":"","meta":{"footnotes":""},"class_list":["post-992","page","type-page","status-publish","hentry"],"_links":{"self":[{"href":"http:\/\/lebiopretaplanter.fr\/index.php\/wp-json\/wp\/v2\/pages\/992","targetHints":{"allow":["GET"]}}],"collection":[{"href":"http:\/\/lebiopretaplanter.fr\/index.php\/wp-json\/wp\/v2\/pages"}],"about":[{"href":"http:\/\/lebiopretaplanter.fr\/index.php\/wp-json\/wp\/v2\/types\/page"}],"author":[{"embeddable":true,"href":"http:\/\/lebiopretaplanter.fr\/index.php\/wp-json\/wp\/v2\/users\/1"}],"replies":[{"embeddable":true,"href":"http:\/\/lebiopretaplanter.fr\/index.php\/wp-json\/wp\/v2\/comments?post=992"}],"version-history":[{"count":3,"href":"http:\/\/lebiopretaplanter.fr\/index.php\/wp-json\/wp\/v2\/pages\/992\/revisions"}],"predecessor-version":[{"id":1521,"href":"http:\/\/lebiopretaplanter.fr\/index.php\/wp-json\/wp\/v2\/pages\/992\/revisions\/1521"}],"wp:attachment":[{"href":"http:\/\/lebiopretaplanter.fr\/index.php\/wp-json\/wp\/v2\/media?parent=992"}],"curies":[{"name":"wp","href":"https:\/\/api.w.org\/{rel}","templated":true}]}}

<h2 class="wp-block-heading has-text-align-center"><strong>Nos plants de radis-rave sont disponibles : de début mars à fin septembre</strong></h2>



<p>Famille : Bracicacées<br>Nom latin : <em>Raphanus sativus L.</em><br>Variétés produites : gros rond noir, rond red meat, rose de pacques</p>



<div class="wp-block-group is-content-justification-center is-nowrap is-layout-flex wp-container-core-group-is-layout-9193781b wp-block-group-is-layout-flex">
<figure class="wp-block-image aligncenter size-full is-resized wp-duotone-unset-1"><img loading="lazy" decoding="async" width="602" height="533" src="http://lebiopretaplanter.fr/wp-content/uploads/2025/02/RADIS-GROS-ROND-NOIR.jpg" alt="" class="wp-image-993" style="width:290px;height:auto" srcset="http://lebiopretaplanter.fr/wp-content/uploads/2025/02/RADIS-GROS-ROND-NOIR.jpg 602w, http://lebiopretaplanter.fr/wp-content/uploads/2025/02/RADIS-GROS-ROND-NOIR-300x266.jpg 300w" sizes="auto, (max-width: 602px) 100vw, 602px" /><figcaption class="wp-element-caption">radis-rave gros rond noir</figcaption></figure>



<figure class="wp-block-image aligncenter size-full is-resized wp-duotone-unset-2"><img loading="lazy" decoding="async" width="604" height="535" src="http://lebiopretaplanter.fr/wp-content/uploads/2025/02/RADIS-ROND-RED-MEAT.jpg" alt="" class="wp-image-994" style="width:290px;height:auto" srcset="http://lebiopretaplanter.fr/wp-content/uploads/2025/02/RADIS-ROND-RED-MEAT.jpg 604w, http://lebiopretaplanter.fr/wp-content/uploads/2025/02/RADIS-ROND-RED-MEAT-300x266.jpg 300w" sizes="auto, (max-width: 604px) 100vw, 604px" /><figcaption class="wp-element-caption">radis-rave rond red meat</figcaption></figure>



<figure class="wp-block-image aligncenter size-full is-resized wp-duotone-unset-3"><img loading="lazy" decoding="async" width="604" height="533" src="http://lebiopretaplanter.fr/wp-content/uploads/2025/02/radis-rose-de-pacques.jpg" alt="" class="wp-image-995" style="width:290px;height:auto" srcset="http://lebiopretaplanter.fr/wp-content/uploads/2025/02/radis-rose-de-pacques.jpg 604w, http://lebiopretaplanter.fr/wp-content/uploads/2025/02/radis-rose-de-pacques-300x265.jpg 300w" sizes="auto, (max-width: 604px) 100vw, 604px" /><figcaption class="wp-element-caption">radis-rave rose de pacques</figcaption></figure>
</div>



<div class="wp-block-group is-layout-constrained wp-block-group-is-layout-constrained">
<h1 class="wp-block-heading has-text-align-left has-primary-color has-background-background-color has-text-color has-background has-link-color wp-elements-7f983c0757db8cbc73c77bda65660f95" style="padding-top:var(--wp--preset--spacing--20);padding-right:var(--wp--preset--spacing--20);padding-bottom:var(--wp--preset--spacing--20);padding-left:var(--wp--preset--spacing--20)">Méthode de culture des radis-raves :</h1>



<p>🌱 <strong>Présentation</strong> : Les radis raves à grosses racines sont appréciés pour leur chair dense, croquante et légèrement piquante, idéale en cuisson ou râpée en salade.</p>



<p>☀️ <strong>Exposition</strong> : Le radis rave préfère une exposition ensoleillée ou mi-ombragée.</p>



<p>🌿 <strong>Sol</strong> : Le radis rave se développe dans un sol profond, meuble, fertile et bien drainé. L’ajout de compost ou de fumier bien décomposé avant la plantation favorise une bonne formation des racines. Éviter les sols compacts ou lourds pour éviter les racines fourchues.</p>



<p>🌾 <strong>Plantation</strong> : distance entre les plants : 15 cm. Planter les plants en pleine terre, en espaçant suffisamment pour permettre aux racines de se développer correctement.</p>



<p>💧 <strong>Arrosage</strong> : Maintenir le sol frais, surtout pendant le développement des racines, sans excès d’eau qui pourrait provoquer la pourriture.</p>



<p>🛠️ <strong>Entretien</strong> :</p>



<ul class="wp-block-list">
<li>Biner et désherber autour des plants</li>



<li>Surveiller l’humidité du sol</li>



<li>Apporter du compost si nécessaire</li>
</ul>



<p>✂️ <strong>Récolte</strong> : Récolter lorsque les racines ont atteint leur taille adulte, selon la variété (environ 10 à 15 cm pour les racines rondes, jusqu’à 20 cm pour certaines variétés longues). Ne pas laisser trop longtemps en terre pour éviter qu’elles deviennent ligneuses.</p>



<p>🌱 <strong>À consommer</strong> : Les radis raves se dégustent crus, râpés en salade, ou cuits à la vapeur, rôtis ou en soupe. Leur saveur se marie aussi très bien avec des préparations braisées ou gratinées.</p>
</div>

<p>Nos plants de radis-rave sont disponibles : de début mars à fin septembre Famille : BracicacéesNom latin : Raphanus sativus L.Variétés produites : gros rond noir, rond red meat, rose de pacques Méthode de culture des radis-raves : 🌱 Présentation : Les radis raves à grosses racines sont appréciés pour leur chair dense, croquante et [&hellip;]</p>
