{"id":966,"date":"2025-02-03T21:27:34","date_gmt":"2025-02-03T20:27:34","guid":{"rendered":"http:\/\/lebiopretaplanter.fr\/?page_id=966"},"modified":"2026-03-29T19:51:56","modified_gmt":"2026-03-29T17:51:56","slug":"navet","status":"publish","type":"page","link":"http:\/\/lebiopretaplanter.fr\/index.php\/navet\/","title":{"rendered":"Navet"},"content":{"rendered":"\n<h2 class=\"wp-block-heading has-text-align-center\"><strong>Nos plants de navet sont disponibles : de d\u00e9but mars \u00e0 fin octobre<\/strong><\/h2>\n\n\n\n<p>Famille : Brassicac\u00e9es<br>Nom latin : <em>Brassica rapa var. rapa L.<\/em><br>Vari\u00e9t\u00e9s produites : blanc globe \u00e0 collet violet, boule d&rsquo;or, petrowski, plat de milan \u00e0 forcer.<\/p>\n\n\n\n<div class=\"wp-block-group is-content-justification-center is-nowrap is-layout-flex wp-container-core-group-is-layout-9193781b wp-block-group-is-layout-flex\">\n<figure class=\"wp-block-image aligncenter size-full is-resized wp-duotone-unset-1\"><img loading=\"lazy\" decoding=\"async\" width=\"604\" height=\"532\" src=\"http:\/\/lebiopretaplanter.fr\/wp-content\/uploads\/2025\/02\/navet-blanc-globe-a-collet-violet.jpg\" alt=\"\" class=\"wp-image-967\" style=\"width:290px;height:auto\" srcset=\"http:\/\/lebiopretaplanter.fr\/wp-content\/uploads\/2025\/02\/navet-blanc-globe-a-collet-violet.jpg 604w, http:\/\/lebiopretaplanter.fr\/wp-content\/uploads\/2025\/02\/navet-blanc-globe-a-collet-violet-300x264.jpg 300w\" sizes=\"auto, (max-width: 604px) 100vw, 604px\" \/><figcaption class=\"wp-element-caption\">navet blanc globe \u00e0 collet violet<\/figcaption><\/figure>\n\n\n\n<figure class=\"wp-block-image aligncenter size-full is-resized wp-duotone-unset-2\"><img loading=\"lazy\" decoding=\"async\" width=\"604\" height=\"530\" src=\"http:\/\/lebiopretaplanter.fr\/wp-content\/uploads\/2025\/02\/navet-jaune-boule-dor.jpg\" alt=\"\" class=\"wp-image-968\" style=\"width:290px;height:auto\" srcset=\"http:\/\/lebiopretaplanter.fr\/wp-content\/uploads\/2025\/02\/navet-jaune-boule-dor.jpg 604w, http:\/\/lebiopretaplanter.fr\/wp-content\/uploads\/2025\/02\/navet-jaune-boule-dor-300x263.jpg 300w\" sizes=\"auto, (max-width: 604px) 100vw, 604px\" \/><figcaption class=\"wp-element-caption\">navet boule d&rsquo;or<\/figcaption><\/figure>\n<\/div>\n\n\n\n<div class=\"wp-block-group is-content-justification-center is-nowrap is-layout-flex wp-container-core-group-is-layout-9193781b wp-block-group-is-layout-flex\">\n<figure class=\"wp-block-image aligncenter size-full is-resized wp-duotone-unset-3\"><img loading=\"lazy\" decoding=\"async\" width=\"604\" height=\"533\" src=\"http:\/\/lebiopretaplanter.fr\/wp-content\/uploads\/2025\/02\/navet-petrowski.jpg\" alt=\"\" class=\"wp-image-969\" style=\"width:290px;height:auto\" srcset=\"http:\/\/lebiopretaplanter.fr\/wp-content\/uploads\/2025\/02\/navet-petrowski.jpg 604w, http:\/\/lebiopretaplanter.fr\/wp-content\/uploads\/2025\/02\/navet-petrowski-300x265.jpg 300w\" sizes=\"auto, (max-width: 604px) 100vw, 604px\" \/><figcaption class=\"wp-element-caption\">navet petrowski<\/figcaption><\/figure>\n\n\n\n<figure class=\"wp-block-image aligncenter size-full is-resized wp-duotone-unset-4\"><img loading=\"lazy\" decoding=\"async\" width=\"604\" height=\"532\" src=\"http:\/\/lebiopretaplanter.fr\/wp-content\/uploads\/2025\/02\/navet-plat-de-milan-a-forcer.jpg\" alt=\"\" class=\"wp-image-970\" style=\"width:290px;height:auto\" srcset=\"http:\/\/lebiopretaplanter.fr\/wp-content\/uploads\/2025\/02\/navet-plat-de-milan-a-forcer.jpg 604w, http:\/\/lebiopretaplanter.fr\/wp-content\/uploads\/2025\/02\/navet-plat-de-milan-a-forcer-300x264.jpg 300w\" sizes=\"auto, (max-width: 604px) 100vw, 604px\" \/><figcaption class=\"wp-element-caption\">navet plat de milan \u00e0 forcer<\/figcaption><\/figure>\n<\/div>\n\n\n\n<div class=\"wp-block-group is-layout-constrained wp-block-group-is-layout-constrained\">\n<p class=\"has-text-align-center\"><\/p>\n\n\n\n<h1 class=\"wp-block-heading has-text-align-left has-primary-color has-background-background-color has-text-color has-background has-link-color wp-elements-32f623686f67b0f3e574170ace860956\" style=\"padding-top:var(--wp--preset--spacing--20);padding-right:var(--wp--preset--spacing--20);padding-bottom:var(--wp--preset--spacing--20);padding-left:var(--wp--preset--spacing--20)\">M\u00e9thode de culture des navets :<\/h1>\n\n\n\n<p>\ud83c\udf31 <strong>Pr\u00e9sentation<\/strong> : Le navet est une <strong>plante bisannuelle<\/strong>, cultiv\u00e9e comme annuelle pour ses racines charnues et sucr\u00e9es. Il se consomme cru en salade, cuit \u00e0 la vapeur, en pur\u00e9e ou dans les potages et plats mijot\u00e9s.<\/p>\n\n\n\n<p>\u2600\ufe0f <strong>Exposition<\/strong> : Le navet pr\u00e9f\u00e8re une exposition ensoleill\u00e9e, mais tol\u00e8re \u00e9galement une mi-ombre, surtout dans les p\u00e9riodes chaudes.<\/p>\n\n\n\n<p>\ud83c\udf3f <strong>Sol<\/strong> : Il se d\u00e9veloppe dans un sol l\u00e9ger, fertile, bien drain\u00e9 et profond pour permettre aux racines de se former correctement. L\u2019apport de compost bien d\u00e9compos\u00e9 avant la plantation favorise une bonne croissance et des racines r\u00e9guli\u00e8res.<\/p>\n\n\n\n<p>\ud83c\udf3e <strong>Plantation<\/strong> : Planter les plants en pleine terre, en espa\u00e7ant les plants d\u2019environ 15 \u00e0 20 cm, selon la taille finale des racines. Espacer les rangs de 30 \u00e0 40 cm pour un bon d\u00e9veloppement.<\/p>\n\n\n\n<p>\ud83d\udca7 <strong>Arrosage<\/strong> : Maintenir le sol frais pendant la croissance, surtout pendant la formation des racines, sans exc\u00e8s pour \u00e9viter les maladies.<\/p>\n\n\n\n<p>\ud83d\udee0\ufe0f <strong>Entretien<\/strong> :<\/p>\n\n\n\n<ul class=\"wp-block-list\">\n<li>Biner et d\u00e9sherber autour des plants<\/li>\n\n\n\n<li>Surveiller l\u2019humidit\u00e9 du sol<\/li>\n\n\n\n<li>Apporter du compost si n\u00e9cessaire<\/li>\n\n\n\n<li>Retirer les feuilles ab\u00eem\u00e9es pour stimuler la croissance des racines<\/li>\n<\/ul>\n\n\n\n<p>\u2702\ufe0f <strong>R\u00e9colte<\/strong> : R\u00e9colter les navets lorsque les racines ont atteint leur taille adulte et avant qu\u2019elles ne deviennent ligneuses. Les racines se coupent d\u00e9licatement pour ne pas ab\u00eemer le plant et permettre \u00e9ventuellement de prolonger la r\u00e9colte des feuilles.<\/p>\n\n\n\n<p>\ud83c\udf31 <strong>\u00c0 consommer<\/strong> : Les navets se d\u00e9gustent crus, r\u00e2p\u00e9s en salade, ou cuits \u00e0 la vapeur, en pur\u00e9e, gratin\u00e9s ou dans les soupes et potages. Les feuilles jeunes peuvent \u00e9galement \u00eatre consomm\u00e9es comme l\u00e9gume vert.<\/p>\n<\/div>\n","protected":false},"excerpt":{"rendered":"<p>Nos plants de navet sont disponibles : de d\u00e9but mars \u00e0 fin octobre Famille : Brassicac\u00e9esNom latin : Brassica rapa var. rapa L.Vari\u00e9t\u00e9s produites : blanc globe \u00e0 collet violet, boule d&rsquo;or, petrowski, plat de milan \u00e0 forcer. M\u00e9thode de culture des navets : \ud83c\udf31 Pr\u00e9sentation : Le navet est une plante bisannuelle, cultiv\u00e9e comme [&hellip;]<\/p>\n","protected":false},"author":1,"featured_media":0,"parent":0,"menu_order":0,"comment_status":"closed","ping_status":"closed","template":"","meta":{"footnotes":""},"class_list":["post-966","page","type-page","status-publish","hentry"],"_links":{"self":[{"href":"http:\/\/lebiopretaplanter.fr\/index.php\/wp-json\/wp\/v2\/pages\/966","targetHints":{"allow":["GET"]}}],"collection":[{"href":"http:\/\/lebiopretaplanter.fr\/index.php\/wp-json\/wp\/v2\/pages"}],"about":[{"href":"http:\/\/lebiopretaplanter.fr\/index.php\/wp-json\/wp\/v2\/types\/page"}],"author":[{"embeddable":true,"href":"http:\/\/lebiopretaplanter.fr\/index.php\/wp-json\/wp\/v2\/users\/1"}],"replies":[{"embeddable":true,"href":"http:\/\/lebiopretaplanter.fr\/index.php\/wp-json\/wp\/v2\/comments?post=966"}],"version-history":[{"count":2,"href":"http:\/\/lebiopretaplanter.fr\/index.php\/wp-json\/wp\/v2\/pages\/966\/revisions"}],"predecessor-version":[{"id":1538,"href":"http:\/\/lebiopretaplanter.fr\/index.php\/wp-json\/wp\/v2\/pages\/966\/revisions\/1538"}],"wp:attachment":[{"href":"http:\/\/lebiopretaplanter.fr\/index.php\/wp-json\/wp\/v2\/media?parent=966"}],"curies":[{"name":"wp","href":"https:\/\/api.w.org\/{rel}","templated":true}]}}

<h2 class="wp-block-heading has-text-align-center"><strong>Nos plants de navet sont disponibles : de début mars à fin octobre</strong></h2>



<p>Famille : Brassicacées<br>Nom latin : <em>Brassica rapa var. rapa L.</em><br>Variétés produites : blanc globe à collet violet, boule d&rsquo;or, petrowski, plat de milan à forcer.</p>



<div class="wp-block-group is-content-justification-center is-nowrap is-layout-flex wp-container-core-group-is-layout-9193781b wp-block-group-is-layout-flex">
<figure class="wp-block-image aligncenter size-full is-resized wp-duotone-unset-1"><img loading="lazy" decoding="async" width="604" height="532" src="http://lebiopretaplanter.fr/wp-content/uploads/2025/02/navet-blanc-globe-a-collet-violet.jpg" alt="" class="wp-image-967" style="width:290px;height:auto" srcset="http://lebiopretaplanter.fr/wp-content/uploads/2025/02/navet-blanc-globe-a-collet-violet.jpg 604w, http://lebiopretaplanter.fr/wp-content/uploads/2025/02/navet-blanc-globe-a-collet-violet-300x264.jpg 300w" sizes="auto, (max-width: 604px) 100vw, 604px" /><figcaption class="wp-element-caption">navet blanc globe à collet violet</figcaption></figure>



<figure class="wp-block-image aligncenter size-full is-resized wp-duotone-unset-2"><img loading="lazy" decoding="async" width="604" height="530" src="http://lebiopretaplanter.fr/wp-content/uploads/2025/02/navet-jaune-boule-dor.jpg" alt="" class="wp-image-968" style="width:290px;height:auto" srcset="http://lebiopretaplanter.fr/wp-content/uploads/2025/02/navet-jaune-boule-dor.jpg 604w, http://lebiopretaplanter.fr/wp-content/uploads/2025/02/navet-jaune-boule-dor-300x263.jpg 300w" sizes="auto, (max-width: 604px) 100vw, 604px" /><figcaption class="wp-element-caption">navet boule d&rsquo;or</figcaption></figure>
</div>



<div class="wp-block-group is-content-justification-center is-nowrap is-layout-flex wp-container-core-group-is-layout-9193781b wp-block-group-is-layout-flex">
<figure class="wp-block-image aligncenter size-full is-resized wp-duotone-unset-3"><img loading="lazy" decoding="async" width="604" height="533" src="http://lebiopretaplanter.fr/wp-content/uploads/2025/02/navet-petrowski.jpg" alt="" class="wp-image-969" style="width:290px;height:auto" srcset="http://lebiopretaplanter.fr/wp-content/uploads/2025/02/navet-petrowski.jpg 604w, http://lebiopretaplanter.fr/wp-content/uploads/2025/02/navet-petrowski-300x265.jpg 300w" sizes="auto, (max-width: 604px) 100vw, 604px" /><figcaption class="wp-element-caption">navet petrowski</figcaption></figure>



<figure class="wp-block-image aligncenter size-full is-resized wp-duotone-unset-4"><img loading="lazy" decoding="async" width="604" height="532" src="http://lebiopretaplanter.fr/wp-content/uploads/2025/02/navet-plat-de-milan-a-forcer.jpg" alt="" class="wp-image-970" style="width:290px;height:auto" srcset="http://lebiopretaplanter.fr/wp-content/uploads/2025/02/navet-plat-de-milan-a-forcer.jpg 604w, http://lebiopretaplanter.fr/wp-content/uploads/2025/02/navet-plat-de-milan-a-forcer-300x264.jpg 300w" sizes="auto, (max-width: 604px) 100vw, 604px" /><figcaption class="wp-element-caption">navet plat de milan à forcer</figcaption></figure>
</div>



<div class="wp-block-group is-layout-constrained wp-block-group-is-layout-constrained">
<p class="has-text-align-center"></p>



<h1 class="wp-block-heading has-text-align-left has-primary-color has-background-background-color has-text-color has-background has-link-color wp-elements-32f623686f67b0f3e574170ace860956" style="padding-top:var(--wp--preset--spacing--20);padding-right:var(--wp--preset--spacing--20);padding-bottom:var(--wp--preset--spacing--20);padding-left:var(--wp--preset--spacing--20)">Méthode de culture des navets :</h1>



<p>🌱 <strong>Présentation</strong> : Le navet est une <strong>plante bisannuelle</strong>, cultivée comme annuelle pour ses racines charnues et sucrées. Il se consomme cru en salade, cuit à la vapeur, en purée ou dans les potages et plats mijotés.</p>



<p>☀️ <strong>Exposition</strong> : Le navet préfère une exposition ensoleillée, mais tolère également une mi-ombre, surtout dans les périodes chaudes.</p>



<p>🌿 <strong>Sol</strong> : Il se développe dans un sol léger, fertile, bien drainé et profond pour permettre aux racines de se former correctement. L’apport de compost bien décomposé avant la plantation favorise une bonne croissance et des racines régulières.</p>



<p>🌾 <strong>Plantation</strong> : Planter les plants en pleine terre, en espaçant les plants d’environ 15 à 20 cm, selon la taille finale des racines. Espacer les rangs de 30 à 40 cm pour un bon développement.</p>



<p>💧 <strong>Arrosage</strong> : Maintenir le sol frais pendant la croissance, surtout pendant la formation des racines, sans excès pour éviter les maladies.</p>



<p>🛠️ <strong>Entretien</strong> :</p>



<ul class="wp-block-list">
<li>Biner et désherber autour des plants</li>



<li>Surveiller l’humidité du sol</li>



<li>Apporter du compost si nécessaire</li>



<li>Retirer les feuilles abîmées pour stimuler la croissance des racines</li>
</ul>



<p>✂️ <strong>Récolte</strong> : Récolter les navets lorsque les racines ont atteint leur taille adulte et avant qu’elles ne deviennent ligneuses. Les racines se coupent délicatement pour ne pas abîmer le plant et permettre éventuellement de prolonger la récolte des feuilles.</p>



<p>🌱 <strong>À consommer</strong> : Les navets se dégustent crus, râpés en salade, ou cuits à la vapeur, en purée, gratinés ou dans les soupes et potages. Les feuilles jeunes peuvent également être consommées comme légume vert.</p>
</div>

<p>Nos plants de navet sont disponibles : de début mars à fin octobre Famille : BrassicacéesNom latin : Brassica rapa var. rapa L.Variétés produites : blanc globe à collet violet, boule d&rsquo;or, petrowski, plat de milan à forcer. Méthode de culture des navets : 🌱 Présentation : Le navet est une plante bisannuelle, cultivée comme [&hellip;]</p>
