{"id":960,"date":"2025-02-03T19:48:26","date_gmt":"2025-02-03T18:48:26","guid":{"rendered":"http:\/\/lebiopretaplanter.fr\/?page_id=960"},"modified":"2026-03-29T21:47:55","modified_gmt":"2026-03-29T19:47:55","slug":"celeri-rave","status":"publish","type":"page","link":"http:\/\/lebiopretaplanter.fr\/index.php\/celeri-rave\/","title":{"rendered":"C\u00e9leri-rave"},"content":{"rendered":"\n<h2 class=\"wp-block-heading has-text-align-center\"><strong>Nos plants de c\u00e9leri-rave sont disponibles : de mi mars \u00e0 d\u00e9but juillet<\/strong><\/h2>\n\n\n\n<p>Famille : Apiac\u00e9es<br>Nom latin : <em>Apium graveolens var. rapace<\/em><br>Vari\u00e9t\u00e9s produites : mars<\/p>\n\n\n\n<div class=\"wp-block-group is-content-justification-center is-nowrap is-layout-flex wp-container-core-group-is-layout-9193781b wp-block-group-is-layout-flex\">\n<figure class=\"wp-block-image aligncenter size-full is-resized wp-duotone-unset-1\"><img loading=\"lazy\" decoding=\"async\" width=\"604\" height=\"533\" src=\"http:\/\/lebiopretaplanter.fr\/wp-content\/uploads\/2025\/02\/celeri-rave.jpg\" alt=\"\" class=\"wp-image-961\" style=\"width:290px;height:auto\" srcset=\"http:\/\/lebiopretaplanter.fr\/wp-content\/uploads\/2025\/02\/celeri-rave.jpg 604w, http:\/\/lebiopretaplanter.fr\/wp-content\/uploads\/2025\/02\/celeri-rave-300x265.jpg 300w\" sizes=\"auto, (max-width: 604px) 100vw, 604px\" \/><figcaption class=\"wp-element-caption\">c\u00e9leri-rave mars<\/figcaption><\/figure>\n<\/div>\n\n\n\n<div class=\"wp-block-group is-layout-constrained wp-block-group-is-layout-constrained\">\n<h1 class=\"wp-block-heading has-text-align-left has-primary-color has-background-background-color has-text-color has-background has-link-color wp-elements-0ad0c7eca3ee486f902876f1c68d9ab3\" style=\"padding-top:var(--wp--preset--spacing--20);padding-right:var(--wp--preset--spacing--20);padding-bottom:var(--wp--preset--spacing--20);padding-left:var(--wp--preset--spacing--20)\">M\u00e9thode de culture des c\u00e9leris-raves :<\/h1>\n\n\n\n<p>\ud83c\udf31 <strong>Pr\u00e9sentation<\/strong> : Le c\u00e9leri-rave est une <strong>plante bisannuelle<\/strong>, cultiv\u00e9e comme annuelle pour sa <strong>racine renfl\u00e9e comestible<\/strong>, charnue et aromatique. Il se consomme cuit, en pur\u00e9e, soupe, gratin ou r\u00e2p\u00e9 cru en salade.<\/p>\n\n\n\n<p>\u2600\ufe0f <strong>Exposition<\/strong> : Pr\u00e9f\u00e8re une exposition <strong>ensoleill\u00e9e<\/strong>, mais tol\u00e8re une l\u00e9g\u00e8re mi-ombre.<\/p>\n\n\n\n<p>\ud83c\udf3f <strong>Sol<\/strong> : Appr\u00e9cie un sol <strong>profond, fertile et riche en mati\u00e8re organique<\/strong>, bien drain\u00e9. L\u2019apport de <strong>compost ou fumier bien d\u00e9compos\u00e9<\/strong> avant plantation favorise un bon d\u00e9veloppement racinaire. \u00c9viter les sols trop l\u00e9gers ou sableux qui peuvent d\u00e9former la racine.<\/p>\n\n\n\n<p>\ud83d\udca7 <strong>Arrosage<\/strong> : Maintenir le sol <strong>humide<\/strong>, surtout en p\u00e9riode s\u00e8che, pour \u00e9viter que la racine ne devienne fibreuse.<\/p>\n\n\n\n<p>\ud83d\udee0\ufe0f <strong>Entretien<\/strong> :<\/p>\n\n\n\n<ul class=\"wp-block-list\">\n<li>D\u00e9sherber et biner autour des plants pour faciliter l\u2019a\u00e9ration du sol et le d\u00e9veloppement racinaire.<\/li>\n\n\n\n<li>\u00c9viter les stress hydriques, qui peuvent provoquer une racine dure ou creuse.<\/li>\n<\/ul>\n\n\n\n<p>\ud83c\udf3e <strong>Plantation<\/strong> : Espacer les plants de <strong>40 \u00e0 50 cm<\/strong>, pour laisser la racine se d\u00e9velopper pleinement.<\/p>\n\n\n\n<p>\u2702\ufe0f <strong>R\u00e9colte<\/strong> : R\u00e9colter lorsque la racine est <strong>pleine et ferme<\/strong>, avant les premi\u00e8res gel\u00e9es si possible. Les feuilles peuvent \u00e9galement \u00eatre consomm\u00e9es comme aromate.<\/p>\n\n\n\n<p>\ud83c\udf31 <strong>\u00c0 consommer<\/strong> : Cru r\u00e2p\u00e9 en salade, ou cuit en pur\u00e9e, gratin, soupe ou po\u00eal\u00e9.<\/p>\n<\/div>\n","protected":false},"excerpt":{"rendered":"<p>Nos plants de c\u00e9leri-rave sont disponibles : de mi mars \u00e0 d\u00e9but juillet Famille : Apiac\u00e9esNom latin : Apium graveolens var. rapaceVari\u00e9t\u00e9s produites : mars M\u00e9thode de culture des c\u00e9leris-raves : \ud83c\udf31 Pr\u00e9sentation : Le c\u00e9leri-rave est une plante bisannuelle, cultiv\u00e9e comme annuelle pour sa racine renfl\u00e9e comestible, charnue et aromatique. Il se consomme cuit, [&hellip;]<\/p>\n","protected":false},"author":1,"featured_media":0,"parent":0,"menu_order":0,"comment_status":"closed","ping_status":"closed","template":"","meta":{"footnotes":""},"class_list":["post-960","page","type-page","status-publish","hentry"],"_links":{"self":[{"href":"http:\/\/lebiopretaplanter.fr\/index.php\/wp-json\/wp\/v2\/pages\/960","targetHints":{"allow":["GET"]}}],"collection":[{"href":"http:\/\/lebiopretaplanter.fr\/index.php\/wp-json\/wp\/v2\/pages"}],"about":[{"href":"http:\/\/lebiopretaplanter.fr\/index.php\/wp-json\/wp\/v2\/types\/page"}],"author":[{"embeddable":true,"href":"http:\/\/lebiopretaplanter.fr\/index.php\/wp-json\/wp\/v2\/users\/1"}],"replies":[{"embeddable":true,"href":"http:\/\/lebiopretaplanter.fr\/index.php\/wp-json\/wp\/v2\/comments?post=960"}],"version-history":[{"count":4,"href":"http:\/\/lebiopretaplanter.fr\/index.php\/wp-json\/wp\/v2\/pages\/960\/revisions"}],"predecessor-version":[{"id":1587,"href":"http:\/\/lebiopretaplanter.fr\/index.php\/wp-json\/wp\/v2\/pages\/960\/revisions\/1587"}],"wp:attachment":[{"href":"http:\/\/lebiopretaplanter.fr\/index.php\/wp-json\/wp\/v2\/media?parent=960"}],"curies":[{"name":"wp","href":"https:\/\/api.w.org\/{rel}","templated":true}]}}

Céleri-rave

<h2 class="wp-block-heading has-text-align-center"><strong>Nos plants de céleri-rave sont disponibles : de mi mars à début juillet</strong></h2>



<p>Famille : Apiacées<br>Nom latin : <em>Apium graveolens var. rapace</em><br>Variétés produites : mars</p>



<div class="wp-block-group is-content-justification-center is-nowrap is-layout-flex wp-container-core-group-is-layout-9193781b wp-block-group-is-layout-flex">
<figure class="wp-block-image aligncenter size-full is-resized wp-duotone-unset-1"><img loading="lazy" decoding="async" width="604" height="533" src="http://lebiopretaplanter.fr/wp-content/uploads/2025/02/celeri-rave.jpg" alt="" class="wp-image-961" style="width:290px;height:auto" srcset="http://lebiopretaplanter.fr/wp-content/uploads/2025/02/celeri-rave.jpg 604w, http://lebiopretaplanter.fr/wp-content/uploads/2025/02/celeri-rave-300x265.jpg 300w" sizes="auto, (max-width: 604px) 100vw, 604px" /><figcaption class="wp-element-caption">céleri-rave mars</figcaption></figure>
</div>



<div class="wp-block-group is-layout-constrained wp-block-group-is-layout-constrained">
<h1 class="wp-block-heading has-text-align-left has-primary-color has-background-background-color has-text-color has-background has-link-color wp-elements-0ad0c7eca3ee486f902876f1c68d9ab3" style="padding-top:var(--wp--preset--spacing--20);padding-right:var(--wp--preset--spacing--20);padding-bottom:var(--wp--preset--spacing--20);padding-left:var(--wp--preset--spacing--20)">Méthode de culture des céleris-raves :</h1>



<p>🌱 <strong>Présentation</strong> : Le céleri-rave est une <strong>plante bisannuelle</strong>, cultivée comme annuelle pour sa <strong>racine renflée comestible</strong>, charnue et aromatique. Il se consomme cuit, en purée, soupe, gratin ou râpé cru en salade.</p>



<p>☀️ <strong>Exposition</strong> : Préfère une exposition <strong>ensoleillée</strong>, mais tolère une légère mi-ombre.</p>



<p>🌿 <strong>Sol</strong> : Apprécie un sol <strong>profond, fertile et riche en matière organique</strong>, bien drainé. L’apport de <strong>compost ou fumier bien décomposé</strong> avant plantation favorise un bon développement racinaire. Éviter les sols trop légers ou sableux qui peuvent déformer la racine.</p>



<p>💧 <strong>Arrosage</strong> : Maintenir le sol <strong>humide</strong>, surtout en période sèche, pour éviter que la racine ne devienne fibreuse.</p>



<p>🛠️ <strong>Entretien</strong> :</p>



<ul class="wp-block-list">
<li>Désherber et biner autour des plants pour faciliter l’aération du sol et le développement racinaire.</li>



<li>Éviter les stress hydriques, qui peuvent provoquer une racine dure ou creuse.</li>
</ul>



<p>🌾 <strong>Plantation</strong> : Espacer les plants de <strong>40 à 50 cm</strong>, pour laisser la racine se développer pleinement.</p>



<p>✂️ <strong>Récolte</strong> : Récolter lorsque la racine est <strong>pleine et ferme</strong>, avant les premières gelées si possible. Les feuilles peuvent également être consommées comme aromate.</p>



<p>🌱 <strong>À consommer</strong> : Cru râpé en salade, ou cuit en purée, gratin, soupe ou poêlé.</p>
</div>

<p>Nos plants de céleri-rave sont disponibles : de mi mars à début juillet Famille : ApiacéesNom latin : Apium graveolens var. rapaceVariétés produites : mars Méthode de culture des céleris-raves : 🌱 Présentation : Le céleri-rave est une plante bisannuelle, cultivée comme annuelle pour sa racine renflée comestible, charnue et aromatique. Il se consomme cuit, [&hellip;]</p>
