{"id":887,"date":"2025-02-02T21:17:31","date_gmt":"2025-02-02T20:17:31","guid":{"rendered":"http:\/\/lebiopretaplanter.fr\/?page_id=887"},"modified":"2026-03-29T19:54:57","modified_gmt":"2026-03-29T17:54:57","slug":"melon","status":"publish","type":"page","link":"http:\/\/lebiopretaplanter.fr\/index.php\/melon\/","title":{"rendered":"Melon"},"content":{"rendered":"\n<h2 class=\"wp-block-heading has-text-align-center\"><strong>Nos plants de melon<\/strong><strong> sont disponibles : de mi avril <strong>\u00e0 d\u00e9but juillet<\/strong><\/strong><\/h2>\n\n\n\n<p>Famille : Cucurbitac\u00e9e<br>Nom latin : <em>Cucumis melo<\/em>&nbsp;L.<br>Vari\u00e9t\u00e9s produites : cantaloup diamex, charentais brod\u00e9 vieille France, douceur de l&rsquo;Arc, jaune canari, .ogen, sucrin rouge d&rsquo;Am\u00e9rique.<\/p>\n\n\n\n<div class=\"wp-block-group is-content-justification-center is-nowrap is-layout-flex wp-container-core-group-is-layout-9193781b wp-block-group-is-layout-flex\">\n<figure class=\"wp-block-image aligncenter size-full is-resized wp-duotone-unset-1\"><img loading=\"lazy\" decoding=\"async\" width=\"604\" height=\"533\" src=\"http:\/\/lebiopretaplanter.fr\/wp-content\/uploads\/2025\/02\/melon-cantaloup-diamex.jpg\" alt=\"\" class=\"wp-image-888\" style=\"width:290px;height:auto\" srcset=\"http:\/\/lebiopretaplanter.fr\/wp-content\/uploads\/2025\/02\/melon-cantaloup-diamex.jpg 604w, http:\/\/lebiopretaplanter.fr\/wp-content\/uploads\/2025\/02\/melon-cantaloup-diamex-300x265.jpg 300w\" sizes=\"auto, (max-width: 604px) 100vw, 604px\" \/><figcaption class=\"wp-element-caption\">melon cantaloup diamex<\/figcaption><\/figure>\n\n\n\n<figure class=\"wp-block-image aligncenter size-full is-resized wp-duotone-unset-2\"><img loading=\"lazy\" decoding=\"async\" width=\"604\" height=\"534\" src=\"http:\/\/lebiopretaplanter.fr\/wp-content\/uploads\/2025\/02\/melon-charentais-brode-vieille-france.jpg\" alt=\"\" class=\"wp-image-889\" style=\"width:290px;height:auto\" srcset=\"http:\/\/lebiopretaplanter.fr\/wp-content\/uploads\/2025\/02\/melon-charentais-brode-vieille-france.jpg 604w, http:\/\/lebiopretaplanter.fr\/wp-content\/uploads\/2025\/02\/melon-charentais-brode-vieille-france-300x265.jpg 300w\" sizes=\"auto, (max-width: 604px) 100vw, 604px\" \/><figcaption class=\"wp-element-caption\">melon charentais brod\u00e9 vieille france<\/figcaption><\/figure>\n\n\n\n<figure class=\"wp-block-image aligncenter size-full is-resized wp-duotone-unset-3\"><img loading=\"lazy\" decoding=\"async\" width=\"604\" height=\"535\" src=\"http:\/\/lebiopretaplanter.fr\/wp-content\/uploads\/2025\/02\/melon-douceur-de-larc.jpg\" alt=\"\" class=\"wp-image-890\" style=\"width:290px;height:auto\" srcset=\"http:\/\/lebiopretaplanter.fr\/wp-content\/uploads\/2025\/02\/melon-douceur-de-larc.jpg 604w, http:\/\/lebiopretaplanter.fr\/wp-content\/uploads\/2025\/02\/melon-douceur-de-larc-300x266.jpg 300w\" sizes=\"auto, (max-width: 604px) 100vw, 604px\" \/><figcaption class=\"wp-element-caption\">melon douceur de l&rsquo;arc<\/figcaption><\/figure>\n<\/div>\n\n\n\n<div class=\"wp-block-group is-content-justification-center is-nowrap is-layout-flex wp-container-core-group-is-layout-9193781b wp-block-group-is-layout-flex\">\n<figure class=\"wp-block-image aligncenter size-full is-resized wp-duotone-unset-4\"><img loading=\"lazy\" decoding=\"async\" width=\"602\" height=\"535\" src=\"http:\/\/lebiopretaplanter.fr\/wp-content\/uploads\/2025\/02\/melon-jaune-canari.jpg\" alt=\"\" class=\"wp-image-891\" style=\"width:290px;height:auto\" srcset=\"http:\/\/lebiopretaplanter.fr\/wp-content\/uploads\/2025\/02\/melon-jaune-canari.jpg 602w, http:\/\/lebiopretaplanter.fr\/wp-content\/uploads\/2025\/02\/melon-jaune-canari-300x267.jpg 300w\" sizes=\"auto, (max-width: 602px) 100vw, 602px\" \/><figcaption class=\"wp-element-caption\">amelon jaune canari<\/figcaption><\/figure>\n\n\n\n<figure class=\"wp-block-image aligncenter size-full is-resized wp-duotone-unset-5\"><img loading=\"lazy\" decoding=\"async\" width=\"599\" height=\"534\" src=\"http:\/\/lebiopretaplanter.fr\/wp-content\/uploads\/2025\/02\/melon-ogen.jpg\" alt=\"\" class=\"wp-image-892\" style=\"width:290px;height:auto\" srcset=\"http:\/\/lebiopretaplanter.fr\/wp-content\/uploads\/2025\/02\/melon-ogen.jpg 599w, http:\/\/lebiopretaplanter.fr\/wp-content\/uploads\/2025\/02\/melon-ogen-300x267.jpg 300w\" sizes=\"auto, (max-width: 599px) 100vw, 599px\" \/><figcaption class=\"wp-element-caption\">melon ogen<\/figcaption><\/figure>\n\n\n\n<figure class=\"wp-block-image aligncenter size-full is-resized wp-duotone-unset-6\"><img loading=\"lazy\" decoding=\"async\" width=\"604\" height=\"534\" src=\"http:\/\/lebiopretaplanter.fr\/wp-content\/uploads\/2025\/02\/melon-sucrin-rouge-damerique.jpg\" alt=\"\" class=\"wp-image-893\" style=\"width:290px;height:auto\" srcset=\"http:\/\/lebiopretaplanter.fr\/wp-content\/uploads\/2025\/02\/melon-sucrin-rouge-damerique.jpg 604w, http:\/\/lebiopretaplanter.fr\/wp-content\/uploads\/2025\/02\/melon-sucrin-rouge-damerique-300x265.jpg 300w\" sizes=\"auto, (max-width: 604px) 100vw, 604px\" \/><figcaption class=\"wp-element-caption\">melon sucrin rouge d&rsquo;am\u00e9rique<\/figcaption><\/figure>\n<\/div>\n\n\n\n<div class=\"wp-block-group is-layout-constrained wp-block-group-is-layout-constrained\">\n<h1 class=\"wp-block-heading has-text-align-left has-primary-color has-background-background-color has-text-color has-background has-link-color wp-elements-75950b9c1ddf6b698ad2efe6b8f4c16f\" style=\"padding-top:var(--wp--preset--spacing--20);padding-right:var(--wp--preset--spacing--20);padding-bottom:var(--wp--preset--spacing--20);padding-left:var(--wp--preset--spacing--20)\">M\u00e9thode de culture des melons :<\/h1>\n\n\n\n<p>\ud83c\udf31 <strong>Pr\u00e9sentation<\/strong> : Le melon est une <strong>plante annuelle<\/strong> de la famille des cucurbitac\u00e9es, cultiv\u00e9e pour ses fruits sucr\u00e9s et juteux. Les melons se d\u00e9gustent frais, en dessert, en salade de fruits ou en smoothie.<\/p>\n\n\n\n<p>\u2600\ufe0f <strong>Exposition<\/strong> : Le melon a besoin d\u2019une exposition tr\u00e8s ensoleill\u00e9e et chaude, avec au moins 6 \u00e0 8 heures de soleil par jour, et \u00e0 l\u2019abri du vent.<\/p>\n\n\n\n<p>\ud83c\udf3f <strong>Sol<\/strong> : Il pr\u00e9f\u00e8re un sol fertile, l\u00e9ger, profond et bien drain\u00e9. L\u2019apport de compost bien d\u00e9compos\u00e9 avant la plantation favorise la croissance des tiges et la formation de fruits savoureux.<\/p>\n\n\n\n<p>\ud83c\udf3e <strong>Plantation<\/strong> : distance entre les plants : 80 \u00e0 100 cm, avec 1,5 m\u00e8tre entre les rangs pour permettre aux tiges rampantes de s\u2019\u00e9taler. Planter les plants en pleine terre ou sur buttes pour un bon drainage.<\/p>\n\n\n\n<p>\ud83d\udca7 <strong>Arrosage<\/strong> : Maintenir le sol humide, surtout pendant la formation des fruits, sans exc\u00e8s pour \u00e9viter le pourrissement. R\u00e9duire l\u00e9g\u00e8rement l\u2019arrosage \u00e0 maturit\u00e9 pour concentrer le sucre dans les fruits.<\/p>\n\n\n\n<p>\ud83d\udee0\ufe0f <strong>Entretien<\/strong> :<\/p>\n\n\n\n<ul class=\"wp-block-list\">\n<li>Biner et d\u00e9sherber autour des plants<\/li>\n\n\n\n<li>Apporter du compost ou un engrais \u00e9quilibr\u00e9 pendant la croissance<\/li>\n\n\n\n<li>Surveiller les fruits et retirer ceux ab\u00eem\u00e9s ou mal form\u00e9s<\/li>\n\n\n\n<li>Palisser ou guider les tiges si n\u00e9cessaire dans de petits espaces<\/li>\n<\/ul>\n\n\n\n<p>\u2702\ufe0f <strong>R\u00e9colte<\/strong> : R\u00e9colter les melons lorsque la tige au niveau du fruit commence \u00e0 jaunir et \u00e0 se d\u00e9tacher facilement, et que le fruit est parfum\u00e9 et color\u00e9.<\/p>\n\n\n\n<p>\ud83c\udf31 <strong>\u00c0 consommer<\/strong> : Les melons se consomment frais, en tranches, en salade de fruits ou en smoothie. Leur chair sucr\u00e9e et juteuse est id\u00e9ale pour les desserts et rafra\u00eechissements estivaux.<\/p>\n<\/div>\n","protected":false},"excerpt":{"rendered":"<p>Nos plants de melon sont disponibles : de mi avril \u00e0 d\u00e9but juillet Famille : Cucurbitac\u00e9eNom latin : Cucumis melo&nbsp;L.Vari\u00e9t\u00e9s produites : cantaloup diamex, charentais brod\u00e9 vieille France, douceur de l&rsquo;Arc, jaune canari, .ogen, sucrin rouge d&rsquo;Am\u00e9rique. M\u00e9thode de culture des melons : \ud83c\udf31 Pr\u00e9sentation : Le melon est une plante annuelle de la famille [&hellip;]<\/p>\n","protected":false},"author":1,"featured_media":0,"parent":0,"menu_order":0,"comment_status":"closed","ping_status":"closed","template":"","meta":{"footnotes":""},"class_list":["post-887","page","type-page","status-publish","hentry"],"_links":{"self":[{"href":"http:\/\/lebiopretaplanter.fr\/index.php\/wp-json\/wp\/v2\/pages\/887","targetHints":{"allow":["GET"]}}],"collection":[{"href":"http:\/\/lebiopretaplanter.fr\/index.php\/wp-json\/wp\/v2\/pages"}],"about":[{"href":"http:\/\/lebiopretaplanter.fr\/index.php\/wp-json\/wp\/v2\/types\/page"}],"author":[{"embeddable":true,"href":"http:\/\/lebiopretaplanter.fr\/index.php\/wp-json\/wp\/v2\/users\/1"}],"replies":[{"embeddable":true,"href":"http:\/\/lebiopretaplanter.fr\/index.php\/wp-json\/wp\/v2\/comments?post=887"}],"version-history":[{"count":2,"href":"http:\/\/lebiopretaplanter.fr\/index.php\/wp-json\/wp\/v2\/pages\/887\/revisions"}],"predecessor-version":[{"id":1540,"href":"http:\/\/lebiopretaplanter.fr\/index.php\/wp-json\/wp\/v2\/pages\/887\/revisions\/1540"}],"wp:attachment":[{"href":"http:\/\/lebiopretaplanter.fr\/index.php\/wp-json\/wp\/v2\/media?parent=887"}],"curies":[{"name":"wp","href":"https:\/\/api.w.org\/{rel}","templated":true}]}}

<h2 class="wp-block-heading has-text-align-center"><strong>Nos plants de melon</strong><strong> sont disponibles : de mi avril <strong>à début juillet</strong></strong></h2>



<p>Famille : Cucurbitacée<br>Nom latin : <em>Cucumis melo</em>&nbsp;L.<br>Variétés produites : cantaloup diamex, charentais brodé vieille France, douceur de l&rsquo;Arc, jaune canari, .ogen, sucrin rouge d&rsquo;Amérique.</p>



<div class="wp-block-group is-content-justification-center is-nowrap is-layout-flex wp-container-core-group-is-layout-9193781b wp-block-group-is-layout-flex">
<figure class="wp-block-image aligncenter size-full is-resized wp-duotone-unset-1"><img loading="lazy" decoding="async" width="604" height="533" src="http://lebiopretaplanter.fr/wp-content/uploads/2025/02/melon-cantaloup-diamex.jpg" alt="" class="wp-image-888" style="width:290px;height:auto" srcset="http://lebiopretaplanter.fr/wp-content/uploads/2025/02/melon-cantaloup-diamex.jpg 604w, http://lebiopretaplanter.fr/wp-content/uploads/2025/02/melon-cantaloup-diamex-300x265.jpg 300w" sizes="auto, (max-width: 604px) 100vw, 604px" /><figcaption class="wp-element-caption">melon cantaloup diamex</figcaption></figure>



<figure class="wp-block-image aligncenter size-full is-resized wp-duotone-unset-2"><img loading="lazy" decoding="async" width="604" height="534" src="http://lebiopretaplanter.fr/wp-content/uploads/2025/02/melon-charentais-brode-vieille-france.jpg" alt="" class="wp-image-889" style="width:290px;height:auto" srcset="http://lebiopretaplanter.fr/wp-content/uploads/2025/02/melon-charentais-brode-vieille-france.jpg 604w, http://lebiopretaplanter.fr/wp-content/uploads/2025/02/melon-charentais-brode-vieille-france-300x265.jpg 300w" sizes="auto, (max-width: 604px) 100vw, 604px" /><figcaption class="wp-element-caption">melon charentais brodé vieille france</figcaption></figure>



<figure class="wp-block-image aligncenter size-full is-resized wp-duotone-unset-3"><img loading="lazy" decoding="async" width="604" height="535" src="http://lebiopretaplanter.fr/wp-content/uploads/2025/02/melon-douceur-de-larc.jpg" alt="" class="wp-image-890" style="width:290px;height:auto" srcset="http://lebiopretaplanter.fr/wp-content/uploads/2025/02/melon-douceur-de-larc.jpg 604w, http://lebiopretaplanter.fr/wp-content/uploads/2025/02/melon-douceur-de-larc-300x266.jpg 300w" sizes="auto, (max-width: 604px) 100vw, 604px" /><figcaption class="wp-element-caption">melon douceur de l&rsquo;arc</figcaption></figure>
</div>



<div class="wp-block-group is-content-justification-center is-nowrap is-layout-flex wp-container-core-group-is-layout-9193781b wp-block-group-is-layout-flex">
<figure class="wp-block-image aligncenter size-full is-resized wp-duotone-unset-4"><img loading="lazy" decoding="async" width="602" height="535" src="http://lebiopretaplanter.fr/wp-content/uploads/2025/02/melon-jaune-canari.jpg" alt="" class="wp-image-891" style="width:290px;height:auto" srcset="http://lebiopretaplanter.fr/wp-content/uploads/2025/02/melon-jaune-canari.jpg 602w, http://lebiopretaplanter.fr/wp-content/uploads/2025/02/melon-jaune-canari-300x267.jpg 300w" sizes="auto, (max-width: 602px) 100vw, 602px" /><figcaption class="wp-element-caption">amelon jaune canari</figcaption></figure>



<figure class="wp-block-image aligncenter size-full is-resized wp-duotone-unset-5"><img loading="lazy" decoding="async" width="599" height="534" src="http://lebiopretaplanter.fr/wp-content/uploads/2025/02/melon-ogen.jpg" alt="" class="wp-image-892" style="width:290px;height:auto" srcset="http://lebiopretaplanter.fr/wp-content/uploads/2025/02/melon-ogen.jpg 599w, http://lebiopretaplanter.fr/wp-content/uploads/2025/02/melon-ogen-300x267.jpg 300w" sizes="auto, (max-width: 599px) 100vw, 599px" /><figcaption class="wp-element-caption">melon ogen</figcaption></figure>



<figure class="wp-block-image aligncenter size-full is-resized wp-duotone-unset-6"><img loading="lazy" decoding="async" width="604" height="534" src="http://lebiopretaplanter.fr/wp-content/uploads/2025/02/melon-sucrin-rouge-damerique.jpg" alt="" class="wp-image-893" style="width:290px;height:auto" srcset="http://lebiopretaplanter.fr/wp-content/uploads/2025/02/melon-sucrin-rouge-damerique.jpg 604w, http://lebiopretaplanter.fr/wp-content/uploads/2025/02/melon-sucrin-rouge-damerique-300x265.jpg 300w" sizes="auto, (max-width: 604px) 100vw, 604px" /><figcaption class="wp-element-caption">melon sucrin rouge d&rsquo;amérique</figcaption></figure>
</div>



<div class="wp-block-group is-layout-constrained wp-block-group-is-layout-constrained">
<h1 class="wp-block-heading has-text-align-left has-primary-color has-background-background-color has-text-color has-background has-link-color wp-elements-75950b9c1ddf6b698ad2efe6b8f4c16f" style="padding-top:var(--wp--preset--spacing--20);padding-right:var(--wp--preset--spacing--20);padding-bottom:var(--wp--preset--spacing--20);padding-left:var(--wp--preset--spacing--20)">Méthode de culture des melons :</h1>



<p>🌱 <strong>Présentation</strong> : Le melon est une <strong>plante annuelle</strong> de la famille des cucurbitacées, cultivée pour ses fruits sucrés et juteux. Les melons se dégustent frais, en dessert, en salade de fruits ou en smoothie.</p>



<p>☀️ <strong>Exposition</strong> : Le melon a besoin d’une exposition très ensoleillée et chaude, avec au moins 6 à 8 heures de soleil par jour, et à l’abri du vent.</p>



<p>🌿 <strong>Sol</strong> : Il préfère un sol fertile, léger, profond et bien drainé. L’apport de compost bien décomposé avant la plantation favorise la croissance des tiges et la formation de fruits savoureux.</p>



<p>🌾 <strong>Plantation</strong> : distance entre les plants : 80 à 100 cm, avec 1,5 mètre entre les rangs pour permettre aux tiges rampantes de s’étaler. Planter les plants en pleine terre ou sur buttes pour un bon drainage.</p>



<p>💧 <strong>Arrosage</strong> : Maintenir le sol humide, surtout pendant la formation des fruits, sans excès pour éviter le pourrissement. Réduire légèrement l’arrosage à maturité pour concentrer le sucre dans les fruits.</p>



<p>🛠️ <strong>Entretien</strong> :</p>



<ul class="wp-block-list">
<li>Biner et désherber autour des plants</li>



<li>Apporter du compost ou un engrais équilibré pendant la croissance</li>



<li>Surveiller les fruits et retirer ceux abîmés ou mal formés</li>



<li>Palisser ou guider les tiges si nécessaire dans de petits espaces</li>
</ul>



<p>✂️ <strong>Récolte</strong> : Récolter les melons lorsque la tige au niveau du fruit commence à jaunir et à se détacher facilement, et que le fruit est parfumé et coloré.</p>



<p>🌱 <strong>À consommer</strong> : Les melons se consomment frais, en tranches, en salade de fruits ou en smoothie. Leur chair sucrée et juteuse est idéale pour les desserts et rafraîchissements estivaux.</p>
</div>

<p>Nos plants de melon sont disponibles : de mi avril à début juillet Famille : CucurbitacéeNom latin : Cucumis melo&nbsp;L.Variétés produites : cantaloup diamex, charentais brodé vieille France, douceur de l&rsquo;Arc, jaune canari, .ogen, sucrin rouge d&rsquo;Amérique. Méthode de culture des melons : 🌱 Présentation : Le melon est une plante annuelle de la famille [&hellip;]</p>
