{"id":86,"date":"2024-11-10T22:11:46","date_gmt":"2024-11-10T21:11:46","guid":{"rendered":"http:\/\/lebiopretaplanter.fr\/?page_id=86"},"modified":"2025-02-02T22:04:15","modified_gmt":"2025-02-02T21:04:15","slug":"points-de-vente-2","status":"publish","type":"page","link":"http:\/\/lebiopretaplanter.fr\/index.php\/points-de-vente-2\/","title":{"rendered":"Horaires et Adresse"},"content":{"rendered":"\n<h1 class=\"wp-block-heading has-primary-color has-background-background-color has-text-color has-background has-link-color wp-elements-175ff109a671b525f02ec076c75e7c0b\" style=\"padding-top:var(--wp--preset--spacing--20);padding-right:var(--wp--preset--spacing--20);padding-bottom:var(--wp--preset--spacing--20);padding-left:var(--wp--preset--spacing--20)\">P\u00e9riodes et Jours d&rsquo;ouverture<\/h1>\n\n\n\n<p><strong>Du 1er mars au 30 juin :<\/strong><br>lundi : 14h-18h30<br>mardi, mercredi : 9h-12h \/\/ 14h-18h30<br>jeudi, samedi : 9h-12h \/\/ 14h-17h<\/p>\n\n\n\n<p><strong>Du 1er juillet au 31 octobre :<\/strong><br>mardi, mercredi, samedi : 9h-12h \/\/ 15h-18h<br>jeudi : 9h-12h<\/p>\n\n\n\n<p><strong>Vendredis : March\u00e9 de Foix<\/strong>&nbsp;face \u00e0 La Poste<\/p>\n\n\n\n<p><strong>Dimanches du printemps<\/strong>&nbsp;: sur les&nbsp;<strong>Foires aux Plantes<\/strong><\/p>\n\n\n\n<p><strong>Ouverts les jours f\u00e9ri\u00e9s aux horaires habituels.<\/strong><\/p>\n\n\n\n<p>Attention : Les paiements se font en esp\u00e8ces ou par ch\u00e8que \u00e0 r\u00e9ception des plants. Pas de CB.<\/p>\n\n\n\n<div style=\"height:19px\" aria-hidden=\"true\" class=\"wp-block-spacer\"><\/div>\n\n\n\n<hr class=\"wp-block-separator has-text-color has-secondary-color has-alpha-channel-opacity has-secondary-background-color has-background is-style-wide\" style=\"margin-top:0;margin-bottom:0\"\/>\n\n\n\n<h1 class=\"wp-block-heading has-primary-color has-background-background-color has-text-color has-background has-link-color wp-elements-0205ea4d673d3355e8ace85c2c747f86\" style=\"border-style:none;border-width:0px;border-radius:0px;margin-top:0;margin-right:0px;margin-bottom:0;margin-left:0px;font-size:55px;line-height:0\">Adresse du site pour venir sur place<\/h1>\n\n\n\n<p>P\u00e9pini\u00e8re \u00e0 Mont\u00e9gut-Plantaurel (09120)<br>Sur la D919 \/direction Pailh\u00e8s<br>Face \u00e0 la ferme de la Sesti\u00e8re<\/p>\n\n\n\n<div style=\"height:24px\" aria-hidden=\"true\" class=\"wp-block-spacer\"><\/div>\n\n\n\n<div class=\"wp-block-buttons is-content-justification-left is-layout-flex wp-container-core-buttons-is-layout-fc4fd283 wp-block-buttons-is-layout-flex\">\n<div class=\"wp-block-button has-custom-width wp-block-button__width-25 is-style-fill\"><a class=\"wp-block-button__link wp-element-button\" href=\"https:\/\/www.google.com\/maps\/place\/Le+bio+pr\u00eat+\u00e0+planter\/@43.0754644,1.4782302,805m\/data=!3m2!1e3!4b1!4m6!3m5!1s0x12af23bc28ac4f99:0xa749814640d04562!8m2!3d43.0754644!4d1.4808051!16s%2Fg%2F11q1tbwtll?entry=ttu&amp;g_ep=EgoyMDI0MTEwNi4wIKXMDSoASAFQAw%3D%3D\" style=\"border-style:none;border-width:0px;border-radius:14px;padding-top:var(--wp--preset--spacing--30);padding-right:0;padding-bottom:var(--wp--preset--spacing--30);padding-left:0\" target=\"_blank\" rel=\"noreferrer noopener\"><img loading=\"lazy\" decoding=\"async\" width=\"30\" height=\"30\" class=\"wp-image-123\" style=\"width: 30px;\" src=\"http:\/\/lebiopretaplanter.fr\/wp-content\/uploads\/2024\/11\/png-transparent-google-maps-hd-logo-1541461563-1.png\" alt=\"\" srcset=\"http:\/\/lebiopretaplanter.fr\/wp-content\/uploads\/2024\/11\/png-transparent-google-maps-hd-logo-1541461563-1.png 1024w, http:\/\/lebiopretaplanter.fr\/wp-content\/uploads\/2024\/11\/png-transparent-google-maps-hd-logo-1541461563-1-300x300.png 300w, http:\/\/lebiopretaplanter.fr\/wp-content\/uploads\/2024\/11\/png-transparent-google-maps-hd-logo-1541461563-1-150x150.png 150w, http:\/\/lebiopretaplanter.fr\/wp-content\/uploads\/2024\/11\/png-transparent-google-maps-hd-logo-1541461563-1-768x768.png 768w\" sizes=\"auto, (max-width: 30px) 100vw, 30px\" \/> Trouvez nous sur maps<\/a><\/div>\n<\/div>\n\n\n\n<div style=\"height:27px\" aria-hidden=\"true\" class=\"wp-block-spacer\"><\/div>\n\n\n\n<figure class=\"wp-block-image size-large is-resized\" style=\"margin-right:0;margin-left:0\"><img loading=\"lazy\" decoding=\"async\" width=\"1024\" height=\"768\" src=\"http:\/\/lebiopretaplanter.fr\/wp-content\/uploads\/2024\/11\/DSC02976-1024x768.jpg\" alt=\"\" class=\"wp-image-76\" style=\"width:649px;height:auto\" srcset=\"http:\/\/lebiopretaplanter.fr\/wp-content\/uploads\/2024\/11\/DSC02976-1024x768.jpg 1024w, http:\/\/lebiopretaplanter.fr\/wp-content\/uploads\/2024\/11\/DSC02976-300x225.jpg 300w, http:\/\/lebiopretaplanter.fr\/wp-content\/uploads\/2024\/11\/DSC02976-768x576.jpg 768w, http:\/\/lebiopretaplanter.fr\/wp-content\/uploads\/2024\/11\/DSC02976-1536x1152.jpg 1536w, http:\/\/lebiopretaplanter.fr\/wp-content\/uploads\/2024\/11\/DSC02976-2048x1536.jpg 2048w\" sizes=\"auto, (max-width: 1024px) 100vw, 1024px\" \/><\/figure>\n","protected":false},"excerpt":{"rendered":"<p>P\u00e9riodes et Jours d&rsquo;ouverture Du 1er mars au 30 juin :lundi : 14h-18h30mardi, mercredi : 9h-12h \/\/ 14h-18h30jeudi, samedi : 9h-12h \/\/ 14h-17h Du 1er juillet au 31 octobre :mardi, mercredi, samedi : 9h-12h \/\/ 15h-18hjeudi : 9h-12h Vendredis : March\u00e9 de Foix&nbsp;face \u00e0 La Poste Dimanches du printemps&nbsp;: sur les&nbsp;Foires aux Plantes Ouverts les [&hellip;]<\/p>\n","protected":false},"author":1,"featured_media":0,"parent":0,"menu_order":2,"comment_status":"closed","ping_status":"closed","template":"","meta":{"footnotes":""},"class_list":["post-86","page","type-page","status-publish","hentry"],"_links":{"self":[{"href":"http:\/\/lebiopretaplanter.fr\/index.php\/wp-json\/wp\/v2\/pages\/86","targetHints":{"allow":["GET"]}}],"collection":[{"href":"http:\/\/lebiopretaplanter.fr\/index.php\/wp-json\/wp\/v2\/pages"}],"about":[{"href":"http:\/\/lebiopretaplanter.fr\/index.php\/wp-json\/wp\/v2\/types\/page"}],"author":[{"embeddable":true,"href":"http:\/\/lebiopretaplanter.fr\/index.php\/wp-json\/wp\/v2\/users\/1"}],"replies":[{"embeddable":true,"href":"http:\/\/lebiopretaplanter.fr\/index.php\/wp-json\/wp\/v2\/comments?post=86"}],"version-history":[{"count":18,"href":"http:\/\/lebiopretaplanter.fr\/index.php\/wp-json\/wp\/v2\/pages\/86\/revisions"}],"predecessor-version":[{"id":942,"href":"http:\/\/lebiopretaplanter.fr\/index.php\/wp-json\/wp\/v2\/pages\/86\/revisions\/942"}],"wp:attachment":[{"href":"http:\/\/lebiopretaplanter.fr\/index.php\/wp-json\/wp\/v2\/media?parent=86"}],"curies":[{"name":"wp","href":"https:\/\/api.w.org\/{rel}","templated":true}]}}

<h1 class="wp-block-heading has-primary-color has-background-background-color has-text-color has-background has-link-color wp-elements-175ff109a671b525f02ec076c75e7c0b" style="padding-top:var(--wp--preset--spacing--20);padding-right:var(--wp--preset--spacing--20);padding-bottom:var(--wp--preset--spacing--20);padding-left:var(--wp--preset--spacing--20)">Périodes et Jours d&rsquo;ouverture</h1>



<p><strong>Du 1er mars au 30 juin :</strong><br>lundi : 14h-18h30<br>mardi, mercredi : 9h-12h // 14h-18h30<br>jeudi, samedi : 9h-12h // 14h-17h</p>



<p><strong>Du 1er juillet au 31 octobre :</strong><br>mardi, mercredi, samedi : 9h-12h // 15h-18h<br>jeudi : 9h-12h</p>



<p><strong>Vendredis : Marché de Foix</strong>&nbsp;face à La Poste</p>



<p><strong>Dimanches du printemps</strong>&nbsp;: sur les&nbsp;<strong>Foires aux Plantes</strong></p>



<p><strong>Ouverts les jours fériés aux horaires habituels.</strong></p>



<p>Attention : Les paiements se font en espèces ou par chèque à réception des plants. Pas de CB.</p>



<div style="height:19px" aria-hidden="true" class="wp-block-spacer"></div>



<hr class="wp-block-separator has-text-color has-secondary-color has-alpha-channel-opacity has-secondary-background-color has-background is-style-wide" style="margin-top:0;margin-bottom:0"/>



<h1 class="wp-block-heading has-primary-color has-background-background-color has-text-color has-background has-link-color wp-elements-0205ea4d673d3355e8ace85c2c747f86" style="border-style:none;border-width:0px;border-radius:0px;margin-top:0;margin-right:0px;margin-bottom:0;margin-left:0px;font-size:55px;line-height:0">Adresse du site pour venir sur place</h1>



<p>Pépinière à Montégut-Plantaurel (09120)<br>Sur la D919 /direction Pailhès<br>Face à la ferme de la Sestière</p>



<div style="height:24px" aria-hidden="true" class="wp-block-spacer"></div>



<div class="wp-block-buttons is-content-justification-left is-layout-flex wp-container-core-buttons-is-layout-fc4fd283 wp-block-buttons-is-layout-flex">
<div class="wp-block-button has-custom-width wp-block-button__width-25 is-style-fill"><a class="wp-block-button__link wp-element-button" href="https://www.google.com/maps/place/Le+bio+prêt+à+planter/@43.0754644,1.4782302,805m/data=!3m2!1e3!4b1!4m6!3m5!1s0x12af23bc28ac4f99:0xa749814640d04562!8m2!3d43.0754644!4d1.4808051!16s%2Fg%2F11q1tbwtll?entry=ttu&amp;g_ep=EgoyMDI0MTEwNi4wIKXMDSoASAFQAw%3D%3D" style="border-style:none;border-width:0px;border-radius:14px;padding-top:var(--wp--preset--spacing--30);padding-right:0;padding-bottom:var(--wp--preset--spacing--30);padding-left:0" target="_blank" rel="noreferrer noopener"><img loading="lazy" decoding="async" width="30" height="30" class="wp-image-123" style="width: 30px;" src="http://lebiopretaplanter.fr/wp-content/uploads/2024/11/png-transparent-google-maps-hd-logo-1541461563-1.png" alt="" srcset="http://lebiopretaplanter.fr/wp-content/uploads/2024/11/png-transparent-google-maps-hd-logo-1541461563-1.png 1024w, http://lebiopretaplanter.fr/wp-content/uploads/2024/11/png-transparent-google-maps-hd-logo-1541461563-1-300x300.png 300w, http://lebiopretaplanter.fr/wp-content/uploads/2024/11/png-transparent-google-maps-hd-logo-1541461563-1-150x150.png 150w, http://lebiopretaplanter.fr/wp-content/uploads/2024/11/png-transparent-google-maps-hd-logo-1541461563-1-768x768.png 768w" sizes="auto, (max-width: 30px) 100vw, 30px" /> Trouvez nous sur maps</a></div>
</div>



<div style="height:27px" aria-hidden="true" class="wp-block-spacer"></div>



<figure class="wp-block-image size-large is-resized" style="margin-right:0;margin-left:0"><img loading="lazy" decoding="async" width="1024" height="768" src="http://lebiopretaplanter.fr/wp-content/uploads/2024/11/DSC02976-1024x768.jpg" alt="" class="wp-image-76" style="width:649px;height:auto" srcset="http://lebiopretaplanter.fr/wp-content/uploads/2024/11/DSC02976-1024x768.jpg 1024w, http://lebiopretaplanter.fr/wp-content/uploads/2024/11/DSC02976-300x225.jpg 300w, http://lebiopretaplanter.fr/wp-content/uploads/2024/11/DSC02976-768x576.jpg 768w, http://lebiopretaplanter.fr/wp-content/uploads/2024/11/DSC02976-1536x1152.jpg 1536w, http://lebiopretaplanter.fr/wp-content/uploads/2024/11/DSC02976-2048x1536.jpg 2048w" sizes="auto, (max-width: 1024px) 100vw, 1024px" /></figure>

<p>Périodes et Jours d&rsquo;ouverture Du 1er mars au 30 juin :lundi : 14h-18h30mardi, mercredi : 9h-12h // 14h-18h30jeudi, samedi : 9h-12h // 14h-17h Du 1er juillet au 31 octobre :mardi, mercredi, samedi : 9h-12h // 15h-18hjeudi : 9h-12h Vendredis : Marché de Foix&nbsp;face à La Poste Dimanches du printemps&nbsp;: sur les&nbsp;Foires aux Plantes Ouverts les [&hellip;]</p>
