{"id":842,"date":"2025-02-01T22:19:38","date_gmt":"2025-02-01T21:19:38","guid":{"rendered":"http:\/\/lebiopretaplanter.fr\/?page_id=842"},"modified":"2026-03-29T19:40:57","modified_gmt":"2026-03-29T17:40:57","slug":"piment","status":"publish","type":"page","link":"http:\/\/lebiopretaplanter.fr\/index.php\/piment\/","title":{"rendered":"Piment"},"content":{"rendered":"\n<h2 class=\"wp-block-heading has-text-align-center\"><strong>Nos plants de piment sont disponibles : de d\u00e9but avril \u00e0 d\u00e9but juillet<\/strong><\/h2>\n\n\n\n<p>Famille : Solanac\u00e9es<br>Nom latin : Capsicum annuum L.<br>Vari\u00e9t\u00e9s produites : antillais volcanique, frigitello del padron, , de cayenne, gorria dit d&rsquo;espelette, habanero golden, habanero tropical red, lemon drop, lila luzi, paprika fort vezena, petit marseillais, v\u00e9g\u00e9tarien trapu.<\/p>\n\n\n\n<div class=\"wp-block-group is-content-justification-center is-nowrap is-layout-flex wp-container-core-group-is-layout-9193781b wp-block-group-is-layout-flex\">\n<figure class=\"wp-block-image aligncenter size-full is-resized wp-duotone-unset-1\"><img loading=\"lazy\" decoding=\"async\" width=\"606\" height=\"533\" src=\"http:\/\/lebiopretaplanter.fr\/wp-content\/uploads\/2025\/02\/piment-antillais.jpg\" alt=\"\" class=\"wp-image-843\" style=\"width:290px;height:auto\" srcset=\"http:\/\/lebiopretaplanter.fr\/wp-content\/uploads\/2025\/02\/piment-antillais.jpg 606w, http:\/\/lebiopretaplanter.fr\/wp-content\/uploads\/2025\/02\/piment-antillais-300x264.jpg 300w\" sizes=\"auto, (max-width: 606px) 100vw, 606px\" \/><figcaption class=\"wp-element-caption\">piment antillais volcanique<\/figcaption><\/figure>\n\n\n\n<figure class=\"wp-block-image aligncenter size-full is-resized wp-duotone-unset-2\"><img loading=\"lazy\" decoding=\"async\" width=\"606\" height=\"535\" src=\"http:\/\/lebiopretaplanter.fr\/wp-content\/uploads\/2025\/02\/piment-del-padron.jpg\" alt=\"\" class=\"wp-image-845\" style=\"width:290px;height:auto\" srcset=\"http:\/\/lebiopretaplanter.fr\/wp-content\/uploads\/2025\/02\/piment-del-padron.jpg 606w, http:\/\/lebiopretaplanter.fr\/wp-content\/uploads\/2025\/02\/piment-del-padron-300x265.jpg 300w\" sizes=\"auto, (max-width: 606px) 100vw, 606px\" \/><figcaption class=\"wp-element-caption\">piment frigitello del padron<\/figcaption><\/figure>\n\n\n\n<figure class=\"wp-block-image aligncenter size-full is-resized wp-duotone-unset-3\"><img loading=\"lazy\" decoding=\"async\" width=\"604\" height=\"535\" src=\"http:\/\/lebiopretaplanter.fr\/wp-content\/uploads\/2025\/02\/piment-de-cayenne.jpg\" alt=\"\" class=\"wp-image-846\" style=\"width:290px;height:auto\" srcset=\"http:\/\/lebiopretaplanter.fr\/wp-content\/uploads\/2025\/02\/piment-de-cayenne.jpg 604w, http:\/\/lebiopretaplanter.fr\/wp-content\/uploads\/2025\/02\/piment-de-cayenne-300x266.jpg 300w\" sizes=\"auto, (max-width: 604px) 100vw, 604px\" \/><figcaption class=\"wp-element-caption\">piment de cayenne<\/figcaption><\/figure>\n<\/div>\n\n\n\n<div class=\"wp-block-group is-content-justification-center is-nowrap is-layout-flex wp-container-core-group-is-layout-9193781b wp-block-group-is-layout-flex\">\n<figure class=\"wp-block-image aligncenter size-full is-resized wp-duotone-unset-4\"><img loading=\"lazy\" decoding=\"async\" width=\"604\" height=\"535\" src=\"http:\/\/lebiopretaplanter.fr\/wp-content\/uploads\/2025\/02\/piment-gorria-dit-despelette.jpg\" alt=\"\" class=\"wp-image-847\" style=\"width:290px;height:auto\" srcset=\"http:\/\/lebiopretaplanter.fr\/wp-content\/uploads\/2025\/02\/piment-gorria-dit-despelette.jpg 604w, http:\/\/lebiopretaplanter.fr\/wp-content\/uploads\/2025\/02\/piment-gorria-dit-despelette-300x266.jpg 300w\" sizes=\"auto, (max-width: 604px) 100vw, 604px\" \/><figcaption class=\"wp-element-caption\">piment gorria dit d&rsquo;espelette<\/figcaption><\/figure>\n\n\n\n<figure class=\"wp-block-image aligncenter size-full is-resized wp-duotone-unset-5\"><img loading=\"lazy\" decoding=\"async\" width=\"604\" height=\"532\" src=\"http:\/\/lebiopretaplanter.fr\/wp-content\/uploads\/2025\/02\/piment-habanero-golden2.jpg\" alt=\"\" class=\"wp-image-848\" style=\"width:290px;height:auto\" srcset=\"http:\/\/lebiopretaplanter.fr\/wp-content\/uploads\/2025\/02\/piment-habanero-golden2.jpg 604w, http:\/\/lebiopretaplanter.fr\/wp-content\/uploads\/2025\/02\/piment-habanero-golden2-300x264.jpg 300w\" sizes=\"auto, (max-width: 604px) 100vw, 604px\" \/><figcaption class=\"wp-element-caption\">piment habanero golden<\/figcaption><\/figure>\n\n\n\n<figure class=\"wp-block-image aligncenter size-full is-resized wp-duotone-unset-6\"><img loading=\"lazy\" decoding=\"async\" width=\"606\" height=\"535\" src=\"http:\/\/lebiopretaplanter.fr\/wp-content\/uploads\/2025\/02\/piment-habanero-tropical-red.jpg\" alt=\"\" class=\"wp-image-849\" style=\"width:290px;height:auto\" srcset=\"http:\/\/lebiopretaplanter.fr\/wp-content\/uploads\/2025\/02\/piment-habanero-tropical-red.jpg 606w, http:\/\/lebiopretaplanter.fr\/wp-content\/uploads\/2025\/02\/piment-habanero-tropical-red-300x265.jpg 300w\" sizes=\"auto, (max-width: 606px) 100vw, 606px\" \/><figcaption class=\"wp-element-caption\">piment habanero tropical red<\/figcaption><\/figure>\n<\/div>\n\n\n\n<div class=\"wp-block-group is-content-justification-center is-nowrap is-layout-flex wp-container-core-group-is-layout-9193781b wp-block-group-is-layout-flex\">\n<figure class=\"wp-block-image aligncenter size-full is-resized wp-duotone-unset-7\"><img loading=\"lazy\" decoding=\"async\" width=\"603\" height=\"535\" src=\"http:\/\/lebiopretaplanter.fr\/wp-content\/uploads\/2025\/02\/piment-lemon-drop-2.jpg\" alt=\"\" class=\"wp-image-850\" style=\"width:290px;height:auto\" srcset=\"http:\/\/lebiopretaplanter.fr\/wp-content\/uploads\/2025\/02\/piment-lemon-drop-2.jpg 603w, http:\/\/lebiopretaplanter.fr\/wp-content\/uploads\/2025\/02\/piment-lemon-drop-2-300x266.jpg 300w\" sizes=\"auto, (max-width: 603px) 100vw, 603px\" \/><figcaption class=\"wp-element-caption\">piment lemon drop<\/figcaption><\/figure>\n\n\n\n<figure class=\"wp-block-image aligncenter size-full is-resized wp-duotone-unset-8\"><img loading=\"lazy\" decoding=\"async\" width=\"604\" height=\"535\" src=\"http:\/\/lebiopretaplanter.fr\/wp-content\/uploads\/2025\/02\/PIMENT-LILA-LUZI.jpg\" alt=\"\" class=\"wp-image-851\" style=\"width:290px;height:auto\" srcset=\"http:\/\/lebiopretaplanter.fr\/wp-content\/uploads\/2025\/02\/PIMENT-LILA-LUZI.jpg 604w, http:\/\/lebiopretaplanter.fr\/wp-content\/uploads\/2025\/02\/PIMENT-LILA-LUZI-300x266.jpg 300w\" sizes=\"auto, (max-width: 604px) 100vw, 604px\" \/><figcaption class=\"wp-element-caption\">piment lila luzi<\/figcaption><\/figure>\n\n\n\n<figure class=\"wp-block-image aligncenter size-full is-resized wp-duotone-unset-9\"><img loading=\"lazy\" decoding=\"async\" width=\"602\" height=\"535\" src=\"http:\/\/lebiopretaplanter.fr\/wp-content\/uploads\/2025\/02\/piment-paprika-fort-vezena.jpg\" alt=\"\" class=\"wp-image-852\" style=\"width:290px;height:auto\" srcset=\"http:\/\/lebiopretaplanter.fr\/wp-content\/uploads\/2025\/02\/piment-paprika-fort-vezena.jpg 602w, http:\/\/lebiopretaplanter.fr\/wp-content\/uploads\/2025\/02\/piment-paprika-fort-vezena-300x267.jpg 300w\" sizes=\"auto, (max-width: 602px) 100vw, 602px\" \/><figcaption class=\"wp-element-caption\">piment paprika fort vezena<\/figcaption><\/figure>\n<\/div>\n\n\n\n<div class=\"wp-block-group is-content-justification-center is-nowrap is-layout-flex wp-container-core-group-is-layout-9193781b wp-block-group-is-layout-flex\">\n<figure class=\"wp-block-image aligncenter size-full is-resized wp-duotone-unset-10\"><img loading=\"lazy\" decoding=\"async\" width=\"606\" height=\"534\" src=\"http:\/\/lebiopretaplanter.fr\/wp-content\/uploads\/2025\/02\/piment-petit-marseillais.jpg\" alt=\"\" class=\"wp-image-853\" style=\"width:290px;height:auto\" srcset=\"http:\/\/lebiopretaplanter.fr\/wp-content\/uploads\/2025\/02\/piment-petit-marseillais.jpg 606w, http:\/\/lebiopretaplanter.fr\/wp-content\/uploads\/2025\/02\/piment-petit-marseillais-300x264.jpg 300w\" sizes=\"auto, (max-width: 606px) 100vw, 606px\" \/><figcaption class=\"wp-element-caption\">piment petit marseillais<\/figcaption><\/figure>\n\n\n\n<figure class=\"wp-block-image aligncenter size-full is-resized wp-duotone-unset-11\"><img loading=\"lazy\" decoding=\"async\" width=\"602\" height=\"535\" src=\"http:\/\/lebiopretaplanter.fr\/wp-content\/uploads\/2025\/02\/piment-vegetarien.jpg\" alt=\"\" class=\"wp-image-854\" style=\"width:290px;height:auto\" srcset=\"http:\/\/lebiopretaplanter.fr\/wp-content\/uploads\/2025\/02\/piment-vegetarien.jpg 602w, http:\/\/lebiopretaplanter.fr\/wp-content\/uploads\/2025\/02\/piment-vegetarien-300x267.jpg 300w\" sizes=\"auto, (max-width: 602px) 100vw, 602px\" \/><figcaption class=\"wp-element-caption\">piment v\u00e9g\u00e9tarien trapu<\/figcaption><\/figure>\n<\/div>\n\n\n\n<figure class=\"wp-block-image aligncenter size-large is-resized\"><img loading=\"lazy\" decoding=\"async\" width=\"1024\" height=\"640\" src=\"http:\/\/lebiopretaplanter.fr\/wp-content\/uploads\/2025\/02\/echelle-piments-1024x640.jpg\" alt=\"\" class=\"wp-image-855\" style=\"width:952px;height:auto\" srcset=\"http:\/\/lebiopretaplanter.fr\/wp-content\/uploads\/2025\/02\/echelle-piments-1024x640.jpg 1024w, http:\/\/lebiopretaplanter.fr\/wp-content\/uploads\/2025\/02\/echelle-piments-300x188.jpg 300w, http:\/\/lebiopretaplanter.fr\/wp-content\/uploads\/2025\/02\/echelle-piments-768x480.jpg 768w, http:\/\/lebiopretaplanter.fr\/wp-content\/uploads\/2025\/02\/echelle-piments.jpg 1200w\" sizes=\"auto, (max-width: 1024px) 100vw, 1024px\" \/><\/figure>\n\n\n\n<div class=\"wp-block-group is-layout-constrained wp-block-group-is-layout-constrained\">\n<h1 class=\"wp-block-heading has-text-align-left has-primary-color has-background-background-color has-text-color has-background has-link-color wp-elements-cd154e36f41c9862f29bcad9ca3a2635\" style=\"padding-top:var(--wp--preset--spacing--20);padding-right:var(--wp--preset--spacing--20);padding-bottom:var(--wp--preset--spacing--20);padding-left:var(--wp--preset--spacing--20)\">M\u00e9thode de culture des piments :<\/h1>\n\n\n\n<p>\ud83c\udf31 <strong>Pr\u00e9sentation<\/strong> : Le piment est une plante potag\u00e8re qui produit des fruits piquants, tr\u00e8s utilis\u00e9s pour relever sauces, plats cuisin\u00e9s ou marinades. Selon les vari\u00e9t\u00e9s, les fruits peuvent \u00eatre rouges, verts, jaunes ou oranges et varier en intensit\u00e9 de piquant.<\/p>\n\n\n\n<p>\u2600\ufe0f <strong>Exposition<\/strong> : Le piment a besoin d\u2019une exposition tr\u00e8s ensoleill\u00e9e, prot\u00e9g\u00e9e du vent, avec au moins 6 \u00e0 8 heures de soleil par jour.<\/p>\n\n\n\n<p>\ud83c\udf3f <strong>Sol<\/strong> : Le piment pr\u00e9f\u00e8re un sol fertile, l\u00e9ger, bien drain\u00e9 et enrichi en mati\u00e8re organique. Un apport de compost bien d\u00e9compos\u00e9 avant la plantation favorise une bonne croissance et une fructification abondante.<\/p>\n\n\n\n<p>\ud83c\udf3e <strong>Plantation<\/strong> : distance entre les plants : 35 \u00e0 50 cm, avec 50 \u00e0 60 cm entre les rangs. Planter les plants en pleine terre ou en pot, en veillant \u00e0 bien espacer pour permettre le d\u00e9veloppement des branches et des fruits.<\/p>\n\n\n\n<p>\ud83d\udca7 <strong>Arrosage<\/strong> : Maintenir le sol l\u00e9g\u00e8rement humide, surtout pendant la formation des fruits. Arroser r\u00e9guli\u00e8rement sans exc\u00e8s pour \u00e9viter le pourrissement des racines et des fruits.<\/p>\n\n\n\n<p>\ud83d\udee0\ufe0f <strong>Entretien<\/strong> :<\/p>\n\n\n\n<ul class=\"wp-block-list\">\n<li>Tuteurer ou palisser les plants si n\u00e9cessaire pour soutenir les branches charg\u00e9es de fruits<\/li>\n\n\n\n<li>Biner et d\u00e9sherber autour des plants<\/li>\n\n\n\n<li>Apporter du compost ou un engrais riche en potasse pendant la croissance<\/li>\n\n\n\n<li>Surveiller les feuilles et retirer celles ab\u00eem\u00e9es ou malades<\/li>\n<\/ul>\n\n\n\n<p>\u2702\ufe0f <strong>R\u00e9colte<\/strong> : R\u00e9colter les piments lorsqu\u2019ils ont atteint leur couleur et taille d\u00e9finitives. Cueillir r\u00e9guli\u00e8rement pour stimuler la production de nouveaux fruits.<\/p>\n\n\n\n<p>\ud83c\udf31 <strong>\u00c0 consommer<\/strong> : Les piments se consomment frais, s\u00e9ch\u00e9s, marin\u00e9s ou cuits pour relever vos plats, sauces et condiments. Leur piquant varie selon les vari\u00e9t\u00e9s.<\/p>\n<\/div>\n","protected":false},"excerpt":{"rendered":"<p>Nos plants de piment sont disponibles : de d\u00e9but avril \u00e0 d\u00e9but juillet Famille : Solanac\u00e9esNom latin : Capsicum annuum L.Vari\u00e9t\u00e9s produites : antillais volcanique, frigitello del padron, , de cayenne, gorria dit d&rsquo;espelette, habanero golden, habanero tropical red, lemon drop, lila luzi, paprika fort vezena, petit marseillais, v\u00e9g\u00e9tarien trapu. M\u00e9thode de culture des piments [&hellip;]<\/p>\n","protected":false},"author":1,"featured_media":0,"parent":0,"menu_order":0,"comment_status":"closed","ping_status":"closed","template":"","meta":{"footnotes":""},"class_list":["post-842","page","type-page","status-publish","hentry"],"_links":{"self":[{"href":"http:\/\/lebiopretaplanter.fr\/index.php\/wp-json\/wp\/v2\/pages\/842","targetHints":{"allow":["GET"]}}],"collection":[{"href":"http:\/\/lebiopretaplanter.fr\/index.php\/wp-json\/wp\/v2\/pages"}],"about":[{"href":"http:\/\/lebiopretaplanter.fr\/index.php\/wp-json\/wp\/v2\/types\/page"}],"author":[{"embeddable":true,"href":"http:\/\/lebiopretaplanter.fr\/index.php\/wp-json\/wp\/v2\/users\/1"}],"replies":[{"embeddable":true,"href":"http:\/\/lebiopretaplanter.fr\/index.php\/wp-json\/wp\/v2\/comments?post=842"}],"version-history":[{"count":4,"href":"http:\/\/lebiopretaplanter.fr\/index.php\/wp-json\/wp\/v2\/pages\/842\/revisions"}],"predecessor-version":[{"id":1529,"href":"http:\/\/lebiopretaplanter.fr\/index.php\/wp-json\/wp\/v2\/pages\/842\/revisions\/1529"}],"wp:attachment":[{"href":"http:\/\/lebiopretaplanter.fr\/index.php\/wp-json\/wp\/v2\/media?parent=842"}],"curies":[{"name":"wp","href":"https:\/\/api.w.org\/{rel}","templated":true}]}}