{"id":769,"date":"2025-02-01T21:41:32","date_gmt":"2025-02-01T20:41:32","guid":{"rendered":"http:\/\/lebiopretaplanter.fr\/?page_id=769"},"modified":"2026-03-29T19:23:23","modified_gmt":"2026-03-29T17:23:23","slug":"tomate","status":"publish","type":"page","link":"http:\/\/lebiopretaplanter.fr\/index.php\/tomate\/","title":{"rendered":"Tomate"},"content":{"rendered":"\n<h2 class=\"wp-block-heading has-text-align-center\"><strong>Nos plants de tomate sont disponibles : de mi mars \u00e0 <strong>d\u00e9but juillet<\/strong><\/strong><\/h2>\n\n\n\n<p>Famille : Solanac\u00e9es<br>Nom latin : Solanum lycopersicum&nbsp;L.&nbsp;<\/p>\n\n\n\n<p><br><strong>Vari\u00e9t\u00e9s produites : <\/strong>(class\u00e9es par ordre de poids)<\/p>\n\n\n\n<p><strong>Pr\u00e9coces :<\/strong> roma, matina, green zebra, san marzano trapue, saint-pierre, marmande.<\/p>\n\n\n\n<p><strong>S\u00e9lection :<\/strong> rose de berne, striped roman, liguria, noire de crim\u00e9e, c\u00f4tel\u00e9e de g\u00eanes, andine cornue, big yellow zebra, t\u00e9ton de v\u00e9nus, orange \u00e0 gros fruits, beaut\u00e9 blanche, russe noire, c\u0153ur de boeuf bicolore, c\u0153ur de boeuf ros\u00e9e, c\u0153ur de boeuf rouge, russe rouge, ananas, brandywine joyce, hawaiian, aussie (type beefsteak).<\/p>\n\n\n\n<p><strong>Cerise et Coktail : <\/strong>figiel, poire jaune, raisin vert, black cherry, miel du mexique, blush flamme, d\u00e9lice du jardinier, trixi, brad&rsquo;s atomic grappe.<\/p>\n\n\n\n<h1 class=\"wp-block-heading has-text-align-center\">Les Pr\u00e9coces<\/h1>\n\n\n\n<div class=\"wp-block-group is-content-justification-center is-nowrap is-layout-flex wp-container-core-group-is-layout-9193781b wp-block-group-is-layout-flex\">\n<figure class=\"wp-block-image aligncenter size-full is-resized wp-duotone-unset-1\"><img loading=\"lazy\" decoding=\"async\" width=\"601\" height=\"600\" src=\"http:\/\/lebiopretaplanter.fr\/wp-content\/uploads\/2026\/03\/precoce-1-roma.jpg\" alt=\"\" class=\"wp-image-1492\" style=\"width:290px;height:auto\" srcset=\"http:\/\/lebiopretaplanter.fr\/wp-content\/uploads\/2026\/03\/precoce-1-roma.jpg 601w, http:\/\/lebiopretaplanter.fr\/wp-content\/uploads\/2026\/03\/precoce-1-roma-300x300.jpg 300w, http:\/\/lebiopretaplanter.fr\/wp-content\/uploads\/2026\/03\/precoce-1-roma-150x150.jpg 150w\" sizes=\"auto, (max-width: 601px) 100vw, 601px\" \/><\/figure>\n\n\n\n<figure class=\"wp-block-image aligncenter size-full is-resized wp-duotone-unset-2\"><img loading=\"lazy\" decoding=\"async\" width=\"601\" height=\"600\" src=\"http:\/\/lebiopretaplanter.fr\/wp-content\/uploads\/2026\/03\/precoce-2-matina.jpg\" alt=\"\" class=\"wp-image-1493\" style=\"width:290px;height:auto\" srcset=\"http:\/\/lebiopretaplanter.fr\/wp-content\/uploads\/2026\/03\/precoce-2-matina.jpg 601w, http:\/\/lebiopretaplanter.fr\/wp-content\/uploads\/2026\/03\/precoce-2-matina-300x300.jpg 300w, http:\/\/lebiopretaplanter.fr\/wp-content\/uploads\/2026\/03\/precoce-2-matina-150x150.jpg 150w\" sizes=\"auto, (max-width: 601px) 100vw, 601px\" \/><\/figure>\n\n\n\n<figure class=\"wp-block-image aligncenter size-full is-resized wp-duotone-unset-3\"><img loading=\"lazy\" decoding=\"async\" width=\"600\" height=\"600\" src=\"http:\/\/lebiopretaplanter.fr\/wp-content\/uploads\/2026\/03\/precoce-3green-zebra.jpg\" alt=\"\" class=\"wp-image-1494\" style=\"width:290px;height:auto\" srcset=\"http:\/\/lebiopretaplanter.fr\/wp-content\/uploads\/2026\/03\/precoce-3green-zebra.jpg 600w, http:\/\/lebiopretaplanter.fr\/wp-content\/uploads\/2026\/03\/precoce-3green-zebra-300x300.jpg 300w, http:\/\/lebiopretaplanter.fr\/wp-content\/uploads\/2026\/03\/precoce-3green-zebra-150x150.jpg 150w\" sizes=\"auto, (max-width: 600px) 100vw, 600px\" \/><\/figure>\n<\/div>\n\n\n\n<div class=\"wp-block-group is-content-justification-center is-nowrap is-layout-flex wp-container-core-group-is-layout-9193781b wp-block-group-is-layout-flex\">\n<figure class=\"wp-block-image aligncenter size-full is-resized wp-duotone-unset-4\"><img loading=\"lazy\" decoding=\"async\" width=\"601\" height=\"600\" src=\"http:\/\/lebiopretaplanter.fr\/wp-content\/uploads\/2026\/03\/precoce-4-san-marzano-trapue.png\" alt=\"\" class=\"wp-image-1495\" style=\"width:290px;height:auto\" srcset=\"http:\/\/lebiopretaplanter.fr\/wp-content\/uploads\/2026\/03\/precoce-4-san-marzano-trapue.png 601w, http:\/\/lebiopretaplanter.fr\/wp-content\/uploads\/2026\/03\/precoce-4-san-marzano-trapue-300x300.png 300w, http:\/\/lebiopretaplanter.fr\/wp-content\/uploads\/2026\/03\/precoce-4-san-marzano-trapue-150x150.png 150w\" sizes=\"auto, (max-width: 601px) 100vw, 601px\" \/><\/figure>\n\n\n\n<figure class=\"wp-block-image aligncenter size-full is-resized wp-duotone-unset-5\"><img loading=\"lazy\" decoding=\"async\" width=\"601\" height=\"600\" src=\"http:\/\/lebiopretaplanter.fr\/wp-content\/uploads\/2026\/03\/precoce-5-saint-pierre.jpg\" alt=\"\" class=\"wp-image-1496\" style=\"width:290px;height:auto\" srcset=\"http:\/\/lebiopretaplanter.fr\/wp-content\/uploads\/2026\/03\/precoce-5-saint-pierre.jpg 601w, http:\/\/lebiopretaplanter.fr\/wp-content\/uploads\/2026\/03\/precoce-5-saint-pierre-300x300.jpg 300w, http:\/\/lebiopretaplanter.fr\/wp-content\/uploads\/2026\/03\/precoce-5-saint-pierre-150x150.jpg 150w\" sizes=\"auto, (max-width: 601px) 100vw, 601px\" \/><\/figure>\n\n\n\n<figure class=\"wp-block-image aligncenter size-full is-resized wp-duotone-unset-6\"><img loading=\"lazy\" decoding=\"async\" width=\"601\" height=\"600\" src=\"http:\/\/lebiopretaplanter.fr\/wp-content\/uploads\/2026\/03\/precoce-6-marmande.jpg\" alt=\"\" class=\"wp-image-1497\" style=\"width:290px;height:auto\" srcset=\"http:\/\/lebiopretaplanter.fr\/wp-content\/uploads\/2026\/03\/precoce-6-marmande.jpg 601w, http:\/\/lebiopretaplanter.fr\/wp-content\/uploads\/2026\/03\/precoce-6-marmande-300x300.jpg 300w, http:\/\/lebiopretaplanter.fr\/wp-content\/uploads\/2026\/03\/precoce-6-marmande-150x150.jpg 150w\" sizes=\"auto, (max-width: 601px) 100vw, 601px\" \/><\/figure>\n<\/div>\n\n\n\n<h1 class=\"wp-block-heading has-text-align-center\">La S\u00e9lection<\/h1>\n\n\n\n<div class=\"wp-block-group is-content-justification-center is-nowrap is-layout-flex wp-container-core-group-is-layout-9193781b wp-block-group-is-layout-flex\">\n<figure class=\"wp-block-image aligncenter size-full is-resized wp-duotone-unset-7\"><img loading=\"lazy\" decoding=\"async\" width=\"601\" height=\"600\" src=\"http:\/\/lebiopretaplanter.fr\/wp-content\/uploads\/2026\/03\/4-noire-de-crimee.jpg\" alt=\"\" class=\"wp-image-1477\" style=\"width:290px;height:auto\" srcset=\"http:\/\/lebiopretaplanter.fr\/wp-content\/uploads\/2026\/03\/4-noire-de-crimee.jpg 601w, http:\/\/lebiopretaplanter.fr\/wp-content\/uploads\/2026\/03\/4-noire-de-crimee-300x300.jpg 300w, http:\/\/lebiopretaplanter.fr\/wp-content\/uploads\/2026\/03\/4-noire-de-crimee-150x150.jpg 150w\" sizes=\"auto, (max-width: 601px) 100vw, 601px\" \/><\/figure>\n\n\n\n<figure class=\"wp-block-image aligncenter size-full is-resized wp-duotone-unset-8\"><img loading=\"lazy\" decoding=\"async\" width=\"601\" height=\"599\" src=\"http:\/\/lebiopretaplanter.fr\/wp-content\/uploads\/2026\/03\/5-cotelee-de-Genes.jpg\" alt=\"\" class=\"wp-image-1478\" style=\"width:290px;height:auto\" srcset=\"http:\/\/lebiopretaplanter.fr\/wp-content\/uploads\/2026\/03\/5-cotelee-de-Genes.jpg 601w, http:\/\/lebiopretaplanter.fr\/wp-content\/uploads\/2026\/03\/5-cotelee-de-Genes-300x300.jpg 300w, http:\/\/lebiopretaplanter.fr\/wp-content\/uploads\/2026\/03\/5-cotelee-de-Genes-150x150.jpg 150w\" sizes=\"auto, (max-width: 601px) 100vw, 601px\" \/><\/figure>\n\n\n\n<figure class=\"wp-block-image aligncenter size-full is-resized wp-duotone-unset-9\"><img loading=\"lazy\" decoding=\"async\" width=\"601\" height=\"600\" src=\"http:\/\/lebiopretaplanter.fr\/wp-content\/uploads\/2026\/03\/6-andine-cornue-des-andes.jpg\" alt=\"\" class=\"wp-image-1479\" style=\"width:290px;height:auto\" srcset=\"http:\/\/lebiopretaplanter.fr\/wp-content\/uploads\/2026\/03\/6-andine-cornue-des-andes.jpg 601w, http:\/\/lebiopretaplanter.fr\/wp-content\/uploads\/2026\/03\/6-andine-cornue-des-andes-300x300.jpg 300w, http:\/\/lebiopretaplanter.fr\/wp-content\/uploads\/2026\/03\/6-andine-cornue-des-andes-150x150.jpg 150w\" sizes=\"auto, (max-width: 601px) 100vw, 601px\" \/><\/figure>\n<\/div>\n\n\n\n<div class=\"wp-block-group is-content-justification-center is-nowrap is-layout-flex wp-container-core-group-is-layout-9193781b wp-block-group-is-layout-flex\">\n<figure class=\"wp-block-image aligncenter size-full is-resized wp-duotone-unset-10\"><img loading=\"lazy\" decoding=\"async\" width=\"601\" height=\"600\" src=\"http:\/\/lebiopretaplanter.fr\/wp-content\/uploads\/2026\/03\/7-big-yellow-zebra.jpg\" alt=\"\" class=\"wp-image-1480\" style=\"width:290px;height:auto\" srcset=\"http:\/\/lebiopretaplanter.fr\/wp-content\/uploads\/2026\/03\/7-big-yellow-zebra.jpg 601w, http:\/\/lebiopretaplanter.fr\/wp-content\/uploads\/2026\/03\/7-big-yellow-zebra-300x300.jpg 300w, http:\/\/lebiopretaplanter.fr\/wp-content\/uploads\/2026\/03\/7-big-yellow-zebra-150x150.jpg 150w\" sizes=\"auto, (max-width: 601px) 100vw, 601px\" \/><\/figure>\n\n\n\n<figure class=\"wp-block-image aligncenter size-full is-resized wp-duotone-unset-11\"><img loading=\"lazy\" decoding=\"async\" width=\"601\" height=\"600\" src=\"http:\/\/lebiopretaplanter.fr\/wp-content\/uploads\/2026\/03\/8-teton-de-venus.jpg\" alt=\"\" class=\"wp-image-1481\" style=\"width:290px;height:auto\" srcset=\"http:\/\/lebiopretaplanter.fr\/wp-content\/uploads\/2026\/03\/8-teton-de-venus.jpg 601w, http:\/\/lebiopretaplanter.fr\/wp-content\/uploads\/2026\/03\/8-teton-de-venus-300x300.jpg 300w, http:\/\/lebiopretaplanter.fr\/wp-content\/uploads\/2026\/03\/8-teton-de-venus-150x150.jpg 150w\" sizes=\"auto, (max-width: 601px) 100vw, 601px\" \/><\/figure>\n\n\n\n<figure class=\"wp-block-image aligncenter size-full is-resized wp-duotone-unset-12\"><img loading=\"lazy\" decoding=\"async\" width=\"600\" height=\"600\" src=\"http:\/\/lebiopretaplanter.fr\/wp-content\/uploads\/2026\/03\/9-orange-a-gros-fruits.jpg\" alt=\"\" class=\"wp-image-1482\" style=\"width:290px;height:auto\" srcset=\"http:\/\/lebiopretaplanter.fr\/wp-content\/uploads\/2026\/03\/9-orange-a-gros-fruits.jpg 600w, http:\/\/lebiopretaplanter.fr\/wp-content\/uploads\/2026\/03\/9-orange-a-gros-fruits-300x300.jpg 300w, http:\/\/lebiopretaplanter.fr\/wp-content\/uploads\/2026\/03\/9-orange-a-gros-fruits-150x150.jpg 150w\" sizes=\"auto, (max-width: 600px) 100vw, 600px\" \/><\/figure>\n<\/div>\n\n\n\n<div class=\"wp-block-group is-content-justification-center is-nowrap is-layout-flex wp-container-core-group-is-layout-9193781b wp-block-group-is-layout-flex\">\n<figure class=\"wp-block-image aligncenter size-full is-resized wp-duotone-unset-13\"><img loading=\"lazy\" decoding=\"async\" width=\"601\" height=\"600\" src=\"http:\/\/lebiopretaplanter.fr\/wp-content\/uploads\/2026\/03\/10-beaute-blanche.jpg\" alt=\"\" class=\"wp-image-1483\" style=\"width:290px;height:auto\" srcset=\"http:\/\/lebiopretaplanter.fr\/wp-content\/uploads\/2026\/03\/10-beaute-blanche.jpg 601w, http:\/\/lebiopretaplanter.fr\/wp-content\/uploads\/2026\/03\/10-beaute-blanche-300x300.jpg 300w, http:\/\/lebiopretaplanter.fr\/wp-content\/uploads\/2026\/03\/10-beaute-blanche-150x150.jpg 150w\" sizes=\"auto, (max-width: 601px) 100vw, 601px\" \/><\/figure>\n\n\n\n<figure class=\"wp-block-image aligncenter size-full is-resized wp-duotone-unset-14\"><img loading=\"lazy\" decoding=\"async\" width=\"601\" height=\"600\" src=\"http:\/\/lebiopretaplanter.fr\/wp-content\/uploads\/2026\/03\/11-russe-noire.jpg\" alt=\"\" class=\"wp-image-1484\" style=\"width:290px;height:auto\" srcset=\"http:\/\/lebiopretaplanter.fr\/wp-content\/uploads\/2026\/03\/11-russe-noire.jpg 601w, http:\/\/lebiopretaplanter.fr\/wp-content\/uploads\/2026\/03\/11-russe-noire-300x300.jpg 300w, http:\/\/lebiopretaplanter.fr\/wp-content\/uploads\/2026\/03\/11-russe-noire-150x150.jpg 150w\" sizes=\"auto, (max-width: 601px) 100vw, 601px\" \/><\/figure>\n\n\n\n<figure class=\"wp-block-image aligncenter size-full is-resized wp-duotone-unset-15\"><img loading=\"lazy\" decoding=\"async\" width=\"601\" height=\"600\" src=\"http:\/\/lebiopretaplanter.fr\/wp-content\/uploads\/2026\/03\/12-coeur-de-boeuf-bicolore.png\" alt=\"\" class=\"wp-image-1485\" style=\"width:290px;height:auto\" srcset=\"http:\/\/lebiopretaplanter.fr\/wp-content\/uploads\/2026\/03\/12-coeur-de-boeuf-bicolore.png 601w, http:\/\/lebiopretaplanter.fr\/wp-content\/uploads\/2026\/03\/12-coeur-de-boeuf-bicolore-300x300.png 300w, http:\/\/lebiopretaplanter.fr\/wp-content\/uploads\/2026\/03\/12-coeur-de-boeuf-bicolore-150x150.png 150w\" sizes=\"auto, (max-width: 601px) 100vw, 601px\" \/><\/figure>\n<\/div>\n\n\n\n<div class=\"wp-block-group is-content-justification-center is-nowrap is-layout-flex wp-container-core-group-is-layout-9193781b wp-block-group-is-layout-flex\">\n<figure class=\"wp-block-image aligncenter size-full is-resized wp-duotone-unset-16\"><img loading=\"lazy\" decoding=\"async\" width=\"600\" height=\"600\" src=\"http:\/\/lebiopretaplanter.fr\/wp-content\/uploads\/2026\/03\/13-coeur-de-boeuf-rose.jpg\" alt=\"\" class=\"wp-image-1486\" style=\"width:290px;height:auto\" srcset=\"http:\/\/lebiopretaplanter.fr\/wp-content\/uploads\/2026\/03\/13-coeur-de-boeuf-rose.jpg 600w, http:\/\/lebiopretaplanter.fr\/wp-content\/uploads\/2026\/03\/13-coeur-de-boeuf-rose-300x300.jpg 300w, http:\/\/lebiopretaplanter.fr\/wp-content\/uploads\/2026\/03\/13-coeur-de-boeuf-rose-150x150.jpg 150w\" sizes=\"auto, (max-width: 600px) 100vw, 600px\" \/><\/figure>\n\n\n\n<figure class=\"wp-block-image aligncenter size-full is-resized wp-duotone-unset-17\"><img loading=\"lazy\" decoding=\"async\" width=\"601\" height=\"600\" src=\"http:\/\/lebiopretaplanter.fr\/wp-content\/uploads\/2026\/03\/14-coeur-de-boeuf-rouge.jpg\" alt=\"\" class=\"wp-image-1487\" style=\"width:290px;height:auto\" srcset=\"http:\/\/lebiopretaplanter.fr\/wp-content\/uploads\/2026\/03\/14-coeur-de-boeuf-rouge.jpg 601w, http:\/\/lebiopretaplanter.fr\/wp-content\/uploads\/2026\/03\/14-coeur-de-boeuf-rouge-300x300.jpg 300w, http:\/\/lebiopretaplanter.fr\/wp-content\/uploads\/2026\/03\/14-coeur-de-boeuf-rouge-150x150.jpg 150w\" sizes=\"auto, (max-width: 601px) 100vw, 601px\" \/><\/figure>\n\n\n\n<figure class=\"wp-block-image aligncenter size-full is-resized wp-duotone-unset-18\"><img loading=\"lazy\" decoding=\"async\" width=\"601\" height=\"600\" src=\"http:\/\/lebiopretaplanter.fr\/wp-content\/uploads\/2026\/03\/15-russe-rouge.jpg\" alt=\"\" class=\"wp-image-1488\" style=\"width:290px;height:auto\" srcset=\"http:\/\/lebiopretaplanter.fr\/wp-content\/uploads\/2026\/03\/15-russe-rouge.jpg 601w, http:\/\/lebiopretaplanter.fr\/wp-content\/uploads\/2026\/03\/15-russe-rouge-300x300.jpg 300w, http:\/\/lebiopretaplanter.fr\/wp-content\/uploads\/2026\/03\/15-russe-rouge-150x150.jpg 150w\" sizes=\"auto, (max-width: 601px) 100vw, 601px\" \/><\/figure>\n<\/div>\n\n\n\n<div class=\"wp-block-group is-content-justification-center is-nowrap is-layout-flex wp-container-core-group-is-layout-9193781b wp-block-group-is-layout-flex\">\n<figure class=\"wp-block-image aligncenter size-full is-resized wp-duotone-unset-19\"><img loading=\"lazy\" decoding=\"async\" width=\"601\" height=\"600\" src=\"http:\/\/lebiopretaplanter.fr\/wp-content\/uploads\/2026\/03\/18-Hawaiian-ananas.jpg\" alt=\"\" class=\"wp-image-1489\" style=\"width:290px;height:auto\" srcset=\"http:\/\/lebiopretaplanter.fr\/wp-content\/uploads\/2026\/03\/18-Hawaiian-ananas.jpg 601w, http:\/\/lebiopretaplanter.fr\/wp-content\/uploads\/2026\/03\/18-Hawaiian-ananas-300x300.jpg 300w, http:\/\/lebiopretaplanter.fr\/wp-content\/uploads\/2026\/03\/18-Hawaiian-ananas-150x150.jpg 150w\" sizes=\"auto, (max-width: 601px) 100vw, 601px\" \/><\/figure>\n\n\n\n<figure class=\"wp-block-image aligncenter size-full is-resized wp-duotone-unset-20\"><img loading=\"lazy\" decoding=\"async\" width=\"601\" height=\"600\" src=\"http:\/\/lebiopretaplanter.fr\/wp-content\/uploads\/2026\/03\/19-aussie.jpg\" alt=\"\" class=\"wp-image-1490\" style=\"width:290px;height:auto\" srcset=\"http:\/\/lebiopretaplanter.fr\/wp-content\/uploads\/2026\/03\/19-aussie.jpg 601w, http:\/\/lebiopretaplanter.fr\/wp-content\/uploads\/2026\/03\/19-aussie-300x300.jpg 300w, http:\/\/lebiopretaplanter.fr\/wp-content\/uploads\/2026\/03\/19-aussie-150x150.jpg 150w\" sizes=\"auto, (max-width: 601px) 100vw, 601px\" \/><\/figure>\n<\/div>\n\n\n\n<h1 class=\"wp-block-heading has-text-align-center\">Les Cerises et Cocktails<\/h1>\n\n\n\n<div class=\"wp-block-group is-content-justification-center is-nowrap is-layout-flex wp-container-core-group-is-layout-9193781b wp-block-group-is-layout-flex\">\n<figure class=\"wp-block-image aligncenter size-full is-resized wp-duotone-unset-21\"><img loading=\"lazy\" decoding=\"async\" width=\"601\" height=\"600\" src=\"http:\/\/lebiopretaplanter.fr\/wp-content\/uploads\/2026\/03\/cerise-1-figiel.jpg\" alt=\"\" class=\"wp-image-1499\" style=\"width:290px;height:auto\" srcset=\"http:\/\/lebiopretaplanter.fr\/wp-content\/uploads\/2026\/03\/cerise-1-figiel.jpg 601w, http:\/\/lebiopretaplanter.fr\/wp-content\/uploads\/2026\/03\/cerise-1-figiel-300x300.jpg 300w, http:\/\/lebiopretaplanter.fr\/wp-content\/uploads\/2026\/03\/cerise-1-figiel-150x150.jpg 150w\" sizes=\"auto, (max-width: 601px) 100vw, 601px\" \/><\/figure>\n\n\n\n<figure class=\"wp-block-image aligncenter size-full is-resized wp-duotone-unset-22\"><img loading=\"lazy\" decoding=\"async\" width=\"600\" height=\"600\" src=\"http:\/\/lebiopretaplanter.fr\/wp-content\/uploads\/2026\/03\/cerise-2-poire-jaune.jpg\" alt=\"\" class=\"wp-image-1500\" style=\"width:290px;height:auto\" srcset=\"http:\/\/lebiopretaplanter.fr\/wp-content\/uploads\/2026\/03\/cerise-2-poire-jaune.jpg 600w, http:\/\/lebiopretaplanter.fr\/wp-content\/uploads\/2026\/03\/cerise-2-poire-jaune-300x300.jpg 300w, http:\/\/lebiopretaplanter.fr\/wp-content\/uploads\/2026\/03\/cerise-2-poire-jaune-150x150.jpg 150w\" sizes=\"auto, (max-width: 600px) 100vw, 600px\" \/><\/figure>\n\n\n\n<figure class=\"wp-block-image aligncenter size-full is-resized wp-duotone-unset-23\"><img loading=\"lazy\" decoding=\"async\" width=\"600\" height=\"600\" src=\"http:\/\/lebiopretaplanter.fr\/wp-content\/uploads\/2026\/03\/cerise-3-raisin-vert.jpg\" alt=\"\" class=\"wp-image-1501\" style=\"width:290px;height:auto\" srcset=\"http:\/\/lebiopretaplanter.fr\/wp-content\/uploads\/2026\/03\/cerise-3-raisin-vert.jpg 600w, http:\/\/lebiopretaplanter.fr\/wp-content\/uploads\/2026\/03\/cerise-3-raisin-vert-300x300.jpg 300w, http:\/\/lebiopretaplanter.fr\/wp-content\/uploads\/2026\/03\/cerise-3-raisin-vert-150x150.jpg 150w\" sizes=\"auto, (max-width: 600px) 100vw, 600px\" \/><\/figure>\n<\/div>\n\n\n\n<div class=\"wp-block-group is-content-justification-center is-nowrap is-layout-flex wp-container-core-group-is-layout-9193781b wp-block-group-is-layout-flex\">\n<figure class=\"wp-block-image aligncenter size-full is-resized wp-duotone-unset-24\"><img loading=\"lazy\" decoding=\"async\" width=\"601\" height=\"600\" src=\"http:\/\/lebiopretaplanter.fr\/wp-content\/uploads\/2026\/03\/cerise-4-black-cherry.jpg\" alt=\"\" class=\"wp-image-1502\" style=\"width:290px;height:auto\" srcset=\"http:\/\/lebiopretaplanter.fr\/wp-content\/uploads\/2026\/03\/cerise-4-black-cherry.jpg 601w, http:\/\/lebiopretaplanter.fr\/wp-content\/uploads\/2026\/03\/cerise-4-black-cherry-300x300.jpg 300w, http:\/\/lebiopretaplanter.fr\/wp-content\/uploads\/2026\/03\/cerise-4-black-cherry-150x150.jpg 150w\" sizes=\"auto, (max-width: 601px) 100vw, 601px\" \/><\/figure>\n\n\n\n<figure class=\"wp-block-image aligncenter size-full is-resized wp-duotone-unset-25\"><img loading=\"lazy\" decoding=\"async\" width=\"601\" height=\"600\" src=\"http:\/\/lebiopretaplanter.fr\/wp-content\/uploads\/2026\/03\/cerise-5-miel-du-mexique.jpg\" alt=\"\" class=\"wp-image-1503\" style=\"width:290px;height:auto\" srcset=\"http:\/\/lebiopretaplanter.fr\/wp-content\/uploads\/2026\/03\/cerise-5-miel-du-mexique.jpg 601w, http:\/\/lebiopretaplanter.fr\/wp-content\/uploads\/2026\/03\/cerise-5-miel-du-mexique-300x300.jpg 300w, http:\/\/lebiopretaplanter.fr\/wp-content\/uploads\/2026\/03\/cerise-5-miel-du-mexique-150x150.jpg 150w\" sizes=\"auto, (max-width: 601px) 100vw, 601px\" \/><\/figure>\n\n\n\n<figure class=\"wp-block-image aligncenter size-full is-resized wp-duotone-unset-26\"><img loading=\"lazy\" decoding=\"async\" width=\"601\" height=\"600\" src=\"http:\/\/lebiopretaplanter.fr\/wp-content\/uploads\/2026\/03\/cerise-6-blush.jpg\" alt=\"\" class=\"wp-image-1504\" style=\"width:290px;height:auto\" srcset=\"http:\/\/lebiopretaplanter.fr\/wp-content\/uploads\/2026\/03\/cerise-6-blush.jpg 601w, http:\/\/lebiopretaplanter.fr\/wp-content\/uploads\/2026\/03\/cerise-6-blush-300x300.jpg 300w, http:\/\/lebiopretaplanter.fr\/wp-content\/uploads\/2026\/03\/cerise-6-blush-150x150.jpg 150w\" sizes=\"auto, (max-width: 601px) 100vw, 601px\" \/><\/figure>\n<\/div>\n\n\n\n<div class=\"wp-block-group is-content-justification-center is-nowrap is-layout-flex wp-container-core-group-is-layout-9193781b wp-block-group-is-layout-flex\">\n<figure class=\"wp-block-image aligncenter size-full is-resized wp-duotone-unset-27\"><img loading=\"lazy\" decoding=\"async\" width=\"601\" height=\"600\" src=\"http:\/\/lebiopretaplanter.fr\/wp-content\/uploads\/2026\/03\/cerise-7-delice-du-jardinier.jpg\" alt=\"\" class=\"wp-image-1505\" style=\"width:290px;height:auto\" srcset=\"http:\/\/lebiopretaplanter.fr\/wp-content\/uploads\/2026\/03\/cerise-7-delice-du-jardinier.jpg 601w, http:\/\/lebiopretaplanter.fr\/wp-content\/uploads\/2026\/03\/cerise-7-delice-du-jardinier-300x300.jpg 300w, http:\/\/lebiopretaplanter.fr\/wp-content\/uploads\/2026\/03\/cerise-7-delice-du-jardinier-150x150.jpg 150w\" sizes=\"auto, (max-width: 601px) 100vw, 601px\" \/><\/figure>\n\n\n\n<figure class=\"wp-block-image aligncenter size-full is-resized wp-duotone-unset-28\"><img loading=\"lazy\" decoding=\"async\" width=\"601\" height=\"600\" src=\"http:\/\/lebiopretaplanter.fr\/wp-content\/uploads\/2026\/03\/cerise-8-trixi.jpg\" alt=\"\" class=\"wp-image-1506\" style=\"width:290px;height:auto\" srcset=\"http:\/\/lebiopretaplanter.fr\/wp-content\/uploads\/2026\/03\/cerise-8-trixi.jpg 601w, http:\/\/lebiopretaplanter.fr\/wp-content\/uploads\/2026\/03\/cerise-8-trixi-300x300.jpg 300w, http:\/\/lebiopretaplanter.fr\/wp-content\/uploads\/2026\/03\/cerise-8-trixi-150x150.jpg 150w\" sizes=\"auto, (max-width: 601px) 100vw, 601px\" \/><\/figure>\n\n\n\n<figure class=\"wp-block-image aligncenter size-full is-resized wp-duotone-unset-29\"><img loading=\"lazy\" decoding=\"async\" width=\"601\" height=\"600\" src=\"http:\/\/lebiopretaplanter.fr\/wp-content\/uploads\/2026\/03\/cerise-9-brads-atomic-grappe.jpg\" alt=\"\" class=\"wp-image-1507\" style=\"width:290px;height:auto\" srcset=\"http:\/\/lebiopretaplanter.fr\/wp-content\/uploads\/2026\/03\/cerise-9-brads-atomic-grappe.jpg 601w, http:\/\/lebiopretaplanter.fr\/wp-content\/uploads\/2026\/03\/cerise-9-brads-atomic-grappe-300x300.jpg 300w, http:\/\/lebiopretaplanter.fr\/wp-content\/uploads\/2026\/03\/cerise-9-brads-atomic-grappe-150x150.jpg 150w\" sizes=\"auto, (max-width: 601px) 100vw, 601px\" \/><\/figure>\n<\/div>\n\n\n\n<div class=\"wp-block-group is-layout-constrained wp-block-group-is-layout-constrained\">\n<h1 class=\"wp-block-heading has-text-align-left has-primary-color has-background-background-color has-text-color has-background has-link-color wp-elements-a1b786515e83e7fb3c6a57802f4ab505\" style=\"padding-top:var(--wp--preset--spacing--20);padding-right:var(--wp--preset--spacing--20);padding-bottom:var(--wp--preset--spacing--20);padding-left:var(--wp--preset--spacing--20)\">M\u00e9thode de culture des tomates :<\/h1>\n\n\n\n<p>\ud83c\udf31 <strong>Pr\u00e9sentation<\/strong> : La tomate est une plante potag\u00e8re tr\u00e8s populaire, appr\u00e9ci\u00e9e pour ses fruits juteux et savoureux. Elle peut se cultiver en pleine terre ou en pot, selon l\u2019espace disponible.<\/p>\n\n\n\n<p>\u2600\ufe0f <strong>Exposition<\/strong> : La tomate a besoin d\u2019une exposition tr\u00e8s ensoleill\u00e9e, au minimum 6 \u00e0 8 heures de soleil par jour.<\/p>\n\n\n\n<p>\ud83c\udf3f <strong>Sol<\/strong> : La tomate pr\u00e9f\u00e8re un sol riche en mati\u00e8re organique, fertile, l\u00e9ger et bien drain\u00e9. Un apport de compost ou de fumier bien d\u00e9compos\u00e9 avant la plantation favorise une bonne croissance. \u00c9viter les sols trop lourds et humides pour limiter les risques de maladies.<\/p>\n\n\n\n<p>\ud83c\udf3e <strong>Plantation<\/strong> : distance entre les plants : 40 \u00e0 60 cm selon les vari\u00e9t\u00e9s et la taille finale de la plante. Enterrer la tige jusqu\u2019aux premi\u00e8res feuilles pour favoriser le d\u00e9veloppement racinaire.<\/p>\n\n\n\n<p>\ud83d\udca7 <strong>Arrosage<\/strong> : Arroser r\u00e9guli\u00e8rement et profond\u00e9ment, surtout en p\u00e9riode de fructification, sans mouiller le feuillage pour pr\u00e9venir les maladies.<\/p>\n\n\n\n<p>\ud83d\udee0\ufe0f <strong>Entretien<\/strong> :<\/p>\n\n\n\n<ul class=\"wp-block-list\">\n<li>Tuteurer ou palisser les plants pour soutenir les fruits<\/li>\n\n\n\n<li>Supprimer les gourmands (pousses secondaires) des vari\u00e9t\u00e9s \u00e0 gros fruits<\/li>\n\n\n\n<li>Biner et d\u00e9sherber autour des plants<\/li>\n\n\n\n<li>Apporter du compost ou un engrais riche en potasse pendant la croissance<\/li>\n<\/ul>\n\n\n\n<p>\u2702\ufe0f <strong>R\u00e9colte<\/strong> : R\u00e9colter les tomates lorsqu\u2019elles sont bien color\u00e9es et l\u00e9g\u00e8rement souples au toucher. Cueillir r\u00e9guli\u00e8rement pour prolonger la production et favoriser l\u2019apparition de nouveaux fruits. Les fruits peuvent \u00eatre stock\u00e9s quelques jours, \u00e0 temp\u00e9rature ambiante, pos\u00e9s c\u00f4t\u00e9 queue vers le bas.<\/p>\n<\/div>\n\n\n\n<p><\/p>\n","protected":false},"excerpt":{"rendered":"<p>Nos plants de tomate sont disponibles : de mi mars \u00e0 d\u00e9but juillet Famille : Solanac\u00e9esNom latin : Solanum lycopersicum&nbsp;L.&nbsp; Vari\u00e9t\u00e9s produites : (class\u00e9es par ordre de poids) Pr\u00e9coces : roma, matina, green zebra, san marzano trapue, saint-pierre, marmande. S\u00e9lection : rose de berne, striped roman, liguria, noire de crim\u00e9e, c\u00f4tel\u00e9e de g\u00eanes, andine cornue, [&hellip;]<\/p>\n","protected":false},"author":1,"featured_media":0,"parent":0,"menu_order":0,"comment_status":"closed","ping_status":"closed","template":"","meta":{"footnotes":""},"class_list":["post-769","page","type-page","status-publish","hentry"],"_links":{"self":[{"href":"http:\/\/lebiopretaplanter.fr\/index.php\/wp-json\/wp\/v2\/pages\/769","targetHints":{"allow":["GET"]}}],"collection":[{"href":"http:\/\/lebiopretaplanter.fr\/index.php\/wp-json\/wp\/v2\/pages"}],"about":[{"href":"http:\/\/lebiopretaplanter.fr\/index.php\/wp-json\/wp\/v2\/types\/page"}],"author":[{"embeddable":true,"href":"http:\/\/lebiopretaplanter.fr\/index.php\/wp-json\/wp\/v2\/users\/1"}],"replies":[{"embeddable":true,"href":"http:\/\/lebiopretaplanter.fr\/index.php\/wp-json\/wp\/v2\/comments?post=769"}],"version-history":[{"count":9,"href":"http:\/\/lebiopretaplanter.fr\/index.php\/wp-json\/wp\/v2\/pages\/769\/revisions"}],"predecessor-version":[{"id":1513,"href":"http:\/\/lebiopretaplanter.fr\/index.php\/wp-json\/wp\/v2\/pages\/769\/revisions\/1513"}],"wp:attachment":[{"href":"http:\/\/lebiopretaplanter.fr\/index.php\/wp-json\/wp\/v2\/media?parent=769"}],"curies":[{"name":"wp","href":"https:\/\/api.w.org\/{rel}","templated":true}]}}