{"id":727,"date":"2025-01-06T18:40:38","date_gmt":"2025-01-06T17:40:38","guid":{"rendered":"http:\/\/lebiopretaplanter.fr\/?page_id=727"},"modified":"2026-03-29T20:46:30","modified_gmt":"2026-03-29T18:46:30","slug":"fenouil","status":"publish","type":"page","link":"http:\/\/lebiopretaplanter.fr\/index.php\/fenouil\/","title":{"rendered":"Fenouil bulbe"},"content":{"rendered":"\n<h2 class=\"wp-block-heading has-text-align-center\"><strong>Nos plants de fenouil sont disponibles : de mi mars \u00e0 mi octobre<\/strong><\/h2>\n\n\n\n<div class=\"wp-block-group is-layout-constrained wp-block-group-is-layout-constrained\">\n<div class=\"wp-block-group is-layout-constrained wp-block-group-is-layout-constrained\">\n<div class=\"wp-block-columns are-vertically-aligned-center has-background-background-color has-background is-layout-flex wp-container-core-columns-is-layout-28f84493 wp-block-columns-is-layout-flex\">\n<div class=\"wp-block-column is-vertically-aligned-center is-layout-flow wp-block-column-is-layout-flow\" style=\"flex-basis:50%\">\n<div class=\"wp-block-group is-layout-constrained wp-block-group-is-layout-constrained\">\n<div class=\"wp-block-group is-layout-constrained wp-block-group-is-layout-constrained\">\n<div class=\"wp-block-columns is-layout-flex wp-container-core-columns-is-layout-28f84493 wp-block-columns-is-layout-flex\">\n<div class=\"wp-block-column is-layout-flow wp-block-column-is-layout-flow\" style=\"flex-basis:100%\">\n<p style=\"border-style:none;border-width:0px\">Famille : Apiac\u00e9es<br>Nom latin : <em>Foeniculum vulgare<\/em>&nbsp;L.<br>Origine : Italie<br>Vari\u00e9t\u00e9 produite : <em>Perfection Mammouth<\/em><\/p>\n<\/div>\n<\/div>\n<\/div>\n<\/div>\n<\/div>\n\n\n\n<div class=\"wp-block-column is-vertically-aligned-center is-layout-flow wp-block-column-is-layout-flow\" style=\"flex-basis:50%\">\n<figure class=\"wp-block-image aligncenter size-full is-resized wp-duotone-unset-1\" style=\"margin-right:0;margin-left:0\"><img loading=\"lazy\" decoding=\"async\" width=\"604\" height=\"533\" src=\"http:\/\/lebiopretaplanter.fr\/wp-content\/uploads\/2025\/01\/fenouil-perfection.jpg\" alt=\"\" class=\"wp-image-728\" style=\"width:291px;height:auto\" srcset=\"http:\/\/lebiopretaplanter.fr\/wp-content\/uploads\/2025\/01\/fenouil-perfection.jpg 604w, http:\/\/lebiopretaplanter.fr\/wp-content\/uploads\/2025\/01\/fenouil-perfection-300x265.jpg 300w\" sizes=\"auto, (max-width: 604px) 100vw, 604px\" \/><figcaption class=\"wp-element-caption\">Fenouil Perfection Mammouth<\/figcaption><\/figure>\n<\/div>\n<\/div>\n<\/div>\n<\/div>\n\n\n\n<h1 class=\"wp-block-heading has-text-align-left has-primary-color has-background-background-color has-text-color has-background has-link-color wp-elements-d736a5a9a87b7b8ff2dd4f77ee343ed2\" style=\"padding-top:var(--wp--preset--spacing--20);padding-right:0;padding-bottom:var(--wp--preset--spacing--20);padding-left:0\">M\u00e9thode de culture du fenouil bulbe<\/h1>\n\n\n\n<p>\ud83c\udf31 <strong>Pr\u00e9sentation<\/strong> : Le fenouil bulbe est une <strong>plante annuelle<\/strong> cultiv\u00e9e pour ses <strong>bulbes charnus et croquants<\/strong>, l\u00e9g\u00e8rement sucr\u00e9s et anis\u00e9s. Il se consomme cru en salade, cuit \u00e0 la vapeur, r\u00f4ti ou en gratin. Attention, ce n\u2019est pas le fenouil aromatique vivace.<\/p>\n\n\n\n<p>\u2600\ufe0f <strong>Exposition<\/strong> : Le fenouil bulbe pr\u00e9f\u00e8re une exposition <strong>ensoleill\u00e9e<\/strong>, \u00e0 l\u2019abri des vents forts, pour favoriser le d\u00e9veloppement des bulbes.<\/p>\n\n\n\n<p>\ud83c\udf3f <strong>Sol<\/strong> : Il se d\u00e9veloppe dans un sol fertile, l\u00e9ger, riche en mati\u00e8re organique et bien drain\u00e9. L\u2019apport de compost bien d\u00e9compos\u00e9 avant la plantation favorise des bulbes volumineux et savoureux.<\/p>\n\n\n\n<p>\ud83c\udf3e <strong>Plantation<\/strong> : Planter les plants en pleine terre, en espa\u00e7ant <strong>les plants de 25 \u00e0 30 cm<\/strong> et les rangs de <strong>35 \u00e0 40 cm<\/strong>. Enterrer l\u00e9g\u00e8rement le collet pour stabiliser le bulbe.<\/p>\n\n\n\n<p>\ud83d\udca7 <strong>Arrosage<\/strong> : Maintenir le sol <strong>frais mais non d\u00e9tremp\u00e9<\/strong>, surtout pendant le d\u00e9veloppement du bulbe, pour \u00e9viter le go\u00fbt fibreux et amer.<\/p>\n\n\n\n<p>\ud83d\udee0\ufe0f <strong>Entretien<\/strong> :<\/p>\n\n\n\n<ul class=\"wp-block-list\">\n<li>Biner et d\u00e9sherber r\u00e9guli\u00e8rement autour des plants<\/li>\n\n\n\n<li>Surveiller l\u2019humidit\u00e9 du sol<\/li>\n\n\n\n<li>Apporter du compost ou un engrais \u00e9quilibr\u00e9 si n\u00e9cessaire<\/li>\n\n\n\n<li>Retirer les feuilles ab\u00eem\u00e9es pour favoriser la croissance des bulbes<\/li>\n<\/ul>\n\n\n\n<p>\u2702\ufe0f <strong>R\u00e9colte<\/strong> : R\u00e9colter les bulbes lorsqu\u2019ils sont bien d\u00e9velopp\u00e9s et fermes, avant que le collet ne durcisse. Les feuilles vertes peuvent \u00e9galement \u00eatre consomm\u00e9es comme aromatique si souhait\u00e9.<\/p>\n\n\n\n<p class=\"has-text-align-left\">\ud83c\udf31 <strong>\u00c0 consommer<\/strong> : Le fenouil bulbe se consomme cru en salade, r\u00f4ti, en gratin, \u00e0 la vapeur ou dans les soupes. Son go\u00fbt doux et l\u00e9g\u00e8rement anis\u00e9 apporte une saveur originale aux plats.<\/p>\n","protected":false},"excerpt":{"rendered":"<p>Nos plants de fenouil sont disponibles : de mi mars \u00e0 mi octobre Famille : Apiac\u00e9esNom latin : Foeniculum vulgare&nbsp;L.Origine : ItalieVari\u00e9t\u00e9 produite : Perfection Mammouth M\u00e9thode de culture du fenouil bulbe \ud83c\udf31 Pr\u00e9sentation : Le fenouil bulbe est une plante annuelle cultiv\u00e9e pour ses bulbes charnus et croquants, l\u00e9g\u00e8rement sucr\u00e9s et anis\u00e9s. Il se [&hellip;]<\/p>\n","protected":false},"author":1,"featured_media":0,"parent":0,"menu_order":0,"comment_status":"closed","ping_status":"closed","template":"","meta":{"footnotes":""},"class_list":["post-727","page","type-page","status-publish","hentry"],"_links":{"self":[{"href":"http:\/\/lebiopretaplanter.fr\/index.php\/wp-json\/wp\/v2\/pages\/727","targetHints":{"allow":["GET"]}}],"collection":[{"href":"http:\/\/lebiopretaplanter.fr\/index.php\/wp-json\/wp\/v2\/pages"}],"about":[{"href":"http:\/\/lebiopretaplanter.fr\/index.php\/wp-json\/wp\/v2\/types\/page"}],"author":[{"embeddable":true,"href":"http:\/\/lebiopretaplanter.fr\/index.php\/wp-json\/wp\/v2\/users\/1"}],"replies":[{"embeddable":true,"href":"http:\/\/lebiopretaplanter.fr\/index.php\/wp-json\/wp\/v2\/comments?post=727"}],"version-history":[{"count":3,"href":"http:\/\/lebiopretaplanter.fr\/index.php\/wp-json\/wp\/v2\/pages\/727\/revisions"}],"predecessor-version":[{"id":1557,"href":"http:\/\/lebiopretaplanter.fr\/index.php\/wp-json\/wp\/v2\/pages\/727\/revisions\/1557"}],"wp:attachment":[{"href":"http:\/\/lebiopretaplanter.fr\/index.php\/wp-json\/wp\/v2\/media?parent=727"}],"curies":[{"name":"wp","href":"https:\/\/api.w.org\/{rel}","templated":true}]}}

<h2 class="wp-block-heading has-text-align-center"><strong>Nos plants de fenouil sont disponibles : de mi mars à mi octobre</strong></h2>



<div class="wp-block-group is-layout-constrained wp-block-group-is-layout-constrained">
<div class="wp-block-group is-layout-constrained wp-block-group-is-layout-constrained">
<div class="wp-block-columns are-vertically-aligned-center has-background-background-color has-background is-layout-flex wp-container-core-columns-is-layout-28f84493 wp-block-columns-is-layout-flex">
<div class="wp-block-column is-vertically-aligned-center is-layout-flow wp-block-column-is-layout-flow" style="flex-basis:50%">
<div class="wp-block-group is-layout-constrained wp-block-group-is-layout-constrained">
<div class="wp-block-group is-layout-constrained wp-block-group-is-layout-constrained">
<div class="wp-block-columns is-layout-flex wp-container-core-columns-is-layout-28f84493 wp-block-columns-is-layout-flex">
<div class="wp-block-column is-layout-flow wp-block-column-is-layout-flow" style="flex-basis:100%">
<p style="border-style:none;border-width:0px">Famille : Apiacées<br>Nom latin : <em>Foeniculum vulgare</em>&nbsp;L.<br>Origine : Italie<br>Variété produite : <em>Perfection Mammouth</em></p>
</div>
</div>
</div>
</div>
</div>



<div class="wp-block-column is-vertically-aligned-center is-layout-flow wp-block-column-is-layout-flow" style="flex-basis:50%">
<figure class="wp-block-image aligncenter size-full is-resized wp-duotone-unset-1" style="margin-right:0;margin-left:0"><img loading="lazy" decoding="async" width="604" height="533" src="http://lebiopretaplanter.fr/wp-content/uploads/2025/01/fenouil-perfection.jpg" alt="" class="wp-image-728" style="width:291px;height:auto" srcset="http://lebiopretaplanter.fr/wp-content/uploads/2025/01/fenouil-perfection.jpg 604w, http://lebiopretaplanter.fr/wp-content/uploads/2025/01/fenouil-perfection-300x265.jpg 300w" sizes="auto, (max-width: 604px) 100vw, 604px" /><figcaption class="wp-element-caption">Fenouil Perfection Mammouth</figcaption></figure>
</div>
</div>
</div>
</div>



<h1 class="wp-block-heading has-text-align-left has-primary-color has-background-background-color has-text-color has-background has-link-color wp-elements-d736a5a9a87b7b8ff2dd4f77ee343ed2" style="padding-top:var(--wp--preset--spacing--20);padding-right:0;padding-bottom:var(--wp--preset--spacing--20);padding-left:0">Méthode de culture du fenouil bulbe</h1>



<p>🌱 <strong>Présentation</strong> : Le fenouil bulbe est une <strong>plante annuelle</strong> cultivée pour ses <strong>bulbes charnus et croquants</strong>, légèrement sucrés et anisés. Il se consomme cru en salade, cuit à la vapeur, rôti ou en gratin. Attention, ce n’est pas le fenouil aromatique vivace.</p>



<p>☀️ <strong>Exposition</strong> : Le fenouil bulbe préfère une exposition <strong>ensoleillée</strong>, à l’abri des vents forts, pour favoriser le développement des bulbes.</p>



<p>🌿 <strong>Sol</strong> : Il se développe dans un sol fertile, léger, riche en matière organique et bien drainé. L’apport de compost bien décomposé avant la plantation favorise des bulbes volumineux et savoureux.</p>



<p>🌾 <strong>Plantation</strong> : Planter les plants en pleine terre, en espaçant <strong>les plants de 25 à 30 cm</strong> et les rangs de <strong>35 à 40 cm</strong>. Enterrer légèrement le collet pour stabiliser le bulbe.</p>



<p>💧 <strong>Arrosage</strong> : Maintenir le sol <strong>frais mais non détrempé</strong>, surtout pendant le développement du bulbe, pour éviter le goût fibreux et amer.</p>



<p>🛠️ <strong>Entretien</strong> :</p>



<ul class="wp-block-list">
<li>Biner et désherber régulièrement autour des plants</li>



<li>Surveiller l’humidité du sol</li>



<li>Apporter du compost ou un engrais équilibré si nécessaire</li>



<li>Retirer les feuilles abîmées pour favoriser la croissance des bulbes</li>
</ul>



<p>✂️ <strong>Récolte</strong> : Récolter les bulbes lorsqu’ils sont bien développés et fermes, avant que le collet ne durcisse. Les feuilles vertes peuvent également être consommées comme aromatique si souhaité.</p>



<p class="has-text-align-left">🌱 <strong>À consommer</strong> : Le fenouil bulbe se consomme cru en salade, rôti, en gratin, à la vapeur ou dans les soupes. Son goût doux et légèrement anisé apporte une saveur originale aux plats.</p>

<p>Nos plants de fenouil sont disponibles : de mi mars à mi octobre Famille : ApiacéesNom latin : Foeniculum vulgare&nbsp;L.Origine : ItalieVariété produite : Perfection Mammouth Méthode de culture du fenouil bulbe 🌱 Présentation : Le fenouil bulbe est une plante annuelle cultivée pour ses bulbes charnus et croquants, légèrement sucrés et anisés. Il se [&hellip;]</p>
