{"id":718,"date":"2025-01-06T18:10:08","date_gmt":"2025-01-06T17:10:08","guid":{"rendered":"http:\/\/lebiopretaplanter.fr\/?page_id=718"},"modified":"2026-03-29T21:49:00","modified_gmt":"2026-03-29T19:49:00","slug":"celeri-branche","status":"publish","type":"page","link":"http:\/\/lebiopretaplanter.fr\/index.php\/celeri-branche\/","title":{"rendered":"C\u00e9leri-branche"},"content":{"rendered":"\n<h2 class=\"wp-block-heading has-text-align-center\"><strong>Nos plants de c\u00e9leri-branche sont disponibles : de mi mars \u00e0 mi octobre<\/strong><\/h2>\n\n\n\n<p>Famille : Apiac\u00e9es<br>Nom latin : Apium graveolens var. dulce<br>Origine : Europe<br>Vari\u00e9t\u00e9s produites : Tango, vert d&rsquo;Elne<\/p>\n\n\n\n<div class=\"wp-block-group is-content-justification-center is-nowrap is-layout-flex wp-container-core-group-is-layout-9193781b wp-block-group-is-layout-flex\">\n<figure class=\"wp-block-image aligncenter size-full is-resized wp-duotone-unset-1\"><img loading=\"lazy\" decoding=\"async\" width=\"604\" height=\"535\" src=\"http:\/\/lebiopretaplanter.fr\/wp-content\/uploads\/2025\/01\/celeri-branche-tango.jpg\" alt=\"\" class=\"wp-image-723\" style=\"width:290px;height:auto\" srcset=\"http:\/\/lebiopretaplanter.fr\/wp-content\/uploads\/2025\/01\/celeri-branche-tango.jpg 604w, http:\/\/lebiopretaplanter.fr\/wp-content\/uploads\/2025\/01\/celeri-branche-tango-300x266.jpg 300w\" sizes=\"auto, (max-width: 604px) 100vw, 604px\" \/><figcaption class=\"wp-element-caption\">C\u00e9leri-branche Tango<\/figcaption><\/figure>\n\n\n\n<figure class=\"wp-block-image aligncenter size-full is-resized wp-duotone-unset-2\"><img loading=\"lazy\" decoding=\"async\" width=\"604\" height=\"531\" src=\"http:\/\/lebiopretaplanter.fr\/wp-content\/uploads\/2025\/01\/celeri-branche-vert-delne.jpg\" alt=\"\" class=\"wp-image-724\" style=\"width:290px;height:auto\" srcset=\"http:\/\/lebiopretaplanter.fr\/wp-content\/uploads\/2025\/01\/celeri-branche-vert-delne.jpg 604w, http:\/\/lebiopretaplanter.fr\/wp-content\/uploads\/2025\/01\/celeri-branche-vert-delne-300x264.jpg 300w\" sizes=\"auto, (max-width: 604px) 100vw, 604px\" \/><figcaption class=\"wp-element-caption\">C\u00e9leri-branche Vert d&rsquo;Elne<\/figcaption><\/figure>\n<\/div>\n\n\n\n<div class=\"wp-block-group is-layout-constrained wp-block-group-is-layout-constrained\">\n<h1 class=\"wp-block-heading has-text-align-left has-primary-color has-background-background-color has-text-color has-background has-link-color wp-elements-cc5a0cc192ca2a5be3191646f9c25fd4\" style=\"padding-top:var(--wp--preset--spacing--20);padding-right:var(--wp--preset--spacing--20);padding-bottom:var(--wp--preset--spacing--20);padding-left:var(--wp--preset--spacing--20)\">M\u00e9thode de culture des c\u00e9leris-branche :<\/h1>\n\n\n\n<p>\ud83c\udf31 <strong>Pr\u00e9sentation<\/strong> : Le c\u00e9leri\u2011branche est une <strong>plante bisannuelle<\/strong>, cultiv\u00e9e comme annuelle pour ses <strong>tiges charnues et croquantes<\/strong>, tr\u00e8s utilis\u00e9es en cuisine pour les salades, soupes, jus ou plats cuisin\u00e9s.<\/p>\n\n\n\n<p>\u2600\ufe0f <strong>Exposition<\/strong> : Pr\u00e9f\u00e8re une <strong>exposition ensoleill\u00e9e<\/strong>, tol\u00e8re une l\u00e9g\u00e8re mi-ombre, surtout par temps chaud.<\/p>\n\n\n\n<p>\ud83c\udf3f <strong>Sol<\/strong> : Appr\u00e9cie un sol <strong>fertile, riche en mati\u00e8re organique, bien drain\u00e9 mais humide<\/strong>, l\u00e9g\u00e8rement acide. L\u2019apport de <strong>compost ou fumier d\u00e9compos\u00e9<\/strong> favorise une croissance optimale.<\/p>\n\n\n\n<p>\ud83d\udca7 <strong>Arrosage<\/strong> : Le c\u00e9leri a besoin d\u2019<strong>humidit\u00e9 constante<\/strong>. Arroser r\u00e9guli\u00e8rement et pailler pour maintenir la fra\u00eecheur du sol et limiter les adventices.<\/p>\n\n\n\n<p>\ud83d\udee0\ufe0f <strong>Entretien<\/strong> :<\/p>\n\n\n\n<ul class=\"wp-block-list\">\n<li>Plante gourmande : peut n\u00e9cessiter <strong>des apports d\u2019engrais azot\u00e9<\/strong> pendant la croissance.<\/li>\n\n\n\n<li>Pour obtenir des tiges <strong>blanches et tendres<\/strong>, blanchir les tiges en les recouvrant de terre, carton ou b\u00e2ches quelques semaines avant la r\u00e9colte.<\/li>\n\n\n\n<li>Retirer les feuilles ab\u00eem\u00e9es pour stimuler la croissance.<\/li>\n<\/ul>\n\n\n\n<p>\ud83c\udf3e <strong>Plantation<\/strong> : Espacer les plants de <strong>35 cm<\/strong> pour laisser suffisamment de place aux tiges.<\/p>\n\n\n\n<p>\u2702\ufe0f <strong>R\u00e9colte<\/strong> : R\u00e9colter les tiges <strong>lorsqu\u2019elles sont bien d\u00e9velopp\u00e9es, charnues et tendres<\/strong>. La r\u00e9colte peut \u00eatre progressive en pr\u00e9levant les tiges ext\u00e9rieures.<\/p>\n\n\n\n<p>\ud83c\udf31 <strong>\u00c0 consommer<\/strong> : Cru en salade, en jus ou soupe, ou cuit dans divers plats.<\/p>\n<\/div>\n","protected":false},"excerpt":{"rendered":"<p>Nos plants de c\u00e9leri-branche sont disponibles : de mi mars \u00e0 mi octobre Famille : Apiac\u00e9esNom latin : Apium graveolens var. dulceOrigine : EuropeVari\u00e9t\u00e9s produites : Tango, vert d&rsquo;Elne M\u00e9thode de culture des c\u00e9leris-branche : \ud83c\udf31 Pr\u00e9sentation : Le c\u00e9leri\u2011branche est une plante bisannuelle, cultiv\u00e9e comme annuelle pour ses tiges charnues et croquantes, tr\u00e8s utilis\u00e9es [&hellip;]<\/p>\n","protected":false},"author":1,"featured_media":0,"parent":0,"menu_order":0,"comment_status":"closed","ping_status":"closed","template":"","meta":{"footnotes":""},"class_list":["post-718","page","type-page","status-publish","hentry"],"_links":{"self":[{"href":"http:\/\/lebiopretaplanter.fr\/index.php\/wp-json\/wp\/v2\/pages\/718","targetHints":{"allow":["GET"]}}],"collection":[{"href":"http:\/\/lebiopretaplanter.fr\/index.php\/wp-json\/wp\/v2\/pages"}],"about":[{"href":"http:\/\/lebiopretaplanter.fr\/index.php\/wp-json\/wp\/v2\/types\/page"}],"author":[{"embeddable":true,"href":"http:\/\/lebiopretaplanter.fr\/index.php\/wp-json\/wp\/v2\/users\/1"}],"replies":[{"embeddable":true,"href":"http:\/\/lebiopretaplanter.fr\/index.php\/wp-json\/wp\/v2\/comments?post=718"}],"version-history":[{"count":4,"href":"http:\/\/lebiopretaplanter.fr\/index.php\/wp-json\/wp\/v2\/pages\/718\/revisions"}],"predecessor-version":[{"id":1589,"href":"http:\/\/lebiopretaplanter.fr\/index.php\/wp-json\/wp\/v2\/pages\/718\/revisions\/1589"}],"wp:attachment":[{"href":"http:\/\/lebiopretaplanter.fr\/index.php\/wp-json\/wp\/v2\/media?parent=718"}],"curies":[{"name":"wp","href":"https:\/\/api.w.org\/{rel}","templated":true}]}}

Céleri-branche

<h2 class="wp-block-heading has-text-align-center"><strong>Nos plants de céleri-branche sont disponibles : de mi mars à mi octobre</strong></h2>



<p>Famille : Apiacées<br>Nom latin : Apium graveolens var. dulce<br>Origine : Europe<br>Variétés produites : Tango, vert d&rsquo;Elne</p>



<div class="wp-block-group is-content-justification-center is-nowrap is-layout-flex wp-container-core-group-is-layout-9193781b wp-block-group-is-layout-flex">
<figure class="wp-block-image aligncenter size-full is-resized wp-duotone-unset-1"><img loading="lazy" decoding="async" width="604" height="535" src="http://lebiopretaplanter.fr/wp-content/uploads/2025/01/celeri-branche-tango.jpg" alt="" class="wp-image-723" style="width:290px;height:auto" srcset="http://lebiopretaplanter.fr/wp-content/uploads/2025/01/celeri-branche-tango.jpg 604w, http://lebiopretaplanter.fr/wp-content/uploads/2025/01/celeri-branche-tango-300x266.jpg 300w" sizes="auto, (max-width: 604px) 100vw, 604px" /><figcaption class="wp-element-caption">Céleri-branche Tango</figcaption></figure>



<figure class="wp-block-image aligncenter size-full is-resized wp-duotone-unset-2"><img loading="lazy" decoding="async" width="604" height="531" src="http://lebiopretaplanter.fr/wp-content/uploads/2025/01/celeri-branche-vert-delne.jpg" alt="" class="wp-image-724" style="width:290px;height:auto" srcset="http://lebiopretaplanter.fr/wp-content/uploads/2025/01/celeri-branche-vert-delne.jpg 604w, http://lebiopretaplanter.fr/wp-content/uploads/2025/01/celeri-branche-vert-delne-300x264.jpg 300w" sizes="auto, (max-width: 604px) 100vw, 604px" /><figcaption class="wp-element-caption">Céleri-branche Vert d&rsquo;Elne</figcaption></figure>
</div>



<div class="wp-block-group is-layout-constrained wp-block-group-is-layout-constrained">
<h1 class="wp-block-heading has-text-align-left has-primary-color has-background-background-color has-text-color has-background has-link-color wp-elements-cc5a0cc192ca2a5be3191646f9c25fd4" style="padding-top:var(--wp--preset--spacing--20);padding-right:var(--wp--preset--spacing--20);padding-bottom:var(--wp--preset--spacing--20);padding-left:var(--wp--preset--spacing--20)">Méthode de culture des céleris-branche :</h1>



<p>🌱 <strong>Présentation</strong> : Le céleri‑branche est une <strong>plante bisannuelle</strong>, cultivée comme annuelle pour ses <strong>tiges charnues et croquantes</strong>, très utilisées en cuisine pour les salades, soupes, jus ou plats cuisinés.</p>



<p>☀️ <strong>Exposition</strong> : Préfère une <strong>exposition ensoleillée</strong>, tolère une légère mi-ombre, surtout par temps chaud.</p>



<p>🌿 <strong>Sol</strong> : Apprécie un sol <strong>fertile, riche en matière organique, bien drainé mais humide</strong>, légèrement acide. L’apport de <strong>compost ou fumier décomposé</strong> favorise une croissance optimale.</p>



<p>💧 <strong>Arrosage</strong> : Le céleri a besoin d’<strong>humidité constante</strong>. Arroser régulièrement et pailler pour maintenir la fraîcheur du sol et limiter les adventices.</p>



<p>🛠️ <strong>Entretien</strong> :</p>



<ul class="wp-block-list">
<li>Plante gourmande : peut nécessiter <strong>des apports d’engrais azoté</strong> pendant la croissance.</li>



<li>Pour obtenir des tiges <strong>blanches et tendres</strong>, blanchir les tiges en les recouvrant de terre, carton ou bâches quelques semaines avant la récolte.</li>



<li>Retirer les feuilles abîmées pour stimuler la croissance.</li>
</ul>



<p>🌾 <strong>Plantation</strong> : Espacer les plants de <strong>35 cm</strong> pour laisser suffisamment de place aux tiges.</p>



<p>✂️ <strong>Récolte</strong> : Récolter les tiges <strong>lorsqu’elles sont bien développées, charnues et tendres</strong>. La récolte peut être progressive en prélevant les tiges extérieures.</p>



<p>🌱 <strong>À consommer</strong> : Cru en salade, en jus ou soupe, ou cuit dans divers plats.</p>
</div>

<p>Nos plants de céleri-branche sont disponibles : de mi mars à mi octobre Famille : ApiacéesNom latin : Apium graveolens var. dulceOrigine : EuropeVariétés produites : Tango, vert d&rsquo;Elne Méthode de culture des céleris-branche : 🌱 Présentation : Le céleri‑branche est une plante bisannuelle, cultivée comme annuelle pour ses tiges charnues et croquantes, très utilisées [&hellip;]</p>
