{"id":714,"date":"2025-01-06T17:44:46","date_gmt":"2025-01-06T16:44:46","guid":{"rendered":"http:\/\/lebiopretaplanter.fr\/?page_id=714"},"modified":"2026-03-29T21:51:55","modified_gmt":"2026-03-29T19:51:55","slug":"cardon","status":"publish","type":"page","link":"http:\/\/lebiopretaplanter.fr\/index.php\/cardon\/","title":{"rendered":"Cardon"},"content":{"rendered":"\n<h2 class=\"wp-block-heading has-text-align-center\"><strong>Nos plants de cardon sont disponibles : de d\u00e9but mars \u00e0 fin mai<\/strong><\/h2>\n\n\n\n<div class=\"wp-block-columns are-vertically-aligned-center has-background-background-color has-background is-layout-flex wp-container-core-columns-is-layout-28f84493 wp-block-columns-is-layout-flex\">\n<div class=\"wp-block-column is-vertically-aligned-center is-layout-flow wp-block-column-is-layout-flow\" style=\"flex-basis:50%\">\n<div class=\"wp-block-group is-layout-constrained wp-block-group-is-layout-constrained\">\n<div class=\"wp-block-group is-layout-constrained wp-block-group-is-layout-constrained\">\n<div class=\"wp-block-columns is-layout-flex wp-container-core-columns-is-layout-28f84493 wp-block-columns-is-layout-flex\">\n<div class=\"wp-block-column is-layout-flow wp-block-column-is-layout-flow\" style=\"flex-basis:100%\">\n<p style=\"border-style:none;border-width:0px\">Famille : Ast\u00e9rac\u00e9es<br>Nom latin : Cynara cardunculuus L.<br>Origine : probablement du Proche Orient<br>Vari\u00e9t\u00e9s produites : pain blanc inerme<\/p>\n<\/div>\n<\/div>\n<\/div>\n<\/div>\n<\/div>\n\n\n\n<div class=\"wp-block-column is-vertically-aligned-center is-layout-flow wp-block-column-is-layout-flow\" style=\"flex-basis:50%\">\n<figure class=\"wp-block-image aligncenter size-full is-resized wp-duotone-unset-1\"><img loading=\"lazy\" decoding=\"async\" width=\"604\" height=\"535\" src=\"http:\/\/lebiopretaplanter.fr\/wp-content\/uploads\/2025\/01\/cardon.jpg\" alt=\"\" class=\"wp-image-715\" style=\"width:290px;height:auto\" srcset=\"http:\/\/lebiopretaplanter.fr\/wp-content\/uploads\/2025\/01\/cardon.jpg 604w, http:\/\/lebiopretaplanter.fr\/wp-content\/uploads\/2025\/01\/cardon-300x266.jpg 300w\" sizes=\"auto, (max-width: 604px) 100vw, 604px\" \/><figcaption class=\"wp-element-caption\">Cardon pain blanc inerme<\/figcaption><\/figure>\n<\/div>\n<\/div>\n\n\n\n<div class=\"wp-block-group is-layout-constrained wp-block-group-is-layout-constrained\">\n<h1 class=\"wp-block-heading has-text-align-left has-primary-color has-background-background-color has-text-color has-background has-link-color wp-elements-42bc3e27cf61a9db5aa3498f66ac8c9a\" style=\"padding-top:var(--wp--preset--spacing--20);padding-right:var(--wp--preset--spacing--20);padding-bottom:var(--wp--preset--spacing--20);padding-left:var(--wp--preset--spacing--20)\">M\u00e9thode de culture des cardons :<\/h1>\n<\/div>\n\n\n\n<p>\ud83c\udf31 <strong>Pr\u00e9sentation<\/strong> : Le cardon est une <strong>plante p\u00e9renne<\/strong> volumineuse, cultiv\u00e9e comme annuelle pour ses <strong>tiges charnues et comestibles<\/strong>. Il est traditionnellement consomm\u00e9 cuit, en gratin ou brais\u00e9, et appr\u00e9ci\u00e9 pour sa saveur douce et l\u00e9g\u00e8rement am\u00e8re.<\/p>\n\n\n\n<p>\u2600\ufe0f <strong>Exposition<\/strong> : Pr\u00e9f\u00e8re une <strong>exposition ensoleill\u00e9e<\/strong>, \u00e0 l\u2019abri des vents forts.<\/p>\n\n\n\n<p>\ud83c\udf3f <strong>Sol<\/strong> : Appr\u00e9cie un sol <strong>profond, fertile, riche en mati\u00e8re organique et bien drain\u00e9<\/strong>. Un apport de compost ou fumier bien d\u00e9compos\u00e9 \u00e0 la plantation favorise un bon d\u00e9veloppement racinaire et foliaire.<\/p>\n\n\n\n<p>\ud83d\udca7 <strong>Arrosage<\/strong> : Maintenir le sol <strong>humide<\/strong>, surtout en p\u00e9riode s\u00e8che, pour \u00e9viter que les tiges deviennent fibreuses.<\/p>\n\n\n\n<p>\ud83d\udee0\ufe0f <strong>Entretien<\/strong> :<\/p>\n\n\n\n<ul class=\"wp-block-list\">\n<li>Retirer les feuilles ab\u00eem\u00e9es pour stimuler la croissance.<\/li>\n\n\n\n<li>Pour obtenir des tiges <strong>blanches et tendres<\/strong>, il est n\u00e9cessaire de <strong>blanchir les cardons<\/strong>\u202f: recouvrir les tiges de terre ou de paillis quelques semaines avant la r\u00e9colte.<\/li>\n\n\n\n<li>Plante gourmande\u202f: un apport r\u00e9gulier de mati\u00e8re organique ou d\u2019engrais \u00e9quilibr\u00e9 peut \u00eatre n\u00e9cessaire pour une croissance optimale.<\/li>\n<\/ul>\n\n\n\n<p>\ud83c\udf3e <strong>Plantation<\/strong> : Espacer les plants de <strong>60 \u00e0 80 cm<\/strong>, pour permettre aux grandes tiges de se d\u00e9velopper.<\/p>\n\n\n\n<p>\u2702\ufe0f <strong>R\u00e9colte<\/strong> : R\u00e9colter les tiges <strong>lorsqu\u2019elles sont bien d\u00e9velopp\u00e9es, charnues et tendres<\/strong>, g\u00e9n\u00e9ralement \u00e0 l\u2019automne ou apr\u00e8s un blanchiment r\u00e9ussi.<\/p>\n\n\n\n<p>\ud83c\udf31 <strong>\u00c0 consommer<\/strong> : Cuit en gratin, brais\u00e9, \u00e0 la vapeur ou en soupe.<\/p>\n","protected":false},"excerpt":{"rendered":"<p>Nos plants de cardon sont disponibles : de d\u00e9but mars \u00e0 fin mai Famille : Ast\u00e9rac\u00e9esNom latin : Cynara cardunculuus L.Origine : probablement du Proche OrientVari\u00e9t\u00e9s produites : pain blanc inerme M\u00e9thode de culture des cardons : \ud83c\udf31 Pr\u00e9sentation : Le cardon est une plante p\u00e9renne volumineuse, cultiv\u00e9e comme annuelle pour ses tiges charnues et [&hellip;]<\/p>\n","protected":false},"author":1,"featured_media":0,"parent":0,"menu_order":0,"comment_status":"closed","ping_status":"closed","template":"","meta":{"footnotes":""},"class_list":["post-714","page","type-page","status-publish","hentry"],"_links":{"self":[{"href":"http:\/\/lebiopretaplanter.fr\/index.php\/wp-json\/wp\/v2\/pages\/714","targetHints":{"allow":["GET"]}}],"collection":[{"href":"http:\/\/lebiopretaplanter.fr\/index.php\/wp-json\/wp\/v2\/pages"}],"about":[{"href":"http:\/\/lebiopretaplanter.fr\/index.php\/wp-json\/wp\/v2\/types\/page"}],"author":[{"embeddable":true,"href":"http:\/\/lebiopretaplanter.fr\/index.php\/wp-json\/wp\/v2\/users\/1"}],"replies":[{"embeddable":true,"href":"http:\/\/lebiopretaplanter.fr\/index.php\/wp-json\/wp\/v2\/comments?post=714"}],"version-history":[{"count":7,"href":"http:\/\/lebiopretaplanter.fr\/index.php\/wp-json\/wp\/v2\/pages\/714\/revisions"}],"predecessor-version":[{"id":1592,"href":"http:\/\/lebiopretaplanter.fr\/index.php\/wp-json\/wp\/v2\/pages\/714\/revisions\/1592"}],"wp:attachment":[{"href":"http:\/\/lebiopretaplanter.fr\/index.php\/wp-json\/wp\/v2\/media?parent=714"}],"curies":[{"name":"wp","href":"https:\/\/api.w.org\/{rel}","templated":true}]}}

<h2 class="wp-block-heading has-text-align-center"><strong>Nos plants de cardon sont disponibles : de début mars à fin mai</strong></h2>



<div class="wp-block-columns are-vertically-aligned-center has-background-background-color has-background is-layout-flex wp-container-core-columns-is-layout-28f84493 wp-block-columns-is-layout-flex">
<div class="wp-block-column is-vertically-aligned-center is-layout-flow wp-block-column-is-layout-flow" style="flex-basis:50%">
<div class="wp-block-group is-layout-constrained wp-block-group-is-layout-constrained">
<div class="wp-block-group is-layout-constrained wp-block-group-is-layout-constrained">
<div class="wp-block-columns is-layout-flex wp-container-core-columns-is-layout-28f84493 wp-block-columns-is-layout-flex">
<div class="wp-block-column is-layout-flow wp-block-column-is-layout-flow" style="flex-basis:100%">
<p style="border-style:none;border-width:0px">Famille : Astéracées<br>Nom latin : Cynara cardunculuus L.<br>Origine : probablement du Proche Orient<br>Variétés produites : pain blanc inerme</p>
</div>
</div>
</div>
</div>
</div>



<div class="wp-block-column is-vertically-aligned-center is-layout-flow wp-block-column-is-layout-flow" style="flex-basis:50%">
<figure class="wp-block-image aligncenter size-full is-resized wp-duotone-unset-1"><img loading="lazy" decoding="async" width="604" height="535" src="http://lebiopretaplanter.fr/wp-content/uploads/2025/01/cardon.jpg" alt="" class="wp-image-715" style="width:290px;height:auto" srcset="http://lebiopretaplanter.fr/wp-content/uploads/2025/01/cardon.jpg 604w, http://lebiopretaplanter.fr/wp-content/uploads/2025/01/cardon-300x266.jpg 300w" sizes="auto, (max-width: 604px) 100vw, 604px" /><figcaption class="wp-element-caption">Cardon pain blanc inerme</figcaption></figure>
</div>
</div>



<div class="wp-block-group is-layout-constrained wp-block-group-is-layout-constrained">
<h1 class="wp-block-heading has-text-align-left has-primary-color has-background-background-color has-text-color has-background has-link-color wp-elements-42bc3e27cf61a9db5aa3498f66ac8c9a" style="padding-top:var(--wp--preset--spacing--20);padding-right:var(--wp--preset--spacing--20);padding-bottom:var(--wp--preset--spacing--20);padding-left:var(--wp--preset--spacing--20)">Méthode de culture des cardons :</h1>
</div>



<p>🌱 <strong>Présentation</strong> : Le cardon est une <strong>plante pérenne</strong> volumineuse, cultivée comme annuelle pour ses <strong>tiges charnues et comestibles</strong>. Il est traditionnellement consommé cuit, en gratin ou braisé, et apprécié pour sa saveur douce et légèrement amère.</p>



<p>☀️ <strong>Exposition</strong> : Préfère une <strong>exposition ensoleillée</strong>, à l’abri des vents forts.</p>



<p>🌿 <strong>Sol</strong> : Apprécie un sol <strong>profond, fertile, riche en matière organique et bien drainé</strong>. Un apport de compost ou fumier bien décomposé à la plantation favorise un bon développement racinaire et foliaire.</p>



<p>💧 <strong>Arrosage</strong> : Maintenir le sol <strong>humide</strong>, surtout en période sèche, pour éviter que les tiges deviennent fibreuses.</p>



<p>🛠️ <strong>Entretien</strong> :</p>



<ul class="wp-block-list">
<li>Retirer les feuilles abîmées pour stimuler la croissance.</li>



<li>Pour obtenir des tiges <strong>blanches et tendres</strong>, il est nécessaire de <strong>blanchir les cardons</strong> : recouvrir les tiges de terre ou de paillis quelques semaines avant la récolte.</li>



<li>Plante gourmande : un apport régulier de matière organique ou d’engrais équilibré peut être nécessaire pour une croissance optimale.</li>
</ul>



<p>🌾 <strong>Plantation</strong> : Espacer les plants de <strong>60 à 80 cm</strong>, pour permettre aux grandes tiges de se développer.</p>



<p>✂️ <strong>Récolte</strong> : Récolter les tiges <strong>lorsqu’elles sont bien développées, charnues et tendres</strong>, généralement à l’automne ou après un blanchiment réussi.</p>



<p>🌱 <strong>À consommer</strong> : Cuit en gratin, braisé, à la vapeur ou en soupe.</p>

<p>Nos plants de cardon sont disponibles : de début mars à fin mai Famille : AstéracéesNom latin : Cynara cardunculuus L.Origine : probablement du Proche OrientVariétés produites : pain blanc inerme Méthode de culture des cardons : 🌱 Présentation : Le cardon est une plante pérenne volumineuse, cultivée comme annuelle pour ses tiges charnues et [&hellip;]</p>
