{"id":613,"date":"2024-12-21T19:42:57","date_gmt":"2024-12-21T18:42:57","guid":{"rendered":"http:\/\/lebiopretaplanter.fr\/?page_id=613"},"modified":"2026-03-30T22:04:44","modified_gmt":"2026-03-30T20:04:44","slug":"arroche-epinard-de-montagne","status":"publish","type":"page","link":"http:\/\/lebiopretaplanter.fr\/index.php\/arroche-epinard-de-montagne\/","title":{"rendered":"Arroche, \u00c9pinard de montagne"},"content":{"rendered":"\n<h2 class=\"wp-block-heading has-text-align-center\"><strong>Nos plants d&rsquo;arroche sont disponibles : de d\u00e9but mars \u00e0 d\u00e9but ao\u00fbt<\/strong><\/h2>\n\n\n\n<div class=\"wp-block-group is-layout-constrained wp-block-group-is-layout-constrained\">\n<div class=\"wp-block-group is-nowrap is-layout-flex wp-container-core-group-is-layout-6c531013 wp-block-group-is-layout-flex\">\n<p style=\"border-style:none;border-width:0px\">Famille : Amaranthac\u00e9es<br>Nom latin : Atriplex hortensis\u00a0L.<br>Origine : probablement d&rsquo;Asie centrale et de Sib\u00e9rie<br>Vari\u00e9t\u00e9s produites : rouge, verte.<\/p>\n\n\n\n<figure class=\"wp-block-image aligncenter size-full is-resized wp-duotone-unset-1\" style=\"margin-right:0;margin-left:0\"><img loading=\"lazy\" decoding=\"async\" width=\"604\" height=\"533\" src=\"http:\/\/lebiopretaplanter.fr\/wp-content\/uploads\/2024\/12\/arrcohe.jpg\" alt=\"\" class=\"wp-image-614\" style=\"width:291px;height:auto\" srcset=\"http:\/\/lebiopretaplanter.fr\/wp-content\/uploads\/2024\/12\/arrcohe.jpg 604w, http:\/\/lebiopretaplanter.fr\/wp-content\/uploads\/2024\/12\/arrcohe-300x265.jpg 300w\" sizes=\"auto, (max-width: 604px) 100vw, 604px\" \/><figcaption class=\"wp-element-caption\">Arroche rouge<\/figcaption><\/figure>\n\n\n\n<figure class=\"wp-block-image aligncenter size-full is-resized wp-duotone-unset-2\" style=\"margin-right:0;margin-left:0\"><img loading=\"lazy\" decoding=\"async\" width=\"606\" height=\"535\" src=\"http:\/\/lebiopretaplanter.fr\/wp-content\/uploads\/2026\/03\/ARROCHE-VERTE-1.jpg\" alt=\"\" class=\"wp-image-1613\" style=\"width:291px;height:auto\" srcset=\"http:\/\/lebiopretaplanter.fr\/wp-content\/uploads\/2026\/03\/ARROCHE-VERTE-1.jpg 606w, http:\/\/lebiopretaplanter.fr\/wp-content\/uploads\/2026\/03\/ARROCHE-VERTE-1-300x265.jpg 300w\" sizes=\"auto, (max-width: 606px) 100vw, 606px\" \/><figcaption class=\"wp-element-caption\">Arroche verte<\/figcaption><\/figure>\n<\/div>\n<\/div>\n\n\n\n<h1 class=\"wp-block-heading has-text-align-center has-primary-color has-background-background-color has-text-color has-background has-link-color wp-elements-4b9527bed50b6458a86d1a406a299e78\" style=\"padding-top:var(--wp--preset--spacing--20);padding-bottom:var(--wp--preset--spacing--20)\">Se consomme comme l&rsquo;\u00e9pinard<\/h1>\n\n\n\n<p class=\"has-text-align-center\">En salade, elle en masque l&rsquo;acidit\u00e9 de l&rsquo;oseille.<\/p>\n\n\n\n<p class=\"has-text-align-center\">Soigne les maux de gorge, la goutte, la jaunisse et les piq\u00fbres d\u2019insectes.<\/p>\n\n\n\n<h1 class=\"wp-block-heading has-text-align-left has-primary-color has-background-background-color has-text-color has-background has-link-color wp-elements-b13c3e9e4e9a3306a6a19a1e16fdf9eb\" style=\"padding-top:var(--wp--preset--spacing--20);padding-right:0;padding-bottom:var(--wp--preset--spacing--20);padding-left:0\">M\u00e9thode de culture de l&rsquo;arroche :<\/h1>\n\n\n\n<p>\ud83c\udf31 <strong>Pr\u00e9sentation<\/strong> : L\u2019arroche est une <strong>plante annuelle ou bisannuelle<\/strong>, cultiv\u00e9e pour ses <strong>feuilles tendres et nutritives<\/strong>, riches en vitamines et min\u00e9raux. Elle est parfois appel\u00e9e \u201c\u00e9pinard sauvage\u201d et se cuisine comme les \u00e9pinards ou les bettes. Certaines vari\u00e9t\u00e9s peuvent atteindre une bonne hauteur et former de belles touffes.<\/p>\n\n\n\n<p>\u2600\ufe0f <strong>Exposition<\/strong> : Pr\u00e9f\u00e8re une <strong>exposition ensoleill\u00e9e<\/strong>, tol\u00e8re l\u00e9g\u00e8rement la mi-ombre, surtout par temps chaud.<\/p>\n\n\n\n<p>\ud83c\udf3f <strong>Sol<\/strong> : Appr\u00e9cie un sol <strong>l\u00e9ger, fertile, bien drain\u00e9 et riche en mati\u00e8re organique<\/strong>. L\u2019arroche tol\u00e8re assez bien les sols un peu sal\u00e9s et secs.<\/p>\n\n\n\n<p>\ud83d\udca7 <strong>Arrosage<\/strong> : Arroser <strong>r\u00e9guli\u00e8rement<\/strong> pour maintenir un sol frais, sans exc\u00e8s d\u2019eau. L\u2019arroche supporte mieux la s\u00e9cheresse que d\u2019autres l\u00e9gumes feuilles, mais des arrosages mod\u00e9r\u00e9s favorisent des feuilles plus tendres.<\/p>\n\n\n\n<p>\ud83d\udee0\ufe0f <strong>Entretien<\/strong> :<\/p>\n\n\n\n<ul class=\"wp-block-list\">\n<li>Retirer les feuilles ab\u00eem\u00e9es pour stimuler la production.<\/li>\n\n\n\n<li>Surveiller l\u2019humidit\u00e9 du sol et le d\u00e9sherbage autour des plants.<\/li>\n\n\n\n<li>Peut grimper l\u00e9g\u00e8rement selon les vari\u00e9t\u00e9s\u202f: un support n\u2019est pas n\u00e9cessaire mais facilite la r\u00e9colte sur certaines vari\u00e9t\u00e9s hautes.<\/li>\n<\/ul>\n\n\n\n<p>\ud83c\udf3e <strong>Plantation<\/strong> : Espacer les plants de <strong>25 \u00e0 30 cm<\/strong> pour favoriser une croissance saine et a\u00e9r\u00e9e.<\/p>\n\n\n\n<p>\u2702\ufe0f <strong>R\u00e9colte<\/strong> : Pr\u00e9lever les <strong>feuilles ext\u00e9rieures r\u00e9guli\u00e8rement<\/strong>, en laissant le c\u0153ur produire de nouvelles feuilles. Les jeunes feuilles sont plus tendres et savoureuses, id\u00e9ales pour les salades ou les cuissons rapides.<\/p>\n\n\n\n<p>\ud83c\udf31 <strong>\u00c0 consommer<\/strong> : Cru en salade, cuit \u00e0 la vapeur, saut\u00e9 ou en soupe, comme les \u00e9pinards classiques.<\/p>\n","protected":false},"excerpt":{"rendered":"<p>Nos plants d&rsquo;arroche sont disponibles : de d\u00e9but mars \u00e0 d\u00e9but ao\u00fbt Famille : Amaranthac\u00e9esNom latin : Atriplex hortensis\u00a0L.Origine : probablement d&rsquo;Asie centrale et de Sib\u00e9rieVari\u00e9t\u00e9s produites : rouge, verte. Se consomme comme l&rsquo;\u00e9pinard En salade, elle en masque l&rsquo;acidit\u00e9 de l&rsquo;oseille. Soigne les maux de gorge, la goutte, la jaunisse et les piq\u00fbres d\u2019insectes. [&hellip;]<\/p>\n","protected":false},"author":1,"featured_media":0,"parent":0,"menu_order":0,"comment_status":"closed","ping_status":"closed","template":"","meta":{"footnotes":""},"class_list":["post-613","page","type-page","status-publish","hentry"],"_links":{"self":[{"href":"http:\/\/lebiopretaplanter.fr\/index.php\/wp-json\/wp\/v2\/pages\/613","targetHints":{"allow":["GET"]}}],"collection":[{"href":"http:\/\/lebiopretaplanter.fr\/index.php\/wp-json\/wp\/v2\/pages"}],"about":[{"href":"http:\/\/lebiopretaplanter.fr\/index.php\/wp-json\/wp\/v2\/types\/page"}],"author":[{"embeddable":true,"href":"http:\/\/lebiopretaplanter.fr\/index.php\/wp-json\/wp\/v2\/users\/1"}],"replies":[{"embeddable":true,"href":"http:\/\/lebiopretaplanter.fr\/index.php\/wp-json\/wp\/v2\/comments?post=613"}],"version-history":[{"count":6,"href":"http:\/\/lebiopretaplanter.fr\/index.php\/wp-json\/wp\/v2\/pages\/613\/revisions"}],"predecessor-version":[{"id":1614,"href":"http:\/\/lebiopretaplanter.fr\/index.php\/wp-json\/wp\/v2\/pages\/613\/revisions\/1614"}],"wp:attachment":[{"href":"http:\/\/lebiopretaplanter.fr\/index.php\/wp-json\/wp\/v2\/media?parent=613"}],"curies":[{"name":"wp","href":"https:\/\/api.w.org\/{rel}","templated":true}]}}