{"id":542,"date":"2024-12-20T16:50:11","date_gmt":"2024-12-20T15:50:11","guid":{"rendered":"http:\/\/lebiopretaplanter.fr\/?page_id=542"},"modified":"2026-03-29T21:52:25","modified_gmt":"2026-03-29T19:52:25","slug":"blette-bette-poiree-carde","status":"publish","type":"page","link":"http:\/\/lebiopretaplanter.fr\/index.php\/blette-bette-poiree-carde\/","title":{"rendered":"Blette, Bette, Poir\u00e9e"},"content":{"rendered":"\n<h2 class=\"wp-block-heading has-text-align-center\"><strong>Nos plants de blette sont disponibles : du 1er mars au 31 octobre<\/strong><\/h2>\n\n\n\n<p>Famille : Ch\u00e9nopodiac\u00e9es<br>Nom latin : Beta vulgaris L.<br>Origine : Europe<br>Vari\u00e9t\u00e9s produites : De Berac, Bright Yellow, Rhubard Chard<\/p>\n\n\n\n<div class=\"wp-block-columns are-vertically-aligned-center has-background-background-color has-background has-small-font-size is-layout-flex wp-container-core-columns-is-layout-eb630068 wp-block-columns-is-layout-flex\" style=\"margin-top:0;margin-bottom:0;padding-right:0;padding-left:0\">\n<div class=\"wp-block-column is-vertically-aligned-center is-layout-flow wp-block-column-is-layout-flow\" style=\"flex-basis:33.33%\">\n<figure class=\"wp-block-image aligncenter size-full is-resized wp-duotone-unset-1\"><img loading=\"lazy\" decoding=\"async\" width=\"603\" height=\"534\" src=\"http:\/\/lebiopretaplanter.fr\/wp-content\/uploads\/2024\/12\/blette-de-berac.jpg\" alt=\"\" class=\"wp-image-543\" style=\"width:290px;height:auto\" srcset=\"http:\/\/lebiopretaplanter.fr\/wp-content\/uploads\/2024\/12\/blette-de-berac.jpg 603w, http:\/\/lebiopretaplanter.fr\/wp-content\/uploads\/2024\/12\/blette-de-berac-300x266.jpg 300w\" sizes=\"auto, (max-width: 603px) 100vw, 603px\" \/><figcaption class=\"wp-element-caption\">Blette de Berac<\/figcaption><\/figure>\n<\/div>\n\n\n\n<div class=\"wp-block-column is-vertically-aligned-center is-layout-flow wp-block-column-is-layout-flow\" style=\"flex-basis:33.33%\">\n<figure class=\"wp-block-image aligncenter size-full is-resized wp-duotone-unset-2\"><img loading=\"lazy\" decoding=\"async\" width=\"604\" height=\"534\" src=\"http:\/\/lebiopretaplanter.fr\/wp-content\/uploads\/2024\/12\/blette-bright-yellow.jpg\" alt=\"\" class=\"wp-image-544\" style=\"width:290px\" srcset=\"http:\/\/lebiopretaplanter.fr\/wp-content\/uploads\/2024\/12\/blette-bright-yellow.jpg 604w, http:\/\/lebiopretaplanter.fr\/wp-content\/uploads\/2024\/12\/blette-bright-yellow-300x265.jpg 300w\" sizes=\"auto, (max-width: 604px) 100vw, 604px\" \/><figcaption class=\"wp-element-caption\">Blette Bright Yellow<\/figcaption><\/figure>\n<\/div>\n\n\n\n<div class=\"wp-block-column is-vertically-aligned-center is-layout-flow wp-block-column-is-layout-flow\" style=\"flex-basis:33.33%\">\n<figure class=\"wp-block-image aligncenter size-full is-resized wp-duotone-unset-3\"><img loading=\"lazy\" decoding=\"async\" width=\"603\" height=\"533\" src=\"http:\/\/lebiopretaplanter.fr\/wp-content\/uploads\/2024\/12\/blette-rhubarb-chard.jpg\" alt=\"\" class=\"wp-image-545\" style=\"width:290px;height:auto\" srcset=\"http:\/\/lebiopretaplanter.fr\/wp-content\/uploads\/2024\/12\/blette-rhubarb-chard.jpg 603w, http:\/\/lebiopretaplanter.fr\/wp-content\/uploads\/2024\/12\/blette-rhubarb-chard-300x265.jpg 300w\" sizes=\"auto, (max-width: 603px) 100vw, 603px\" \/><figcaption class=\"wp-element-caption\">Blette Rhubard Chard<\/figcaption><\/figure>\n<\/div>\n<\/div>\n\n\n\n<div class=\"wp-block-group is-layout-constrained wp-block-group-is-layout-constrained\">\n<h1 class=\"wp-block-heading has-text-align-center has-primary-color has-background-background-color has-text-color has-background has-link-color wp-elements-6469498d43f196c7bd8bf5809e0ae619\" style=\"padding-top:var(--wp--preset--spacing--20);padding-bottom:var(--wp--preset--spacing--20)\">Une r\u00e9colte toute l&rsquo;ann\u00e9e<\/h1>\n\n\n\n<p class=\"has-text-align-center\">Les blettes de Berac ont de larges cardes blanches.<br>Les vari\u00e9t\u00e9s color\u00e9es ont des cardes plus fines on plus de go\u00fbt en plus de rester color\u00e9es apr\u00e8s cuisson.<\/p>\n\n\n\n<p class=\"has-text-align-center\">Le vert des feuilles est tr\u00e8s riche en vitamines et se consomme comme l&rsquo;\u00e9pinard. Excellent avec un coulis de tomate et de l&rsquo;ail.<br><\/p>\n\n\n\n<h1 class=\"wp-block-heading has-text-align-left has-primary-color has-background-background-color has-text-color has-background has-link-color wp-elements-5b1b35da48b5610b07ed8dc857232aa2\" style=\"padding-top:var(--wp--preset--spacing--20);padding-right:0;padding-bottom:var(--wp--preset--spacing--20);padding-left:0\">M\u00e9thode de culture de la blette<\/h1>\n\n\n\n<p>\ud83c\udf31 <strong>Pr\u00e9sentation<\/strong> : La blette, \u00e9galement appel\u00e9e poir\u00e9e, est une <strong>plante bisannuelle<\/strong> cultiv\u00e9e comme annuelle pour ses <strong>feuilles tendres et c\u00f4tes charnues<\/strong>. Elle se consomme crue en salade ou cuite, dans les soupes, gratins ou saut\u00e9es \u00e0 la po\u00eale.<\/p>\n\n\n\n<p>\u2600\ufe0f <strong>Exposition<\/strong> : Pr\u00e9f\u00e8re une <strong>exposition ensoleill\u00e9e \u00e0 mi-ombrag\u00e9e<\/strong>, surtout pendant les p\u00e9riodes chaudes pour \u00e9viter la mont\u00e9e rapide \u00e0 graines.<\/p>\n\n\n\n<p>\ud83c\udf3f <strong>Sol<\/strong> : Appr\u00e9cie un sol <strong>fertile, riche en mati\u00e8re organique, bien drain\u00e9 et humide<\/strong>, profond pour le d\u00e9veloppement des racines et des c\u00f4tes.<\/p>\n\n\n\n<p>\ud83d\udca7 <strong>Arrosage<\/strong> : Maintenir le sol <strong>humide<\/strong>, sans exc\u00e8s, pour assurer des c\u00f4tes tendres et des feuilles bien d\u00e9velopp\u00e9es.<\/p>\n\n\n\n<p>\ud83d\udee0\ufe0f <strong>Entretien<\/strong> :<\/p>\n\n\n\n<ul class=\"wp-block-list\">\n<li>Retirer les feuilles ab\u00eem\u00e9es pour favoriser la croissance continue.<\/li>\n\n\n\n<li>La blette est gourmande\u202f: un apport de <strong>compost ou d\u2019engrais \u00e9quilibr\u00e9<\/strong> peut \u00eatre n\u00e9cessaire pour stimuler le d\u00e9veloppement des feuilles et c\u00f4tes.<\/li>\n\n\n\n<li>Surveiller la mont\u00e9e \u00e0 graines, surtout par fortes chaleurs\u202f; r\u00e9colter r\u00e9guli\u00e8rement pour prolonger la production.<\/li>\n<\/ul>\n\n\n\n<p>\ud83c\udf3e <strong>Plantation<\/strong> : Espacer les plants de <strong>30 \u00e0 40 cm<\/strong>, selon la vari\u00e9t\u00e9 et la taille des c\u00f4tes souhait\u00e9es.<\/p>\n\n\n\n<p>\u2702\ufe0f <strong>R\u00e9colte<\/strong> : R\u00e9colter les <strong>feuilles ext\u00e9rieures et c\u00f4tes au fur et \u00e0 mesure des besoins<\/strong>, en laissant le c\u0153ur produire de nouvelles feuilles.<\/p>\n\n\n\n<p>\ud83c\udf31 <strong>\u00c0 consommer<\/strong> : Cru en salade, ou cuit en soupe, gratin, po\u00eal\u00e9 ou vapeur.<\/p>\n<\/div>\n","protected":false},"excerpt":{"rendered":"<p>Nos plants de blette sont disponibles : du 1er mars au 31 octobre Famille : Ch\u00e9nopodiac\u00e9esNom latin : Beta vulgaris L.Origine : EuropeVari\u00e9t\u00e9s produites : De Berac, Bright Yellow, Rhubard Chard Une r\u00e9colte toute l&rsquo;ann\u00e9e Les blettes de Berac ont de larges cardes blanches.Les vari\u00e9t\u00e9s color\u00e9es ont des cardes plus fines on plus de go\u00fbt [&hellip;]<\/p>\n","protected":false},"author":1,"featured_media":0,"parent":0,"menu_order":0,"comment_status":"closed","ping_status":"closed","template":"","meta":{"footnotes":""},"class_list":["post-542","page","type-page","status-publish","hentry"],"_links":{"self":[{"href":"http:\/\/lebiopretaplanter.fr\/index.php\/wp-json\/wp\/v2\/pages\/542","targetHints":{"allow":["GET"]}}],"collection":[{"href":"http:\/\/lebiopretaplanter.fr\/index.php\/wp-json\/wp\/v2\/pages"}],"about":[{"href":"http:\/\/lebiopretaplanter.fr\/index.php\/wp-json\/wp\/v2\/types\/page"}],"author":[{"embeddable":true,"href":"http:\/\/lebiopretaplanter.fr\/index.php\/wp-json\/wp\/v2\/users\/1"}],"replies":[{"embeddable":true,"href":"http:\/\/lebiopretaplanter.fr\/index.php\/wp-json\/wp\/v2\/comments?post=542"}],"version-history":[{"count":5,"href":"http:\/\/lebiopretaplanter.fr\/index.php\/wp-json\/wp\/v2\/pages\/542\/revisions"}],"predecessor-version":[{"id":1593,"href":"http:\/\/lebiopretaplanter.fr\/index.php\/wp-json\/wp\/v2\/pages\/542\/revisions\/1593"}],"wp:attachment":[{"href":"http:\/\/lebiopretaplanter.fr\/index.php\/wp-json\/wp\/v2\/media?parent=542"}],"curies":[{"name":"wp","href":"https:\/\/api.w.org\/{rel}","templated":true}]}}

Blette, Bette, Poirée

<h2 class="wp-block-heading has-text-align-center"><strong>Nos plants de blette sont disponibles : du 1er mars au 31 octobre</strong></h2>



<p>Famille : Chénopodiacées<br>Nom latin : Beta vulgaris L.<br>Origine : Europe<br>Variétés produites : De Berac, Bright Yellow, Rhubard Chard</p>



<div class="wp-block-columns are-vertically-aligned-center has-background-background-color has-background has-small-font-size is-layout-flex wp-container-core-columns-is-layout-eb630068 wp-block-columns-is-layout-flex" style="margin-top:0;margin-bottom:0;padding-right:0;padding-left:0">
<div class="wp-block-column is-vertically-aligned-center is-layout-flow wp-block-column-is-layout-flow" style="flex-basis:33.33%">
<figure class="wp-block-image aligncenter size-full is-resized wp-duotone-unset-1"><img loading="lazy" decoding="async" width="603" height="534" src="http://lebiopretaplanter.fr/wp-content/uploads/2024/12/blette-de-berac.jpg" alt="" class="wp-image-543" style="width:290px;height:auto" srcset="http://lebiopretaplanter.fr/wp-content/uploads/2024/12/blette-de-berac.jpg 603w, http://lebiopretaplanter.fr/wp-content/uploads/2024/12/blette-de-berac-300x266.jpg 300w" sizes="auto, (max-width: 603px) 100vw, 603px" /><figcaption class="wp-element-caption">Blette de Berac</figcaption></figure>
</div>



<div class="wp-block-column is-vertically-aligned-center is-layout-flow wp-block-column-is-layout-flow" style="flex-basis:33.33%">
<figure class="wp-block-image aligncenter size-full is-resized wp-duotone-unset-2"><img loading="lazy" decoding="async" width="604" height="534" src="http://lebiopretaplanter.fr/wp-content/uploads/2024/12/blette-bright-yellow.jpg" alt="" class="wp-image-544" style="width:290px" srcset="http://lebiopretaplanter.fr/wp-content/uploads/2024/12/blette-bright-yellow.jpg 604w, http://lebiopretaplanter.fr/wp-content/uploads/2024/12/blette-bright-yellow-300x265.jpg 300w" sizes="auto, (max-width: 604px) 100vw, 604px" /><figcaption class="wp-element-caption">Blette Bright Yellow</figcaption></figure>
</div>



<div class="wp-block-column is-vertically-aligned-center is-layout-flow wp-block-column-is-layout-flow" style="flex-basis:33.33%">
<figure class="wp-block-image aligncenter size-full is-resized wp-duotone-unset-3"><img loading="lazy" decoding="async" width="603" height="533" src="http://lebiopretaplanter.fr/wp-content/uploads/2024/12/blette-rhubarb-chard.jpg" alt="" class="wp-image-545" style="width:290px;height:auto" srcset="http://lebiopretaplanter.fr/wp-content/uploads/2024/12/blette-rhubarb-chard.jpg 603w, http://lebiopretaplanter.fr/wp-content/uploads/2024/12/blette-rhubarb-chard-300x265.jpg 300w" sizes="auto, (max-width: 603px) 100vw, 603px" /><figcaption class="wp-element-caption">Blette Rhubard Chard</figcaption></figure>
</div>
</div>



<div class="wp-block-group is-layout-constrained wp-block-group-is-layout-constrained">
<h1 class="wp-block-heading has-text-align-center has-primary-color has-background-background-color has-text-color has-background has-link-color wp-elements-6469498d43f196c7bd8bf5809e0ae619" style="padding-top:var(--wp--preset--spacing--20);padding-bottom:var(--wp--preset--spacing--20)">Une récolte toute l&rsquo;année</h1>



<p class="has-text-align-center">Les blettes de Berac ont de larges cardes blanches.<br>Les variétés colorées ont des cardes plus fines on plus de goût en plus de rester colorées après cuisson.</p>



<p class="has-text-align-center">Le vert des feuilles est très riche en vitamines et se consomme comme l&rsquo;épinard. Excellent avec un coulis de tomate et de l&rsquo;ail.<br></p>



<h1 class="wp-block-heading has-text-align-left has-primary-color has-background-background-color has-text-color has-background has-link-color wp-elements-5b1b35da48b5610b07ed8dc857232aa2" style="padding-top:var(--wp--preset--spacing--20);padding-right:0;padding-bottom:var(--wp--preset--spacing--20);padding-left:0">Méthode de culture de la blette</h1>



<p>🌱 <strong>Présentation</strong> : La blette, également appelée poirée, est une <strong>plante bisannuelle</strong> cultivée comme annuelle pour ses <strong>feuilles tendres et côtes charnues</strong>. Elle se consomme crue en salade ou cuite, dans les soupes, gratins ou sautées à la poêle.</p>



<p>☀️ <strong>Exposition</strong> : Préfère une <strong>exposition ensoleillée à mi-ombragée</strong>, surtout pendant les périodes chaudes pour éviter la montée rapide à graines.</p>



<p>🌿 <strong>Sol</strong> : Apprécie un sol <strong>fertile, riche en matière organique, bien drainé et humide</strong>, profond pour le développement des racines et des côtes.</p>



<p>💧 <strong>Arrosage</strong> : Maintenir le sol <strong>humide</strong>, sans excès, pour assurer des côtes tendres et des feuilles bien développées.</p>



<p>🛠️ <strong>Entretien</strong> :</p>



<ul class="wp-block-list">
<li>Retirer les feuilles abîmées pour favoriser la croissance continue.</li>



<li>La blette est gourmande : un apport de <strong>compost ou d’engrais équilibré</strong> peut être nécessaire pour stimuler le développement des feuilles et côtes.</li>



<li>Surveiller la montée à graines, surtout par fortes chaleurs ; récolter régulièrement pour prolonger la production.</li>
</ul>



<p>🌾 <strong>Plantation</strong> : Espacer les plants de <strong>30 à 40 cm</strong>, selon la variété et la taille des côtes souhaitées.</p>



<p>✂️ <strong>Récolte</strong> : Récolter les <strong>feuilles extérieures et côtes au fur et à mesure des besoins</strong>, en laissant le cœur produire de nouvelles feuilles.</p>



<p>🌱 <strong>À consommer</strong> : Cru en salade, ou cuit en soupe, gratin, poêlé ou vapeur.</p>
</div>

<p>Nos plants de blette sont disponibles : du 1er mars au 31 octobre Famille : ChénopodiacéesNom latin : Beta vulgaris L.Origine : EuropeVariétés produites : De Berac, Bright Yellow, Rhubard Chard Une récolte toute l&rsquo;année Les blettes de Berac ont de larges cardes blanches.Les variétés colorées ont des cardes plus fines on plus de goût [&hellip;]</p>
