{"id":481,"date":"2024-12-20T14:54:28","date_gmt":"2024-12-20T13:54:28","guid":{"rendered":"http:\/\/lebiopretaplanter.fr\/?page_id=481"},"modified":"2026-03-29T21:05:12","modified_gmt":"2026-03-29T19:05:12","slug":"chou-de-milan","status":"publish","type":"page","link":"http:\/\/lebiopretaplanter.fr\/index.php\/chou-de-milan\/","title":{"rendered":"Chou de Milan"},"content":{"rendered":"\n<h2 class=\"wp-block-heading has-text-align-center\"><strong>Nos plants de chou de milan sont disponibles : de fin mars \u00e0 mi avril et d\u00e9but mai \u00e0 mi octobre<\/strong><\/h2>\n\n\n\n<p>Famille : Brassicac\u00e9es<br>Nom latin : <em>Brassica oleracea var. sabauda<\/em> L.<br>Vari\u00e9t\u00e9s produites : De Port Neuf, Gros des Vertus, Paradiesler<\/p>\n\n\n\n<div class=\"wp-block-columns are-vertically-aligned-center has-background-background-color has-background has-small-font-size is-layout-flex wp-container-core-columns-is-layout-eb630068 wp-block-columns-is-layout-flex\" style=\"margin-top:0;margin-bottom:0;padding-right:0;padding-left:0\">\n<div class=\"wp-block-column is-vertically-aligned-center is-layout-flow wp-block-column-is-layout-flow\" style=\"flex-basis:33.33%\">\n<figure class=\"wp-block-image aligncenter size-full is-resized wp-duotone-unset-1\"><img loading=\"lazy\" decoding=\"async\" width=\"606\" height=\"535\" src=\"http:\/\/lebiopretaplanter.fr\/wp-content\/uploads\/2024\/12\/chou-de-milan-de-port-neuf.jpg\" alt=\"\" class=\"wp-image-482\" style=\"width:290px;height:auto\" srcset=\"http:\/\/lebiopretaplanter.fr\/wp-content\/uploads\/2024\/12\/chou-de-milan-de-port-neuf.jpg 606w, http:\/\/lebiopretaplanter.fr\/wp-content\/uploads\/2024\/12\/chou-de-milan-de-port-neuf-300x265.jpg 300w\" sizes=\"auto, (max-width: 606px) 100vw, 606px\" \/><figcaption class=\"wp-element-caption\">Chou de Milan de Port Neuf<\/figcaption><\/figure>\n<\/div>\n\n\n\n<div class=\"wp-block-column is-vertically-aligned-center is-layout-flow wp-block-column-is-layout-flow\" style=\"flex-basis:33.33%\">\n<figure class=\"wp-block-image aligncenter size-full is-resized wp-duotone-unset-2\"><img loading=\"lazy\" decoding=\"async\" width=\"606\" height=\"535\" src=\"http:\/\/lebiopretaplanter.fr\/wp-content\/uploads\/2024\/12\/chou-de-milan-gros-des-vertus.jpg\" alt=\"\" class=\"wp-image-483\" style=\"width:290px\" srcset=\"http:\/\/lebiopretaplanter.fr\/wp-content\/uploads\/2024\/12\/chou-de-milan-gros-des-vertus.jpg 606w, http:\/\/lebiopretaplanter.fr\/wp-content\/uploads\/2024\/12\/chou-de-milan-gros-des-vertus-300x265.jpg 300w\" sizes=\"auto, (max-width: 606px) 100vw, 606px\" \/><figcaption class=\"wp-element-caption\">Chou de Milan Gros des Vertus<\/figcaption><\/figure>\n<\/div>\n\n\n\n<div class=\"wp-block-column is-vertically-aligned-center is-layout-flow wp-block-column-is-layout-flow\" style=\"flex-basis:33.33%\">\n<figure class=\"wp-block-image aligncenter size-full is-resized wp-duotone-unset-3\"><img loading=\"lazy\" decoding=\"async\" width=\"604\" height=\"535\" src=\"http:\/\/lebiopretaplanter.fr\/wp-content\/uploads\/2024\/12\/chou-de-milan-paradiesler.jpg\" alt=\"\" class=\"wp-image-484\" style=\"width:290px;height:auto\" srcset=\"http:\/\/lebiopretaplanter.fr\/wp-content\/uploads\/2024\/12\/chou-de-milan-paradiesler.jpg 604w, http:\/\/lebiopretaplanter.fr\/wp-content\/uploads\/2024\/12\/chou-de-milan-paradiesler-300x266.jpg 300w\" sizes=\"auto, (max-width: 604px) 100vw, 604px\" \/><figcaption class=\"wp-element-caption\">Chou de Milan Paradiesler<\/figcaption><\/figure>\n<\/div>\n<\/div>\n\n\n\n<div class=\"wp-block-group is-layout-constrained wp-block-group-is-layout-constrained\">\n<h1 class=\"wp-block-heading has-text-align-left has-primary-color has-background-background-color has-text-color has-background has-link-color wp-elements-561d72c36814d96e28789d277687ff8d\" style=\"padding-top:var(--wp--preset--spacing--20);padding-right:var(--wp--preset--spacing--20);padding-bottom:var(--wp--preset--spacing--20);padding-left:var(--wp--preset--spacing--20)\">M\u00e9thode de culture des choux de Milan :<\/h1>\n\n\n\n<p>\ud83c\udf31 <strong>Pr\u00e9sentation<\/strong> : Le chou Milan est une <strong>plante bisannuelle<\/strong>, cultiv\u00e9e comme annuelle pour sa <strong>t\u00eate allong\u00e9e<\/strong>, tendre et douce. Il se consomme cru ou cuit en soupe, gratin ou saut\u00e9.<\/p>\n\n\n\n<p>\u2600\ufe0f <strong>Exposition<\/strong> : Pr\u00e9f\u00e8re une exposition <strong>ensoleill\u00e9e<\/strong>, tol\u00e8re une mi-ombre l\u00e9g\u00e8re. Les fortes chaleurs peuvent provoquer une mont\u00e9e \u00e0 graines.<\/p>\n\n\n\n<p>\ud83c\udf3f <strong>Sol<\/strong> : N\u2019appr\u00e9cie pas les sols acides ni pauvres, craint les carences en <strong>Bore<\/strong>. Apport de <strong>compost<\/strong> recommand\u00e9 lors de la plantation.<\/p>\n\n\n\n<p>\ud83d\udca7 <strong>Arrosage<\/strong> : Maintenir le sol <strong>humide<\/strong>, surtout pendant le d\u00e9veloppement de la t\u00eate.<\/p>\n\n\n\n<p>\ud83d\udee0\ufe0f <strong>Entretien<\/strong> :<\/p>\n\n\n\n<ul class=\"wp-block-list\">\n<li>Protection contre <strong>altises<\/strong> et <strong>pi\u00e9rides<\/strong> avec filet si n\u00e9cessaire.<\/li>\n\n\n\n<li>Couvrir le c\u0153ur avec les feuilles du bas pour prot\u00e9ger la t\u00eate de l\u2019eau et de la lumi\u00e8re.<\/li>\n\n\n\n<li>Retirer les feuilles ab\u00eem\u00e9es.<\/li>\n<\/ul>\n\n\n\n<p>\ud83c\udf3e <strong>Plantation<\/strong> : Espacer les plants de <strong>60 cm<\/strong>.<\/p>\n\n\n\n<p>\u2702\ufe0f <strong>R\u00e9colte<\/strong> : R\u00e9colter lorsque la t\u00eate est <strong>bien serr\u00e9e et ferme<\/strong>.<\/p>\n\n\n\n<p>\ud83c\udf31 <strong>\u00c0 consommer<\/strong> : Cru en salade, cuit en soupe, gratin ou po\u00eal\u00e9.<\/p>\n<\/div>\n","protected":false},"excerpt":{"rendered":"<p>Nos plants de chou de milan sont disponibles : de fin mars \u00e0 mi avril et d\u00e9but mai \u00e0 mi octobre Famille : Brassicac\u00e9esNom latin : Brassica oleracea var. sabauda L.Vari\u00e9t\u00e9s produites : De Port Neuf, Gros des Vertus, Paradiesler M\u00e9thode de culture des choux de Milan : \ud83c\udf31 Pr\u00e9sentation : Le chou Milan est [&hellip;]<\/p>\n","protected":false},"author":1,"featured_media":0,"parent":0,"menu_order":0,"comment_status":"closed","ping_status":"closed","template":"","meta":{"footnotes":""},"class_list":["post-481","page","type-page","status-publish","hentry"],"_links":{"self":[{"href":"http:\/\/lebiopretaplanter.fr\/index.php\/wp-json\/wp\/v2\/pages\/481","targetHints":{"allow":["GET"]}}],"collection":[{"href":"http:\/\/lebiopretaplanter.fr\/index.php\/wp-json\/wp\/v2\/pages"}],"about":[{"href":"http:\/\/lebiopretaplanter.fr\/index.php\/wp-json\/wp\/v2\/types\/page"}],"author":[{"embeddable":true,"href":"http:\/\/lebiopretaplanter.fr\/index.php\/wp-json\/wp\/v2\/users\/1"}],"replies":[{"embeddable":true,"href":"http:\/\/lebiopretaplanter.fr\/index.php\/wp-json\/wp\/v2\/comments?post=481"}],"version-history":[{"count":6,"href":"http:\/\/lebiopretaplanter.fr\/index.php\/wp-json\/wp\/v2\/pages\/481\/revisions"}],"predecessor-version":[{"id":1571,"href":"http:\/\/lebiopretaplanter.fr\/index.php\/wp-json\/wp\/v2\/pages\/481\/revisions\/1571"}],"wp:attachment":[{"href":"http:\/\/lebiopretaplanter.fr\/index.php\/wp-json\/wp\/v2\/media?parent=481"}],"curies":[{"name":"wp","href":"https:\/\/api.w.org\/{rel}","templated":true}]}}