{"id":415,"date":"2024-12-02T19:46:25","date_gmt":"2024-12-02T18:46:25","guid":{"rendered":"http:\/\/lebiopretaplanter.fr\/?page_id=415"},"modified":"2026-03-29T21:09:39","modified_gmt":"2026-03-29T19:09:39","slug":"chou-romanesco","status":"publish","type":"page","link":"http:\/\/lebiopretaplanter.fr\/index.php\/chou-romanesco\/","title":{"rendered":"Chou Romanesco"},"content":{"rendered":"\n<h2 class=\"wp-block-heading has-text-align-center\"><strong>Nos plants de chou romanesco sont disponibles : de fin juillet \u00e0 fin septembre<\/strong><\/h2>\n\n\n\n<div class=\"wp-block-group is-layout-constrained wp-block-group-is-layout-constrained\">\n<div class=\"wp-block-group is-layout-constrained wp-block-group-is-layout-constrained\">\n<div class=\"wp-block-columns are-vertically-aligned-center has-background-background-color has-background is-layout-flex wp-container-core-columns-is-layout-28f84493 wp-block-columns-is-layout-flex\">\n<div class=\"wp-block-column is-vertically-aligned-center is-layout-flow wp-block-column-is-layout-flow\" style=\"flex-basis:50%\">\n<div class=\"wp-block-group is-layout-constrained wp-block-group-is-layout-constrained\">\n<div class=\"wp-block-group is-layout-constrained wp-block-group-is-layout-constrained\">\n<div class=\"wp-block-columns is-layout-flex wp-container-core-columns-is-layout-28f84493 wp-block-columns-is-layout-flex\">\n<div class=\"wp-block-column is-layout-flow wp-block-column-is-layout-flow\" style=\"flex-basis:100%\">\n<p style=\"border-style:none;border-width:0px\">Famille : Brassicac\u00e9es<br>Nom latin : <em>Brassica oleracea var. botrytis<\/em> L.<br>Origine : probablement de la Gr\u00e8ce<br>Vari\u00e9t\u00e9s produites : Natalino<\/p>\n<\/div>\n<\/div>\n<\/div>\n<\/div>\n<\/div>\n\n\n\n<div class=\"wp-block-column is-vertically-aligned-center is-layout-flow wp-block-column-is-layout-flow\" style=\"flex-basis:50%\">\n<figure class=\"wp-block-image aligncenter size-full is-resized wp-duotone-unset-1\" style=\"margin-right:0;margin-left:0\"><img loading=\"lazy\" decoding=\"async\" width=\"604\" height=\"534\" src=\"http:\/\/lebiopretaplanter.fr\/wp-content\/uploads\/2024\/12\/chou-fleur-romanesco-natalino.jpg\" alt=\"\" class=\"wp-image-416\" style=\"width:291px;height:auto\" srcset=\"http:\/\/lebiopretaplanter.fr\/wp-content\/uploads\/2024\/12\/chou-fleur-romanesco-natalino.jpg 604w, http:\/\/lebiopretaplanter.fr\/wp-content\/uploads\/2024\/12\/chou-fleur-romanesco-natalino-300x265.jpg 300w\" sizes=\"auto, (max-width: 604px) 100vw, 604px\" \/><figcaption class=\"wp-element-caption\">Chou Romanesco Natalino<\/figcaption><\/figure>\n<\/div>\n<\/div>\n<\/div>\n<\/div>\n\n\n\n<h1 class=\"wp-block-heading has-text-align-left has-primary-color has-background-background-color has-text-color has-background has-link-color wp-elements-2489f6f21429ddb9f88d846695fc5f20\" style=\"padding-top:var(--wp--preset--spacing--20);padding-right:var(--wp--preset--spacing--20);padding-bottom:var(--wp--preset--spacing--20);padding-left:var(--wp--preset--spacing--20)\">M\u00e9thode de culture du chou romanesco :<\/h1>\n\n\n\n<p class=\"has-text-align-left\">\ud83c\udf31 <strong>Pr\u00e9sentation<\/strong> : Plante bisannuelle cultiv\u00e9e comme annuelle pour sa <strong>t\u00eate comestible verte clair et fractale<\/strong>, croquante et douce. Se consomme cuit \u00e0 la vapeur, po\u00eal\u00e9, en gratin ou soupe.<\/p>\n\n\n\n<p>\u2600\ufe0f <strong>Exposition<\/strong> : Pr\u00e9f\u00e8re une exposition <strong>ensoleill\u00e9e<\/strong>, tol\u00e8re une mi-ombre l\u00e9g\u00e8re.<\/p>\n\n\n\n<p>\ud83c\udf3f <strong>Sol<\/strong> : N\u2019appr\u00e9cie pas les sols acides ni pauvres et craint le <strong>Bore<\/strong>. Pr\u00e9voir un sol fertile, profond, bien drain\u00e9, avec <strong>compost<\/strong> \u00e0 la plantation.<\/p>\n\n\n\n<p>\ud83d\udca7 <strong>Arrosage<\/strong> : Maintenir le sol <strong>humide<\/strong>, surtout pendant la formation de la t\u00eate.<\/p>\n\n\n\n<p>\ud83d\udee0\ufe0f <strong>Entretien<\/strong> :<\/p>\n\n\n\n<ul class=\"wp-block-list\">\n<li>Surveiller les <strong>altises<\/strong> et <strong>pi\u00e9rides<\/strong>, culture sous <strong>filet anti-insecte<\/strong> si n\u00e9cessaire.<\/li>\n\n\n\n<li><strong>Attention<\/strong>\u202f: fortes temp\u00e9ratures ou piq\u00fbres sur la t\u00eate peuvent provoquer une mont\u00e9e rapide \u00e0 graines.<\/li>\n\n\n\n<li>Lorsque le <strong>bouton floral grossit<\/strong>, couvrir le c\u0153ur avec les feuilles du bas superpos\u00e9es pour prot\u00e9ger la t\u00eate de l\u2019eau et de la lumi\u00e8re, <strong>conservant la couleur verte<\/strong>.<\/li>\n<\/ul>\n\n\n\n<p>\ud83c\udf3e <strong>Plantation<\/strong> : Espacer les plants de <strong>60 cm<\/strong>.<\/p>\n\n\n\n<p>\u2702\ufe0f <strong>R\u00e9colte<\/strong> : R\u00e9colter lorsque la t\u00eate est <strong>bien compacte et ferme<\/strong>.<\/p>\n\n\n\n<p>\ud83c\udf31 <strong>\u00c0 consommer<\/strong> : Cuit \u00e0 la vapeur, po\u00eal\u00e9, gratin ou soupe.<\/p>\n","protected":false},"excerpt":{"rendered":"<p>Nos plants de chou romanesco sont disponibles : de fin juillet \u00e0 fin septembre Famille : Brassicac\u00e9esNom latin : Brassica oleracea var. botrytis L.Origine : probablement de la Gr\u00e8ceVari\u00e9t\u00e9s produites : Natalino M\u00e9thode de culture du chou romanesco : \ud83c\udf31 Pr\u00e9sentation : Plante bisannuelle cultiv\u00e9e comme annuelle pour sa t\u00eate comestible verte clair et fractale, [&hellip;]<\/p>\n","protected":false},"author":1,"featured_media":0,"parent":0,"menu_order":0,"comment_status":"closed","ping_status":"closed","template":"","meta":{"footnotes":""},"class_list":["post-415","page","type-page","status-publish","hentry"],"_links":{"self":[{"href":"http:\/\/lebiopretaplanter.fr\/index.php\/wp-json\/wp\/v2\/pages\/415","targetHints":{"allow":["GET"]}}],"collection":[{"href":"http:\/\/lebiopretaplanter.fr\/index.php\/wp-json\/wp\/v2\/pages"}],"about":[{"href":"http:\/\/lebiopretaplanter.fr\/index.php\/wp-json\/wp\/v2\/types\/page"}],"author":[{"embeddable":true,"href":"http:\/\/lebiopretaplanter.fr\/index.php\/wp-json\/wp\/v2\/users\/1"}],"replies":[{"embeddable":true,"href":"http:\/\/lebiopretaplanter.fr\/index.php\/wp-json\/wp\/v2\/comments?post=415"}],"version-history":[{"count":7,"href":"http:\/\/lebiopretaplanter.fr\/index.php\/wp-json\/wp\/v2\/pages\/415\/revisions"}],"predecessor-version":[{"id":1575,"href":"http:\/\/lebiopretaplanter.fr\/index.php\/wp-json\/wp\/v2\/pages\/415\/revisions\/1575"}],"wp:attachment":[{"href":"http:\/\/lebiopretaplanter.fr\/index.php\/wp-json\/wp\/v2\/media?parent=415"}],"curies":[{"name":"wp","href":"https:\/\/api.w.org\/{rel}","templated":true}]}}

<h2 class="wp-block-heading has-text-align-center"><strong>Nos plants de chou romanesco sont disponibles : de fin juillet à fin septembre</strong></h2>



<div class="wp-block-group is-layout-constrained wp-block-group-is-layout-constrained">
<div class="wp-block-group is-layout-constrained wp-block-group-is-layout-constrained">
<div class="wp-block-columns are-vertically-aligned-center has-background-background-color has-background is-layout-flex wp-container-core-columns-is-layout-28f84493 wp-block-columns-is-layout-flex">
<div class="wp-block-column is-vertically-aligned-center is-layout-flow wp-block-column-is-layout-flow" style="flex-basis:50%">
<div class="wp-block-group is-layout-constrained wp-block-group-is-layout-constrained">
<div class="wp-block-group is-layout-constrained wp-block-group-is-layout-constrained">
<div class="wp-block-columns is-layout-flex wp-container-core-columns-is-layout-28f84493 wp-block-columns-is-layout-flex">
<div class="wp-block-column is-layout-flow wp-block-column-is-layout-flow" style="flex-basis:100%">
<p style="border-style:none;border-width:0px">Famille : Brassicacées<br>Nom latin : <em>Brassica oleracea var. botrytis</em> L.<br>Origine : probablement de la Grèce<br>Variétés produites : Natalino</p>
</div>
</div>
</div>
</div>
</div>



<div class="wp-block-column is-vertically-aligned-center is-layout-flow wp-block-column-is-layout-flow" style="flex-basis:50%">
<figure class="wp-block-image aligncenter size-full is-resized wp-duotone-unset-1" style="margin-right:0;margin-left:0"><img loading="lazy" decoding="async" width="604" height="534" src="http://lebiopretaplanter.fr/wp-content/uploads/2024/12/chou-fleur-romanesco-natalino.jpg" alt="" class="wp-image-416" style="width:291px;height:auto" srcset="http://lebiopretaplanter.fr/wp-content/uploads/2024/12/chou-fleur-romanesco-natalino.jpg 604w, http://lebiopretaplanter.fr/wp-content/uploads/2024/12/chou-fleur-romanesco-natalino-300x265.jpg 300w" sizes="auto, (max-width: 604px) 100vw, 604px" /><figcaption class="wp-element-caption">Chou Romanesco Natalino</figcaption></figure>
</div>
</div>
</div>
</div>



<h1 class="wp-block-heading has-text-align-left has-primary-color has-background-background-color has-text-color has-background has-link-color wp-elements-2489f6f21429ddb9f88d846695fc5f20" style="padding-top:var(--wp--preset--spacing--20);padding-right:var(--wp--preset--spacing--20);padding-bottom:var(--wp--preset--spacing--20);padding-left:var(--wp--preset--spacing--20)">Méthode de culture du chou romanesco :</h1>



<p class="has-text-align-left">🌱 <strong>Présentation</strong> : Plante bisannuelle cultivée comme annuelle pour sa <strong>tête comestible verte clair et fractale</strong>, croquante et douce. Se consomme cuit à la vapeur, poêlé, en gratin ou soupe.</p>



<p>☀️ <strong>Exposition</strong> : Préfère une exposition <strong>ensoleillée</strong>, tolère une mi-ombre légère.</p>



<p>🌿 <strong>Sol</strong> : N’apprécie pas les sols acides ni pauvres et craint le <strong>Bore</strong>. Prévoir un sol fertile, profond, bien drainé, avec <strong>compost</strong> à la plantation.</p>



<p>💧 <strong>Arrosage</strong> : Maintenir le sol <strong>humide</strong>, surtout pendant la formation de la tête.</p>



<p>🛠️ <strong>Entretien</strong> :</p>



<ul class="wp-block-list">
<li>Surveiller les <strong>altises</strong> et <strong>piérides</strong>, culture sous <strong>filet anti-insecte</strong> si nécessaire.</li>



<li><strong>Attention</strong> : fortes températures ou piqûres sur la tête peuvent provoquer une montée rapide à graines.</li>



<li>Lorsque le <strong>bouton floral grossit</strong>, couvrir le cœur avec les feuilles du bas superposées pour protéger la tête de l’eau et de la lumière, <strong>conservant la couleur verte</strong>.</li>
</ul>



<p>🌾 <strong>Plantation</strong> : Espacer les plants de <strong>60 cm</strong>.</p>



<p>✂️ <strong>Récolte</strong> : Récolter lorsque la tête est <strong>bien compacte et ferme</strong>.</p>



<p>🌱 <strong>À consommer</strong> : Cuit à la vapeur, poêlé, gratin ou soupe.</p>

<p>Nos plants de chou romanesco sont disponibles : de fin juillet à fin septembre Famille : BrassicacéesNom latin : Brassica oleracea var. botrytis L.Origine : probablement de la GrèceVariétés produites : Natalino Méthode de culture du chou romanesco : 🌱 Présentation : Plante bisannuelle cultivée comme annuelle pour sa tête comestible verte clair et fractale, [&hellip;]</p>
