{"id":405,"date":"2024-12-02T19:40:24","date_gmt":"2024-12-02T18:40:24","guid":{"rendered":"http:\/\/lebiopretaplanter.fr\/?page_id=405"},"modified":"2026-03-29T21:05:42","modified_gmt":"2026-03-29T19:05:42","slug":"chou-cabus","status":"publish","type":"page","link":"http:\/\/lebiopretaplanter.fr\/index.php\/chou-cabus\/","title":{"rendered":"Chou Cabus"},"content":{"rendered":"\n<h2 class=\"wp-block-heading has-text-align-center\"><strong>Nos plants de chou cabus sont disponibles : de fin f\u00e9vrier \u00e0 fin octobre<\/strong><\/h2>\n\n\n\n<p>Famille : Brassicac\u00e9es<br>Nom latin : <em>Brassica oleracea var. capitata<\/em> L.<br>Vari\u00e9t\u00e9s produites : Blanc de Vaugirard, March\u00e9 de Copenhague, Pointu C\u0153ur de B\u0153uf, Pointu de Chateaurenard, Pointu Eersteling, Rouge Amarant, Rouge Rodynda, Thurnen<\/p>\n\n\n\n<div class=\"wp-block-columns are-vertically-aligned-center has-background-background-color has-background has-small-font-size is-layout-flex wp-container-core-columns-is-layout-eb630068 wp-block-columns-is-layout-flex\" style=\"margin-top:0;margin-bottom:0;padding-right:0;padding-left:0\">\n<div class=\"wp-block-column is-vertically-aligned-center is-layout-flow wp-block-column-is-layout-flow\" style=\"flex-basis:25%\">\n<figure class=\"wp-block-image aligncenter size-full is-resized wp-duotone-unset-1\"><img loading=\"lazy\" decoding=\"async\" width=\"603\" height=\"525\" src=\"http:\/\/lebiopretaplanter.fr\/wp-content\/uploads\/2024\/12\/chou-cabus-blan-cde-vaugirard.jpg\" alt=\"\" class=\"wp-image-406\" style=\"width:290px;height:auto\" srcset=\"http:\/\/lebiopretaplanter.fr\/wp-content\/uploads\/2024\/12\/chou-cabus-blan-cde-vaugirard.jpg 603w, http:\/\/lebiopretaplanter.fr\/wp-content\/uploads\/2024\/12\/chou-cabus-blan-cde-vaugirard-300x261.jpg 300w\" sizes=\"auto, (max-width: 603px) 100vw, 603px\" \/><figcaption class=\"wp-element-caption\">Chou Cabus Blanc de Vaugirard<\/figcaption><\/figure>\n<\/div>\n\n\n\n<div class=\"wp-block-column is-layout-flow wp-block-column-is-layout-flow\" style=\"flex-basis:25%\">\n<figure class=\"wp-block-image aligncenter size-full is-resized wp-duotone-unset-2\"><img loading=\"lazy\" decoding=\"async\" width=\"604\" height=\"535\" src=\"http:\/\/lebiopretaplanter.fr\/wp-content\/uploads\/2024\/12\/chou-cabus-marche-de-copenhague.jpg\" alt=\"\" class=\"wp-image-407\" style=\"width:290px\" srcset=\"http:\/\/lebiopretaplanter.fr\/wp-content\/uploads\/2024\/12\/chou-cabus-marche-de-copenhague.jpg 604w, http:\/\/lebiopretaplanter.fr\/wp-content\/uploads\/2024\/12\/chou-cabus-marche-de-copenhague-300x266.jpg 300w\" sizes=\"auto, (max-width: 604px) 100vw, 604px\" \/><figcaption class=\"wp-element-caption\">Chou Cabus March\u00e9 de Copenhague<\/figcaption><\/figure>\n<\/div>\n\n\n\n<div class=\"wp-block-column is-layout-flow wp-block-column-is-layout-flow\" style=\"flex-basis:25%\">\n<figure class=\"wp-block-image aligncenter size-full is-resized wp-duotone-unset-3\"><img loading=\"lazy\" decoding=\"async\" width=\"603\" height=\"535\" src=\"http:\/\/lebiopretaplanter.fr\/wp-content\/uploads\/2024\/12\/chou-cabus-pointu-coeur-de-boeur.jpg\" alt=\"\" class=\"wp-image-408\" style=\"width:290px;height:auto\" srcset=\"http:\/\/lebiopretaplanter.fr\/wp-content\/uploads\/2024\/12\/chou-cabus-pointu-coeur-de-boeur.jpg 603w, http:\/\/lebiopretaplanter.fr\/wp-content\/uploads\/2024\/12\/chou-cabus-pointu-coeur-de-boeur-300x266.jpg 300w\" sizes=\"auto, (max-width: 603px) 100vw, 603px\" \/><figcaption class=\"wp-element-caption\">Chou Cabus Pointu C\u0153ur de B\u0153uf<\/figcaption><\/figure>\n<\/div>\n\n\n\n<div class=\"wp-block-column is-layout-flow wp-block-column-is-layout-flow\" style=\"flex-basis:25%\">\n<figure class=\"wp-block-image aligncenter size-full is-resized wp-duotone-unset-4\"><img loading=\"lazy\" decoding=\"async\" width=\"604\" height=\"535\" src=\"http:\/\/lebiopretaplanter.fr\/wp-content\/uploads\/2024\/12\/chou-cabus-pointu-de-chateaurenard.jpg\" alt=\"\" class=\"wp-image-409\" style=\"width:290px;height:auto\" srcset=\"http:\/\/lebiopretaplanter.fr\/wp-content\/uploads\/2024\/12\/chou-cabus-pointu-de-chateaurenard.jpg 604w, http:\/\/lebiopretaplanter.fr\/wp-content\/uploads\/2024\/12\/chou-cabus-pointu-de-chateaurenard-300x266.jpg 300w\" sizes=\"auto, (max-width: 604px) 100vw, 604px\" \/><figcaption class=\"wp-element-caption\">Chou Cabus Pointu de Chateaurenard<\/figcaption><\/figure>\n<\/div>\n<\/div>\n\n\n\n<div class=\"wp-block-group is-layout-constrained wp-block-group-is-layout-constrained\">\n<div class=\"wp-block-columns are-vertically-aligned-center has-background-background-color has-background has-small-font-size is-layout-flex wp-container-core-columns-is-layout-eb630068 wp-block-columns-is-layout-flex\" style=\"margin-top:0;margin-bottom:0;padding-right:0;padding-left:0\">\n<div class=\"wp-block-column is-vertically-aligned-center is-layout-flow wp-block-column-is-layout-flow\" style=\"flex-basis:25%\">\n<figure class=\"wp-block-image aligncenter size-full is-resized wp-duotone-unset-5\"><img loading=\"lazy\" decoding=\"async\" width=\"604\" height=\"535\" src=\"http:\/\/lebiopretaplanter.fr\/wp-content\/uploads\/2024\/12\/chou-cabus-pointu-eersteling.jpg\" alt=\"\" class=\"wp-image-410\" style=\"width:290px;height:auto\" srcset=\"http:\/\/lebiopretaplanter.fr\/wp-content\/uploads\/2024\/12\/chou-cabus-pointu-eersteling.jpg 604w, http:\/\/lebiopretaplanter.fr\/wp-content\/uploads\/2024\/12\/chou-cabus-pointu-eersteling-300x266.jpg 300w\" sizes=\"auto, (max-width: 604px) 100vw, 604px\" \/><figcaption class=\"wp-element-caption\">Chou Cabus Pointu Eersteling<\/figcaption><\/figure>\n<\/div>\n\n\n\n<div class=\"wp-block-column is-layout-flow wp-block-column-is-layout-flow\" style=\"flex-basis:25%\">\n<figure class=\"wp-block-image aligncenter size-full is-resized wp-duotone-unset-6\"><img loading=\"lazy\" decoding=\"async\" width=\"603\" height=\"535\" src=\"http:\/\/lebiopretaplanter.fr\/wp-content\/uploads\/2024\/12\/chou-cabus-rouge-amarant.jpg\" alt=\"\" class=\"wp-image-411\" style=\"width:290px\" srcset=\"http:\/\/lebiopretaplanter.fr\/wp-content\/uploads\/2024\/12\/chou-cabus-rouge-amarant.jpg 603w, http:\/\/lebiopretaplanter.fr\/wp-content\/uploads\/2024\/12\/chou-cabus-rouge-amarant-300x266.jpg 300w\" sizes=\"auto, (max-width: 603px) 100vw, 603px\" \/><figcaption class=\"wp-element-caption\">Chou Cabus Rouge Amarant<\/figcaption><\/figure>\n<\/div>\n\n\n\n<div class=\"wp-block-column is-layout-flow wp-block-column-is-layout-flow\" style=\"flex-basis:25%\">\n<figure class=\"wp-block-image aligncenter size-full is-resized wp-duotone-unset-7\"><img loading=\"lazy\" decoding=\"async\" width=\"604\" height=\"535\" src=\"http:\/\/lebiopretaplanter.fr\/wp-content\/uploads\/2024\/12\/chou-cabus-rouge-rodynda.jpg\" alt=\"\" class=\"wp-image-412\" style=\"width:290px;height:auto\" srcset=\"http:\/\/lebiopretaplanter.fr\/wp-content\/uploads\/2024\/12\/chou-cabus-rouge-rodynda.jpg 604w, http:\/\/lebiopretaplanter.fr\/wp-content\/uploads\/2024\/12\/chou-cabus-rouge-rodynda-300x266.jpg 300w\" sizes=\"auto, (max-width: 604px) 100vw, 604px\" \/><figcaption class=\"wp-element-caption\">Chou Cabus Rouge Rodynda<\/figcaption><\/figure>\n<\/div>\n\n\n\n<div class=\"wp-block-column is-layout-flow wp-block-column-is-layout-flow\" style=\"flex-basis:25%\">\n<figure class=\"wp-block-image aligncenter size-full is-resized wp-duotone-unset-8\"><img loading=\"lazy\" decoding=\"async\" width=\"604\" height=\"535\" src=\"http:\/\/lebiopretaplanter.fr\/wp-content\/uploads\/2024\/12\/chou-cabus-thurnen.jpg\" alt=\"\" class=\"wp-image-413\" style=\"width:290px;height:auto\" srcset=\"http:\/\/lebiopretaplanter.fr\/wp-content\/uploads\/2024\/12\/chou-cabus-thurnen.jpg 604w, http:\/\/lebiopretaplanter.fr\/wp-content\/uploads\/2024\/12\/chou-cabus-thurnen-300x266.jpg 300w\" sizes=\"auto, (max-width: 604px) 100vw, 604px\" \/><figcaption class=\"wp-element-caption\">Chou Cabus Thurnen<\/figcaption><\/figure>\n<\/div>\n<\/div>\n\n\n\n<h1 class=\"wp-block-heading has-text-align-left has-primary-color has-background-background-color has-text-color has-background has-link-color wp-elements-46b4d95ea4e8fb80a5193168fa4ca855\" style=\"padding-top:var(--wp--preset--spacing--20);padding-right:var(--wp--preset--spacing--20);padding-bottom:var(--wp--preset--spacing--20);padding-left:var(--wp--preset--spacing--20)\">M\u00e9thode de culture des choux cabus :<\/h1>\n\n\n\n<p>\ud83c\udf31 <strong>Pr\u00e9sentation<\/strong> : Le chou cabus est une <strong>plante bisannuelle<\/strong>, cultiv\u00e9e comme annuelle pour sa <strong>t\u00eate ronde et compacte<\/strong>, croquante et douce. Il se consomme cru ou cuit.<\/p>\n\n\n\n<p>\u2600\ufe0f <strong>Exposition<\/strong> : Pr\u00e9f\u00e8re une exposition <strong>ensoleill\u00e9e<\/strong>, tol\u00e8re une l\u00e9g\u00e8re mi-ombre. Les fortes chaleurs peuvent provoquer une mont\u00e9e \u00e0 graines.<\/p>\n\n\n\n<p>\ud83c\udf3f <strong>Sol<\/strong> : N\u2019appr\u00e9cie pas les sols acides ni pauvres, craint le <strong>Bore<\/strong>. Apport de <strong>compost<\/strong> recommand\u00e9.<\/p>\n\n\n\n<p>\ud83d\udca7 <strong>Arrosage<\/strong> : Maintenir le sol <strong>humide<\/strong>, surtout pendant la formation de la t\u00eate.<\/p>\n\n\n\n<p>\ud83d\udee0\ufe0f <strong>Entretien<\/strong> :<\/p>\n\n\n\n<ul class=\"wp-block-list\">\n<li>Protection contre <strong>altises<\/strong> et <strong>pi\u00e9rides<\/strong> avec filet.<\/li>\n\n\n\n<li>Couvrir le c\u0153ur avec les feuilles du bas si n\u00e9cessaire.<\/li>\n\n\n\n<li>Retirer les feuilles ab\u00eem\u00e9es.<\/li>\n<\/ul>\n\n\n\n<p>\ud83c\udf3e <strong>Plantation<\/strong> : Espacer les plants de <strong>60 cm<\/strong>.<\/p>\n\n\n\n<p>\u2702\ufe0f <strong>R\u00e9colte<\/strong> : R\u00e9colter lorsque la t\u00eate est <strong>bien serr\u00e9e et ferme<\/strong>.<\/p>\n\n\n\n<p>\ud83c\udf31 <strong>\u00c0 consommer<\/strong> : Cru en salade, cuit en soupe, gratin ou po\u00eal\u00e9.<\/p>\n<\/div>\n","protected":false},"excerpt":{"rendered":"<p>Nos plants de chou cabus sont disponibles : de fin f\u00e9vrier \u00e0 fin octobre Famille : Brassicac\u00e9esNom latin : Brassica oleracea var. capitata L.Vari\u00e9t\u00e9s produites : Blanc de Vaugirard, March\u00e9 de Copenhague, Pointu C\u0153ur de B\u0153uf, Pointu de Chateaurenard, Pointu Eersteling, Rouge Amarant, Rouge Rodynda, Thurnen M\u00e9thode de culture des choux cabus : \ud83c\udf31 Pr\u00e9sentation [&hellip;]<\/p>\n","protected":false},"author":1,"featured_media":0,"parent":0,"menu_order":0,"comment_status":"closed","ping_status":"closed","template":"","meta":{"footnotes":""},"class_list":["post-405","page","type-page","status-publish","hentry"],"_links":{"self":[{"href":"http:\/\/lebiopretaplanter.fr\/index.php\/wp-json\/wp\/v2\/pages\/405","targetHints":{"allow":["GET"]}}],"collection":[{"href":"http:\/\/lebiopretaplanter.fr\/index.php\/wp-json\/wp\/v2\/pages"}],"about":[{"href":"http:\/\/lebiopretaplanter.fr\/index.php\/wp-json\/wp\/v2\/types\/page"}],"author":[{"embeddable":true,"href":"http:\/\/lebiopretaplanter.fr\/index.php\/wp-json\/wp\/v2\/users\/1"}],"replies":[{"embeddable":true,"href":"http:\/\/lebiopretaplanter.fr\/index.php\/wp-json\/wp\/v2\/comments?post=405"}],"version-history":[{"count":5,"href":"http:\/\/lebiopretaplanter.fr\/index.php\/wp-json\/wp\/v2\/pages\/405\/revisions"}],"predecessor-version":[{"id":1572,"href":"http:\/\/lebiopretaplanter.fr\/index.php\/wp-json\/wp\/v2\/pages\/405\/revisions\/1572"}],"wp:attachment":[{"href":"http:\/\/lebiopretaplanter.fr\/index.php\/wp-json\/wp\/v2\/media?parent=405"}],"curies":[{"name":"wp","href":"https:\/\/api.w.org\/{rel}","templated":true}]}}

<h2 class="wp-block-heading has-text-align-center"><strong>Nos plants de chou cabus sont disponibles : de fin février à fin octobre</strong></h2>



<p>Famille : Brassicacées<br>Nom latin : <em>Brassica oleracea var. capitata</em> L.<br>Variétés produites : Blanc de Vaugirard, Marché de Copenhague, Pointu Cœur de Bœuf, Pointu de Chateaurenard, Pointu Eersteling, Rouge Amarant, Rouge Rodynda, Thurnen</p>



<div class="wp-block-columns are-vertically-aligned-center has-background-background-color has-background has-small-font-size is-layout-flex wp-container-core-columns-is-layout-eb630068 wp-block-columns-is-layout-flex" style="margin-top:0;margin-bottom:0;padding-right:0;padding-left:0">
<div class="wp-block-column is-vertically-aligned-center is-layout-flow wp-block-column-is-layout-flow" style="flex-basis:25%">
<figure class="wp-block-image aligncenter size-full is-resized wp-duotone-unset-1"><img loading="lazy" decoding="async" width="603" height="525" src="http://lebiopretaplanter.fr/wp-content/uploads/2024/12/chou-cabus-blan-cde-vaugirard.jpg" alt="" class="wp-image-406" style="width:290px;height:auto" srcset="http://lebiopretaplanter.fr/wp-content/uploads/2024/12/chou-cabus-blan-cde-vaugirard.jpg 603w, http://lebiopretaplanter.fr/wp-content/uploads/2024/12/chou-cabus-blan-cde-vaugirard-300x261.jpg 300w" sizes="auto, (max-width: 603px) 100vw, 603px" /><figcaption class="wp-element-caption">Chou Cabus Blanc de Vaugirard</figcaption></figure>
</div>



<div class="wp-block-column is-layout-flow wp-block-column-is-layout-flow" style="flex-basis:25%">
<figure class="wp-block-image aligncenter size-full is-resized wp-duotone-unset-2"><img loading="lazy" decoding="async" width="604" height="535" src="http://lebiopretaplanter.fr/wp-content/uploads/2024/12/chou-cabus-marche-de-copenhague.jpg" alt="" class="wp-image-407" style="width:290px" srcset="http://lebiopretaplanter.fr/wp-content/uploads/2024/12/chou-cabus-marche-de-copenhague.jpg 604w, http://lebiopretaplanter.fr/wp-content/uploads/2024/12/chou-cabus-marche-de-copenhague-300x266.jpg 300w" sizes="auto, (max-width: 604px) 100vw, 604px" /><figcaption class="wp-element-caption">Chou Cabus Marché de Copenhague</figcaption></figure>
</div>



<div class="wp-block-column is-layout-flow wp-block-column-is-layout-flow" style="flex-basis:25%">
<figure class="wp-block-image aligncenter size-full is-resized wp-duotone-unset-3"><img loading="lazy" decoding="async" width="603" height="535" src="http://lebiopretaplanter.fr/wp-content/uploads/2024/12/chou-cabus-pointu-coeur-de-boeur.jpg" alt="" class="wp-image-408" style="width:290px;height:auto" srcset="http://lebiopretaplanter.fr/wp-content/uploads/2024/12/chou-cabus-pointu-coeur-de-boeur.jpg 603w, http://lebiopretaplanter.fr/wp-content/uploads/2024/12/chou-cabus-pointu-coeur-de-boeur-300x266.jpg 300w" sizes="auto, (max-width: 603px) 100vw, 603px" /><figcaption class="wp-element-caption">Chou Cabus Pointu Cœur de Bœuf</figcaption></figure>
</div>



<div class="wp-block-column is-layout-flow wp-block-column-is-layout-flow" style="flex-basis:25%">
<figure class="wp-block-image aligncenter size-full is-resized wp-duotone-unset-4"><img loading="lazy" decoding="async" width="604" height="535" src="http://lebiopretaplanter.fr/wp-content/uploads/2024/12/chou-cabus-pointu-de-chateaurenard.jpg" alt="" class="wp-image-409" style="width:290px;height:auto" srcset="http://lebiopretaplanter.fr/wp-content/uploads/2024/12/chou-cabus-pointu-de-chateaurenard.jpg 604w, http://lebiopretaplanter.fr/wp-content/uploads/2024/12/chou-cabus-pointu-de-chateaurenard-300x266.jpg 300w" sizes="auto, (max-width: 604px) 100vw, 604px" /><figcaption class="wp-element-caption">Chou Cabus Pointu de Chateaurenard</figcaption></figure>
</div>
</div>



<div class="wp-block-group is-layout-constrained wp-block-group-is-layout-constrained">
<div class="wp-block-columns are-vertically-aligned-center has-background-background-color has-background has-small-font-size is-layout-flex wp-container-core-columns-is-layout-eb630068 wp-block-columns-is-layout-flex" style="margin-top:0;margin-bottom:0;padding-right:0;padding-left:0">
<div class="wp-block-column is-vertically-aligned-center is-layout-flow wp-block-column-is-layout-flow" style="flex-basis:25%">
<figure class="wp-block-image aligncenter size-full is-resized wp-duotone-unset-5"><img loading="lazy" decoding="async" width="604" height="535" src="http://lebiopretaplanter.fr/wp-content/uploads/2024/12/chou-cabus-pointu-eersteling.jpg" alt="" class="wp-image-410" style="width:290px;height:auto" srcset="http://lebiopretaplanter.fr/wp-content/uploads/2024/12/chou-cabus-pointu-eersteling.jpg 604w, http://lebiopretaplanter.fr/wp-content/uploads/2024/12/chou-cabus-pointu-eersteling-300x266.jpg 300w" sizes="auto, (max-width: 604px) 100vw, 604px" /><figcaption class="wp-element-caption">Chou Cabus Pointu Eersteling</figcaption></figure>
</div>



<div class="wp-block-column is-layout-flow wp-block-column-is-layout-flow" style="flex-basis:25%">
<figure class="wp-block-image aligncenter size-full is-resized wp-duotone-unset-6"><img loading="lazy" decoding="async" width="603" height="535" src="http://lebiopretaplanter.fr/wp-content/uploads/2024/12/chou-cabus-rouge-amarant.jpg" alt="" class="wp-image-411" style="width:290px" srcset="http://lebiopretaplanter.fr/wp-content/uploads/2024/12/chou-cabus-rouge-amarant.jpg 603w, http://lebiopretaplanter.fr/wp-content/uploads/2024/12/chou-cabus-rouge-amarant-300x266.jpg 300w" sizes="auto, (max-width: 603px) 100vw, 603px" /><figcaption class="wp-element-caption">Chou Cabus Rouge Amarant</figcaption></figure>
</div>



<div class="wp-block-column is-layout-flow wp-block-column-is-layout-flow" style="flex-basis:25%">
<figure class="wp-block-image aligncenter size-full is-resized wp-duotone-unset-7"><img loading="lazy" decoding="async" width="604" height="535" src="http://lebiopretaplanter.fr/wp-content/uploads/2024/12/chou-cabus-rouge-rodynda.jpg" alt="" class="wp-image-412" style="width:290px;height:auto" srcset="http://lebiopretaplanter.fr/wp-content/uploads/2024/12/chou-cabus-rouge-rodynda.jpg 604w, http://lebiopretaplanter.fr/wp-content/uploads/2024/12/chou-cabus-rouge-rodynda-300x266.jpg 300w" sizes="auto, (max-width: 604px) 100vw, 604px" /><figcaption class="wp-element-caption">Chou Cabus Rouge Rodynda</figcaption></figure>
</div>



<div class="wp-block-column is-layout-flow wp-block-column-is-layout-flow" style="flex-basis:25%">
<figure class="wp-block-image aligncenter size-full is-resized wp-duotone-unset-8"><img loading="lazy" decoding="async" width="604" height="535" src="http://lebiopretaplanter.fr/wp-content/uploads/2024/12/chou-cabus-thurnen.jpg" alt="" class="wp-image-413" style="width:290px;height:auto" srcset="http://lebiopretaplanter.fr/wp-content/uploads/2024/12/chou-cabus-thurnen.jpg 604w, http://lebiopretaplanter.fr/wp-content/uploads/2024/12/chou-cabus-thurnen-300x266.jpg 300w" sizes="auto, (max-width: 604px) 100vw, 604px" /><figcaption class="wp-element-caption">Chou Cabus Thurnen</figcaption></figure>
</div>
</div>



<h1 class="wp-block-heading has-text-align-left has-primary-color has-background-background-color has-text-color has-background has-link-color wp-elements-46b4d95ea4e8fb80a5193168fa4ca855" style="padding-top:var(--wp--preset--spacing--20);padding-right:var(--wp--preset--spacing--20);padding-bottom:var(--wp--preset--spacing--20);padding-left:var(--wp--preset--spacing--20)">Méthode de culture des choux cabus :</h1>



<p>🌱 <strong>Présentation</strong> : Le chou cabus est une <strong>plante bisannuelle</strong>, cultivée comme annuelle pour sa <strong>tête ronde et compacte</strong>, croquante et douce. Il se consomme cru ou cuit.</p>



<p>☀️ <strong>Exposition</strong> : Préfère une exposition <strong>ensoleillée</strong>, tolère une légère mi-ombre. Les fortes chaleurs peuvent provoquer une montée à graines.</p>



<p>🌿 <strong>Sol</strong> : N’apprécie pas les sols acides ni pauvres, craint le <strong>Bore</strong>. Apport de <strong>compost</strong> recommandé.</p>



<p>💧 <strong>Arrosage</strong> : Maintenir le sol <strong>humide</strong>, surtout pendant la formation de la tête.</p>



<p>🛠️ <strong>Entretien</strong> :</p>



<ul class="wp-block-list">
<li>Protection contre <strong>altises</strong> et <strong>piérides</strong> avec filet.</li>



<li>Couvrir le cœur avec les feuilles du bas si nécessaire.</li>



<li>Retirer les feuilles abîmées.</li>
</ul>



<p>🌾 <strong>Plantation</strong> : Espacer les plants de <strong>60 cm</strong>.</p>



<p>✂️ <strong>Récolte</strong> : Récolter lorsque la tête est <strong>bien serrée et ferme</strong>.</p>



<p>🌱 <strong>À consommer</strong> : Cru en salade, cuit en soupe, gratin ou poêlé.</p>
</div>

<p>Nos plants de chou cabus sont disponibles : de fin février à fin octobre Famille : BrassicacéesNom latin : Brassica oleracea var. capitata L.Variétés produites : Blanc de Vaugirard, Marché de Copenhague, Pointu Cœur de Bœuf, Pointu de Chateaurenard, Pointu Eersteling, Rouge Amarant, Rouge Rodynda, Thurnen Méthode de culture des choux cabus : 🌱 Présentation [&hellip;]</p>
