{"id":312,"date":"2024-12-02T14:08:57","date_gmt":"2024-12-02T13:08:57","guid":{"rendered":"http:\/\/lebiopretaplanter.fr\/?page_id=312"},"modified":"2026-03-29T19:46:12","modified_gmt":"2026-03-29T17:46:12","slug":"persils","status":"publish","type":"page","link":"http:\/\/lebiopretaplanter.fr\/index.php\/persils\/","title":{"rendered":"Persil"},"content":{"rendered":"\n<h2 class=\"wp-block-heading has-text-align-center\"><strong>Nos plants de persil sont disponibles : de mi mars \u00e0 fin octobre<\/strong><\/h2>\n\n\n\n<div class=\"wp-block-columns are-vertically-aligned-center has-background-background-color has-background has-small-font-size is-layout-flex wp-container-core-columns-is-layout-eb630068 wp-block-columns-is-layout-flex\" style=\"margin-top:0;margin-bottom:0;padding-right:0;padding-left:0\">\n<div class=\"wp-block-column is-vertically-aligned-center is-layout-flow wp-block-column-is-layout-flow\" style=\"flex-basis:50%\">\n<p>Famille : Apiac\u00e9es<br>Nom latin : <em>Petroselinum crispum<\/em>&nbsp;L.<br>Origine : de l&rsquo;Asie, d&rsquo;Afrique du nord et de Macaron\u00e9sie.<br>Vari\u00e9t\u00e9s produites : <em>Plat g\u00e9ant d&rsquo;Italie et Fris\u00e9 vert fonc\u00e9<\/em><\/p>\n<\/div>\n\n\n\n<div class=\"wp-block-column is-vertically-aligned-center is-layout-flow wp-block-column-is-layout-flow\" style=\"flex-basis:25%\">\n<figure class=\"wp-block-image alignleft size-full is-resized wp-duotone-unset-1\"><img loading=\"lazy\" decoding=\"async\" width=\"602\" height=\"534\" src=\"http:\/\/lebiopretaplanter.fr\/wp-content\/uploads\/2024\/12\/persil-plat.jpg\" alt=\"\" class=\"wp-image-313\" style=\"width:290px\" srcset=\"http:\/\/lebiopretaplanter.fr\/wp-content\/uploads\/2024\/12\/persil-plat.jpg 602w, http:\/\/lebiopretaplanter.fr\/wp-content\/uploads\/2024\/12\/persil-plat-300x266.jpg 300w\" sizes=\"auto, (max-width: 602px) 100vw, 602px\" \/><figcaption class=\"wp-element-caption\">Persil plat g\u00e9ant d&rsquo;Italie<\/figcaption><\/figure>\n<\/div>\n\n\n\n<div class=\"wp-block-column is-layout-flow wp-block-column-is-layout-flow\" style=\"flex-basis:25%\">\n<figure class=\"wp-block-image alignleft size-full is-resized\"><img loading=\"lazy\" decoding=\"async\" width=\"604\" height=\"534\" src=\"http:\/\/lebiopretaplanter.fr\/wp-content\/uploads\/2024\/12\/PERSIL-FRISE.jpg\" alt=\"\" class=\"wp-image-314\" style=\"width:290px;height:auto\" srcset=\"http:\/\/lebiopretaplanter.fr\/wp-content\/uploads\/2024\/12\/PERSIL-FRISE.jpg 604w, http:\/\/lebiopretaplanter.fr\/wp-content\/uploads\/2024\/12\/PERSIL-FRISE-300x265.jpg 300w\" sizes=\"auto, (max-width: 604px) 100vw, 604px\" \/><figcaption class=\"wp-element-caption\">Persil fris\u00e9 vert fonc\u00e9<\/figcaption><\/figure>\n<\/div>\n<\/div>\n\n\n\n<h1 class=\"wp-block-heading has-text-align-center has-primary-color has-background-background-color has-text-color has-background has-link-color wp-elements-2953a27bcffcd3aee566f93a50d343e8\" style=\"padding-top:var(--wp--preset--spacing--20);padding-right:var(--wp--preset--spacing--20);padding-bottom:var(--wp--preset--spacing--20);padding-left:var(--wp--preset--spacing--20)\">L&rsquo;incontournable aromate<\/h1>\n\n\n\n<p class=\"has-text-align-center\">Que l\u2019on soit amateur de persil plat ou fris\u00e9, cette plante est l\u2019un des condiments pr\u00e9f\u00e9r\u00e9s des Fran\u00e7ais et est \u00e9galement utilis\u00e9e dans le monde entier. Ses feuilles poss\u00e8dent une odeur et un go\u00fbt tr\u00e8s prononc\u00e9s. Consomm\u00e9 d\u00e8s l\u2019Antiquit\u00e9, il \u00e9tait v\u00e9n\u00e9r\u00e9 par les \u00c9gyptiens et les Romains.<\/p>\n\n\n\n<p class=\"has-text-align-center\">Le persil poss\u00e8de de nombreuses propri\u00e9t\u00e9s m\u00e9dicinales : antiscorbutique, antispasmodique, ap\u00e9ritif, carminatif, digestif, diur\u00e9tique, emm\u00e9nagogue, expectorant, fortifiant, stomachique. \u26a0\ufe0f Attention : le persil peut se r\u00e9v\u00e9ler toxique \u00e0 fortes doses ou en cure prolong\u00e9e.<br><em>Source : \u00ab\u00a0Plantes m\u00e9dicinales mode d&#8217;emploi\u00a0\u00bb d&rsquo;Olivier Escuder, \u00e9dition Ulmer<\/em><\/p>\n\n\n\n<h1 class=\"wp-block-heading has-text-align-left has-primary-color has-background-background-color has-text-color has-background has-link-color wp-elements-ab51ae2a1ff801abbaa7dfbe73211000\" style=\"padding-top:var(--wp--preset--spacing--20);padding-right:var(--wp--preset--spacing--20);padding-bottom:var(--wp--preset--spacing--20);padding-left:var(--wp--preset--spacing--20)\">M\u00e9thode de culture du persil<\/h1>\n\n\n\n<p>\ud83c\udf31 <strong>Pr\u00e9sentation<\/strong> : Le persil est une <strong>plante bisannuelle<\/strong>, aromatique tr\u00e8s appr\u00e9ci\u00e9e pour ses feuilles parfum\u00e9es.<\/p>\n\n\n\n<p>\u2600\ufe0f <strong>Exposition<\/strong> : Le persil appr\u00e9cie le soleil, mais tol\u00e8re \u00e9galement une mi-ombre.<\/p>\n\n\n\n<p>\ud83c\udf3f <strong>Sol<\/strong> : Le persil aime les sols l\u00e9gers (sableux, sablo-limoneux ou limoneux), bien drain\u00e9s et enrichis en mati\u00e8re organique. Il ne supporte pas l\u2019asphyxie racinaire et sa racine pivot est tr\u00e8s fragile. Un apport de compost avant plantation est b\u00e9n\u00e9fique.<\/p>\n\n\n\n<p>\ud83c\udf3e <strong>Plantation<\/strong> : distance entre les plants : 30 cm. Planter d\u00e9licatement les plants en pleine terre ou en jardini\u00e8re d\u2019au moins 20 cm de profondeur, en veillant \u00e0 ne pas ab\u00eemer la racine.<\/p>\n\n\n\n<p>\ud83d\udca7 <strong>Arrosage<\/strong> : Tol\u00e9rant \u00e0 la s\u00e9cheresse, le persil appr\u00e9cie n\u00e9anmoins un arrosage r\u00e9gulier et l\u00e9ger pour des r\u00e9coltes continues.<\/p>\n\n\n\n<p>\ud83d\udee0\ufe0f <strong>Entretien<\/strong> :<\/p>\n\n\n\n<ul class=\"wp-block-list\">\n<li>Biner et d\u00e9sherber autour des plants<\/li>\n\n\n\n<li>Surveiller l\u2019humidit\u00e9 du sol<\/li>\n\n\n\n<li>Retirer les vieilles feuilles et tiges<\/li>\n\n\n\n<li>Prot\u00e9ger les racines lors de l\u2019entretien pour \u00e9viter les stress hydriques<\/li>\n<\/ul>\n\n\n\n<p>\u2702\ufe0f <strong>R\u00e9colte<\/strong> : R\u00e9colter les feuilles bien d\u00e9velopp\u00e9es en pin\u00e7ant \u00e0 la base des tiges, au plus proche du c\u0153ur. Laisser toujours les feuilles centrales en cours de d\u00e9veloppement pour prolonger la production.<\/p>\n\n\n\n<p>\ud83c\udf31 <strong>\u00c0 consommer<\/strong> : Le persil se consomme frais dans les salades, sauces, soupes et plats cuisin\u00e9s. Il peut \u00e9galement \u00eatre congel\u00e9 ou s\u00e9ch\u00e9 pour une utilisation ult\u00e9rieure.<\/p>\n","protected":false},"excerpt":{"rendered":"<p>Nos plants de persil sont disponibles : de mi mars \u00e0 fin octobre Famille : Apiac\u00e9esNom latin : Petroselinum crispum&nbsp;L.Origine : de l&rsquo;Asie, d&rsquo;Afrique du nord et de Macaron\u00e9sie.Vari\u00e9t\u00e9s produites : Plat g\u00e9ant d&rsquo;Italie et Fris\u00e9 vert fonc\u00e9 L&rsquo;incontournable aromate Que l\u2019on soit amateur de persil plat ou fris\u00e9, cette plante est l\u2019un des condiments [&hellip;]<\/p>\n","protected":false},"author":1,"featured_media":0,"parent":0,"menu_order":0,"comment_status":"closed","ping_status":"closed","template":"","meta":{"footnotes":""},"class_list":["post-312","page","type-page","status-publish","hentry"],"_links":{"self":[{"href":"http:\/\/lebiopretaplanter.fr\/index.php\/wp-json\/wp\/v2\/pages\/312","targetHints":{"allow":["GET"]}}],"collection":[{"href":"http:\/\/lebiopretaplanter.fr\/index.php\/wp-json\/wp\/v2\/pages"}],"about":[{"href":"http:\/\/lebiopretaplanter.fr\/index.php\/wp-json\/wp\/v2\/types\/page"}],"author":[{"embeddable":true,"href":"http:\/\/lebiopretaplanter.fr\/index.php\/wp-json\/wp\/v2\/users\/1"}],"replies":[{"embeddable":true,"href":"http:\/\/lebiopretaplanter.fr\/index.php\/wp-json\/wp\/v2\/comments?post=312"}],"version-history":[{"count":10,"href":"http:\/\/lebiopretaplanter.fr\/index.php\/wp-json\/wp\/v2\/pages\/312\/revisions"}],"predecessor-version":[{"id":1533,"href":"http:\/\/lebiopretaplanter.fr\/index.php\/wp-json\/wp\/v2\/pages\/312\/revisions\/1533"}],"wp:attachment":[{"href":"http:\/\/lebiopretaplanter.fr\/index.php\/wp-json\/wp\/v2\/media?parent=312"}],"curies":[{"name":"wp","href":"https:\/\/api.w.org\/{rel}","templated":true}]}}