{"id":292,"date":"2024-12-02T10:43:32","date_gmt":"2024-12-02T09:43:32","guid":{"rendered":"http:\/\/lebiopretaplanter.fr\/?page_id=292"},"modified":"2026-03-29T21:45:05","modified_gmt":"2026-03-29T19:45:05","slug":"cerfeuil","status":"publish","type":"page","link":"http:\/\/lebiopretaplanter.fr\/index.php\/cerfeuil\/","title":{"rendered":"Cerfeuil"},"content":{"rendered":"\n<h2 class=\"wp-block-heading has-text-align-center\"><strong>plants de cerfeuil INdisponibles POUR LA SAISON 2026 (production \u00c0 perte en 2025)<\/strong>, suivant demande on en reproduira en 2027 !<\/h2>\n\n\n\n<div class=\"wp-block-columns are-vertically-aligned-center has-background-background-color has-background is-layout-flex wp-container-core-columns-is-layout-28f84493 wp-block-columns-is-layout-flex\">\n<div class=\"wp-block-column is-vertically-aligned-center is-layout-flow wp-block-column-is-layout-flow\" style=\"flex-basis:50%\">\n<div class=\"wp-block-group is-layout-constrained wp-block-group-is-layout-constrained\">\n<div class=\"wp-block-group is-layout-constrained wp-block-group-is-layout-constrained\">\n<div class=\"wp-block-columns is-layout-flex wp-container-core-columns-is-layout-28f84493 wp-block-columns-is-layout-flex\">\n<div class=\"wp-block-column is-layout-flow wp-block-column-is-layout-flow\" style=\"flex-basis:100%\">\n<p style=\"border-style:none;border-width:0px\">Famille : Apiac\u00e9es<br>Nom latin : <em>Anthriscus cerefolium<\/em>&nbsp;L.<br>Origine : probablement autour du basin m\u00e9diterran\u00e9en<br>Vari\u00e9t\u00e9 produite : <em>Commun<\/em><\/p>\n<\/div>\n<\/div>\n<\/div>\n<\/div>\n<\/div>\n\n\n\n<div class=\"wp-block-column is-vertically-aligned-center is-layout-flow wp-block-column-is-layout-flow\" style=\"flex-basis:50%\">\n<figure class=\"wp-block-image aligncenter size-full is-resized wp-duotone-unset-1\" style=\"margin-right:0;margin-left:0\"><img loading=\"lazy\" decoding=\"async\" width=\"603\" height=\"531\" src=\"http:\/\/lebiopretaplanter.fr\/wp-content\/uploads\/2024\/12\/CERFEUIL.jpg\" alt=\"\" class=\"wp-image-293\" style=\"width:291px;height:auto\" srcset=\"http:\/\/lebiopretaplanter.fr\/wp-content\/uploads\/2024\/12\/CERFEUIL.jpg 603w, http:\/\/lebiopretaplanter.fr\/wp-content\/uploads\/2024\/12\/CERFEUIL-300x264.jpg 300w\" sizes=\"auto, (max-width: 603px) 100vw, 603px\" \/><\/figure>\n<\/div>\n<\/div>\n\n\n\n<h1 class=\"wp-block-heading has-text-align-center has-primary-color has-background-background-color has-text-color has-background has-link-color wp-elements-de901f58ba81b64c30e530ad32464c62\" style=\"padding-top:var(--wp--preset--spacing--20);padding-right:var(--wp--preset--spacing--20);padding-bottom:var(--wp--preset--spacing--20);padding-left:var(--wp--preset--spacing--20)\">Plante condimentaire tr\u00e8s fine, cousin du persil<\/h1>\n\n\n\n<p class=\"has-text-align-center\">Les feuilles du cerfeuil poss\u00e8dent une odeur et un go\u00fbt tr\u00e8s agr\u00e9ables, l\u00e9g\u00e8rement anis\u00e9e avec des notes de de r\u00e9glisse.<br>Utilis\u00e9 pour parfumer salades, taboul\u00e9s et sauces. Sa saveur se marie parfaitement avec poissons et fruits de mer.<\/p>\n\n\n\n<p class=\"has-text-align-center\">Attention : \u00e0 l&rsquo;\u00e9tat sauvage, un fort risque de confusion avec l&rsquo;\u00c9thuse ou la Petite Cigu\u00eb n&rsquo;est pas n\u00e9gliger.<br>En effet, ses derni\u00e8res sont tr\u00e8s toxiques et potentiellement mortelles.<br>Il conviendra donc de se procurer le Cerfeuil uniquement aupr\u00e8s de producteurs professionnels.<\/p>\n\n\n\n<p class=\"has-text-align-center\">Les nombreuses propri\u00e9t\u00e9s m\u00e9dicinales des feuilles du cerfeuil sont :<br>antirhumatismal, carminatif, cicatrisant, d\u00e9puratif, dermatologique, digestif, diur\u00e9tique, stimulant<br>Tr\u00e8s efficace pour provoquer l&rsquo;arr\u00eat de l&rsquo;\u00e9coulement de lait des seins de femmes allaitantes. Il suffit de poser des cataplasmes de feuilles fra\u00eeches sur les mamelons, pour stopper la lactation.<br>Source : \u00ab\u00a0Plantes m\u00e9dicinales mode d&#8217;emploi\u00a0\u00bb d&rsquo;Olivier Escuder \u00e9dition Ulmer<br><\/p>\n\n\n\n<h1 class=\"wp-block-heading has-text-align-left has-primary-color has-background-background-color has-text-color has-background has-link-color wp-elements-2c2d49732d2b67f233de32adde8ec3ad\" style=\"padding-top:var(--wp--preset--spacing--20);padding-right:0;padding-bottom:var(--wp--preset--spacing--20);padding-left:0\">M\u00e9thode de culture du cerfeuil<\/h1>\n\n\n\n<p>\ud83c\udf31 <strong>Pr\u00e9sentation<\/strong> : Le cerfeuil est une <strong>plante bisannuelle<\/strong>, cultiv\u00e9e comme annuelle pour ses <strong>feuilles finement d\u00e9coup\u00e9es<\/strong> au go\u00fbt d\u00e9licat, l\u00e9g\u00e8rement anis\u00e9. Il est utilis\u00e9 comme aromate dans de nombreuses pr\u00e9parations, sauces, salades, soupes et omelettes.<\/p>\n\n\n\n<p>\u2600\ufe0f <strong>Exposition<\/strong> : Pr\u00e9f\u00e8re une exposition <strong>mi-ombrag\u00e9e<\/strong>, surtout pendant les p\u00e9riodes chaudes, pour \u00e9viter que les feuilles ne montent rapidement \u00e0 graines.<\/p>\n\n\n\n<p>\ud83c\udf3f <strong>Sol<\/strong> : Appr\u00e9cie un sol <strong>fertile, l\u00e9ger et bien drain\u00e9<\/strong>, enrichi de <strong>compost<\/strong> \u00e0 la plantation. Sensible \u00e0 l\u2019asphyxie racinaire, ne pas planter dans un sol trop compact ou humide.<\/p>\n\n\n\n<p>\ud83d\udca7 <strong>Arrosage<\/strong> : Maintenir le sol <strong>humide<\/strong>, sans exc\u00e8s d\u2019eau, pour favoriser une croissance r\u00e9guli\u00e8re.<\/p>\n\n\n\n<p>\ud83d\udee0\ufe0f <strong>Entretien<\/strong> :<\/p>\n\n\n\n<ul class=\"wp-block-list\">\n<li>Retirer les feuilles ab\u00eem\u00e9es pour stimuler la production.<\/li>\n\n\n\n<li>La plante est d\u00e9licate\u202f: manipuler les racines avec pr\u00e9caution lors de la plantation pour \u00e9viter le stress.<\/li>\n<\/ul>\n\n\n\n<p>\ud83c\udf3e <strong>Plantation<\/strong> : Espacer les plants de <strong>25 \u00e0 30 cm<\/strong> pour laisser les racines se d\u00e9velopper et faciliter la r\u00e9colte.<\/p>\n\n\n\n<p>\u2702\ufe0f <strong>R\u00e9colte<\/strong> : Pr\u00e9lever les feuilles <strong>au fur et \u00e0 mesure de vos besoins<\/strong>, en pin\u00e7ant au plus proche du c\u0153ur pour laisser la plante produire de nouvelles feuilles.<\/p>\n\n\n\n<p>\ud83c\udf31 <strong>\u00c0 consommer<\/strong> : Cru en salade, ou cuit en soupe, sauce ou omelette.<\/p>\n","protected":false},"excerpt":{"rendered":"<p>plants de cerfeuil INdisponibles POUR LA SAISON 2026 (production \u00c0 perte en 2025), suivant demande on en reproduira en 2027 ! Famille : Apiac\u00e9esNom latin : Anthriscus cerefolium&nbsp;L.Origine : probablement autour du basin m\u00e9diterran\u00e9enVari\u00e9t\u00e9 produite : Commun Plante condimentaire tr\u00e8s fine, cousin du persil Les feuilles du cerfeuil poss\u00e8dent une odeur et un go\u00fbt tr\u00e8s [&hellip;]<\/p>\n","protected":false},"author":1,"featured_media":0,"parent":0,"menu_order":0,"comment_status":"closed","ping_status":"closed","template":"","meta":{"footnotes":""},"class_list":["post-292","page","type-page","status-publish","hentry"],"_links":{"self":[{"href":"http:\/\/lebiopretaplanter.fr\/index.php\/wp-json\/wp\/v2\/pages\/292","targetHints":{"allow":["GET"]}}],"collection":[{"href":"http:\/\/lebiopretaplanter.fr\/index.php\/wp-json\/wp\/v2\/pages"}],"about":[{"href":"http:\/\/lebiopretaplanter.fr\/index.php\/wp-json\/wp\/v2\/types\/page"}],"author":[{"embeddable":true,"href":"http:\/\/lebiopretaplanter.fr\/index.php\/wp-json\/wp\/v2\/users\/1"}],"replies":[{"embeddable":true,"href":"http:\/\/lebiopretaplanter.fr\/index.php\/wp-json\/wp\/v2\/comments?post=292"}],"version-history":[{"count":12,"href":"http:\/\/lebiopretaplanter.fr\/index.php\/wp-json\/wp\/v2\/pages\/292\/revisions"}],"predecessor-version":[{"id":1584,"href":"http:\/\/lebiopretaplanter.fr\/index.php\/wp-json\/wp\/v2\/pages\/292\/revisions\/1584"}],"wp:attachment":[{"href":"http:\/\/lebiopretaplanter.fr\/index.php\/wp-json\/wp\/v2\/media?parent=292"}],"curies":[{"name":"wp","href":"https:\/\/api.w.org\/{rel}","templated":true}]}}

<h2 class="wp-block-heading has-text-align-center"><strong>plants de cerfeuil INdisponibles POUR LA SAISON 2026 (production À perte en 2025)</strong>, suivant demande on en reproduira en 2027 !</h2>



<div class="wp-block-columns are-vertically-aligned-center has-background-background-color has-background is-layout-flex wp-container-core-columns-is-layout-28f84493 wp-block-columns-is-layout-flex">
<div class="wp-block-column is-vertically-aligned-center is-layout-flow wp-block-column-is-layout-flow" style="flex-basis:50%">
<div class="wp-block-group is-layout-constrained wp-block-group-is-layout-constrained">
<div class="wp-block-group is-layout-constrained wp-block-group-is-layout-constrained">
<div class="wp-block-columns is-layout-flex wp-container-core-columns-is-layout-28f84493 wp-block-columns-is-layout-flex">
<div class="wp-block-column is-layout-flow wp-block-column-is-layout-flow" style="flex-basis:100%">
<p style="border-style:none;border-width:0px">Famille : Apiacées<br>Nom latin : <em>Anthriscus cerefolium</em>&nbsp;L.<br>Origine : probablement autour du basin méditerranéen<br>Variété produite : <em>Commun</em></p>
</div>
</div>
</div>
</div>
</div>



<div class="wp-block-column is-vertically-aligned-center is-layout-flow wp-block-column-is-layout-flow" style="flex-basis:50%">
<figure class="wp-block-image aligncenter size-full is-resized wp-duotone-unset-1" style="margin-right:0;margin-left:0"><img loading="lazy" decoding="async" width="603" height="531" src="http://lebiopretaplanter.fr/wp-content/uploads/2024/12/CERFEUIL.jpg" alt="" class="wp-image-293" style="width:291px;height:auto" srcset="http://lebiopretaplanter.fr/wp-content/uploads/2024/12/CERFEUIL.jpg 603w, http://lebiopretaplanter.fr/wp-content/uploads/2024/12/CERFEUIL-300x264.jpg 300w" sizes="auto, (max-width: 603px) 100vw, 603px" /></figure>
</div>
</div>



<h1 class="wp-block-heading has-text-align-center has-primary-color has-background-background-color has-text-color has-background has-link-color wp-elements-de901f58ba81b64c30e530ad32464c62" style="padding-top:var(--wp--preset--spacing--20);padding-right:var(--wp--preset--spacing--20);padding-bottom:var(--wp--preset--spacing--20);padding-left:var(--wp--preset--spacing--20)">Plante condimentaire très fine, cousin du persil</h1>



<p class="has-text-align-center">Les feuilles du cerfeuil possèdent une odeur et un goût très agréables, légèrement anisée avec des notes de de réglisse.<br>Utilisé pour parfumer salades, taboulés et sauces. Sa saveur se marie parfaitement avec poissons et fruits de mer.</p>



<p class="has-text-align-center">Attention : à l&rsquo;état sauvage, un fort risque de confusion avec l&rsquo;Éthuse ou la Petite Ciguë n&rsquo;est pas négliger.<br>En effet, ses dernières sont très toxiques et potentiellement mortelles.<br>Il conviendra donc de se procurer le Cerfeuil uniquement auprès de producteurs professionnels.</p>



<p class="has-text-align-center">Les nombreuses propriétés médicinales des feuilles du cerfeuil sont :<br>antirhumatismal, carminatif, cicatrisant, dépuratif, dermatologique, digestif, diurétique, stimulant<br>Très efficace pour provoquer l&rsquo;arrêt de l&rsquo;écoulement de lait des seins de femmes allaitantes. Il suffit de poser des cataplasmes de feuilles fraîches sur les mamelons, pour stopper la lactation.<br>Source : « Plantes médicinales mode d&#8217;emploi » d&rsquo;Olivier Escuder édition Ulmer<br></p>



<h1 class="wp-block-heading has-text-align-left has-primary-color has-background-background-color has-text-color has-background has-link-color wp-elements-2c2d49732d2b67f233de32adde8ec3ad" style="padding-top:var(--wp--preset--spacing--20);padding-right:0;padding-bottom:var(--wp--preset--spacing--20);padding-left:0">Méthode de culture du cerfeuil</h1>



<p>🌱 <strong>Présentation</strong> : Le cerfeuil est une <strong>plante bisannuelle</strong>, cultivée comme annuelle pour ses <strong>feuilles finement découpées</strong> au goût délicat, légèrement anisé. Il est utilisé comme aromate dans de nombreuses préparations, sauces, salades, soupes et omelettes.</p>



<p>☀️ <strong>Exposition</strong> : Préfère une exposition <strong>mi-ombragée</strong>, surtout pendant les périodes chaudes, pour éviter que les feuilles ne montent rapidement à graines.</p>



<p>🌿 <strong>Sol</strong> : Apprécie un sol <strong>fertile, léger et bien drainé</strong>, enrichi de <strong>compost</strong> à la plantation. Sensible à l’asphyxie racinaire, ne pas planter dans un sol trop compact ou humide.</p>



<p>💧 <strong>Arrosage</strong> : Maintenir le sol <strong>humide</strong>, sans excès d’eau, pour favoriser une croissance régulière.</p>



<p>🛠️ <strong>Entretien</strong> :</p>



<ul class="wp-block-list">
<li>Retirer les feuilles abîmées pour stimuler la production.</li>



<li>La plante est délicate : manipuler les racines avec précaution lors de la plantation pour éviter le stress.</li>
</ul>



<p>🌾 <strong>Plantation</strong> : Espacer les plants de <strong>25 à 30 cm</strong> pour laisser les racines se développer et faciliter la récolte.</p>



<p>✂️ <strong>Récolte</strong> : Prélever les feuilles <strong>au fur et à mesure de vos besoins</strong>, en pinçant au plus proche du cœur pour laisser la plante produire de nouvelles feuilles.</p>



<p>🌱 <strong>À consommer</strong> : Cru en salade, ou cuit en soupe, sauce ou omelette.</p>

<p>plants de cerfeuil INdisponibles POUR LA SAISON 2026 (production À perte en 2025), suivant demande on en reproduira en 2027 ! Famille : ApiacéesNom latin : Anthriscus cerefolium&nbsp;L.Origine : probablement autour du basin méditerranéenVariété produite : Commun Plante condimentaire très fine, cousin du persil Les feuilles du cerfeuil possèdent une odeur et un goût très [&hellip;]</p>
