{"id":1204,"date":"2025-03-12T11:14:10","date_gmt":"2025-03-12T10:14:10","guid":{"rendered":"http:\/\/lebiopretaplanter.fr\/?page_id=1204"},"modified":"2026-03-29T21:42:02","modified_gmt":"2026-03-29T19:42:02","slug":"chicorees","status":"publish","type":"page","link":"http:\/\/lebiopretaplanter.fr\/index.php\/chicorees\/","title":{"rendered":"Chicor\u00e9es"},"content":{"rendered":"\n<h2 class=\"wp-block-heading has-text-align-center\"><strong>Nos plants de chicor\u00e9es sont disponibles : de d\u00e9but mars \u00e0 d\u00e9but avril puis de fin mai \u00e0 fin octobre<\/strong><\/h2>\n\n\n\n<p>Famille : Ast\u00e9rac\u00e9es<br>Noms latin : <em>Cichorium intybus L.<\/em><br>Origine : Europe et Proche-Orient<br>Vari\u00e9t\u00e9s produites : diff\u00e9rentes et adapt\u00e9es \u00e0 chaque saison; toute l&rsquo;ann\u00e9e une large choix de :<\/p>\n\n\n\n<h1 class=\"wp-block-heading has-text-align-center has-primary-color has-background-background-color has-text-color has-background has-link-color has-x-large-font-size wp-elements-e19d2899e50e716a8eb4138b6950c832\" style=\"border-radius:0px;margin-top:0;margin-right:0;margin-bottom:0;margin-left:0;padding-top:var(--wp--preset--spacing--30);padding-right:var(--wp--preset--spacing--30);padding-bottom:var(--wp--preset--spacing--30);padding-left:var(--wp--preset--spacing--30)\">Scarole, Fris\u00e9e, Cornet et Rouge<\/h1>\n\n\n\n<div class=\"wp-block-group is-content-justification-center is-nowrap is-layout-flex wp-container-core-group-is-layout-9193781b wp-block-group-is-layout-flex\">\n<figure class=\"wp-block-image aligncenter size-full is-resized wp-duotone-unset-1\"><img loading=\"lazy\" decoding=\"async\" width=\"606\" height=\"535\" src=\"http:\/\/lebiopretaplanter.fr\/wp-content\/uploads\/2025\/03\/scarole.jpg\" alt=\"\" class=\"wp-image-1205\" style=\"width:290px;height:auto\" srcset=\"http:\/\/lebiopretaplanter.fr\/wp-content\/uploads\/2025\/03\/scarole.jpg 606w, http:\/\/lebiopretaplanter.fr\/wp-content\/uploads\/2025\/03\/scarole-300x265.jpg 300w\" sizes=\"auto, (max-width: 606px) 100vw, 606px\" \/><figcaption class=\"wp-element-caption\">scarole<\/figcaption><\/figure>\n\n\n\n<figure class=\"wp-block-image aligncenter size-full is-resized wp-duotone-unset-2\"><img loading=\"lazy\" decoding=\"async\" width=\"606\" height=\"535\" src=\"http:\/\/lebiopretaplanter.fr\/wp-content\/uploads\/2025\/03\/salade-chicoree-frisee.png\" alt=\"\" class=\"wp-image-1206\" style=\"width:290px;height:auto\" srcset=\"http:\/\/lebiopretaplanter.fr\/wp-content\/uploads\/2025\/03\/salade-chicoree-frisee.png 606w, http:\/\/lebiopretaplanter.fr\/wp-content\/uploads\/2025\/03\/salade-chicoree-frisee-300x265.png 300w\" sizes=\"auto, (max-width: 606px) 100vw, 606px\" \/><figcaption class=\"wp-element-caption\">fris\u00e9e<\/figcaption><\/figure>\n<\/div>\n\n\n\n<div class=\"wp-block-group is-content-justification-center is-nowrap is-layout-flex wp-container-core-group-is-layout-9193781b wp-block-group-is-layout-flex\">\n<figure class=\"wp-block-image aligncenter size-full is-resized wp-duotone-unset-3\"><img loading=\"lazy\" decoding=\"async\" width=\"606\" height=\"535\" src=\"http:\/\/lebiopretaplanter.fr\/wp-content\/uploads\/2025\/03\/salade-cornet-danjou.jpg\" alt=\"\" class=\"wp-image-1207\" style=\"width:290px;height:auto\" srcset=\"http:\/\/lebiopretaplanter.fr\/wp-content\/uploads\/2025\/03\/salade-cornet-danjou.jpg 606w, http:\/\/lebiopretaplanter.fr\/wp-content\/uploads\/2025\/03\/salade-cornet-danjou-300x265.jpg 300w\" sizes=\"auto, (max-width: 606px) 100vw, 606px\" \/><figcaption class=\"wp-element-caption\">cornet d&rsquo;Anjou<\/figcaption><\/figure>\n\n\n\n<figure class=\"wp-block-image aligncenter size-full is-resized wp-duotone-unset-4\"><img loading=\"lazy\" decoding=\"async\" width=\"606\" height=\"533\" src=\"http:\/\/lebiopretaplanter.fr\/wp-content\/uploads\/2025\/03\/salade-chicoree-rouge-de-veron.jpg\" alt=\"\" class=\"wp-image-1208\" style=\"width:290px;height:auto\" srcset=\"http:\/\/lebiopretaplanter.fr\/wp-content\/uploads\/2025\/03\/salade-chicoree-rouge-de-veron.jpg 606w, http:\/\/lebiopretaplanter.fr\/wp-content\/uploads\/2025\/03\/salade-chicoree-rouge-de-veron-300x264.jpg 300w\" sizes=\"auto, (max-width: 606px) 100vw, 606px\" \/><figcaption class=\"wp-element-caption\">rouge de V\u00e9rone<\/figcaption><\/figure>\n<\/div>\n\n\n\n<div class=\"wp-block-group is-layout-constrained wp-block-group-is-layout-constrained\">\n<h1 class=\"wp-block-heading has-text-align-left has-primary-color has-background-background-color has-text-color has-background has-link-color wp-elements-792d3f732dbbb3594ab27d36aaeadbc0\" style=\"padding-top:var(--wp--preset--spacing--20);padding-right:var(--wp--preset--spacing--20);padding-bottom:var(--wp--preset--spacing--20);padding-left:var(--wp--preset--spacing--20)\">M\u00e9thode de culture des chicor\u00e9es :<\/h1>\n\n\n\n<p>\ud83c\udf31 <strong>Pr\u00e9sentation<\/strong> : La chicor\u00e9e est une <strong>plante bisannuelle<\/strong>, cultiv\u00e9e comme annuelle pour ses <strong>feuilles comestibles<\/strong> ou ses <strong>c\u0153urs blanchis<\/strong> selon les vari\u00e9t\u00e9s (scarole, fris\u00e9e, pain de sucre, radicchio\u2026). Elle apporte une saveur l\u00e9g\u00e8rement am\u00e8re et croquante.<\/p>\n\n\n\n<p>\u2600\ufe0f <strong>Exposition<\/strong> : Pr\u00e9f\u00e8re une exposition <strong>ensoleill\u00e9e<\/strong>, mais tol\u00e8re une l\u00e9g\u00e8re mi-ombre, surtout par temps chaud.<\/p>\n\n\n\n<p>\ud83c\udf3f <strong>Sol<\/strong> : Appr\u00e9cie un sol <strong>fertile, profond, bien drain\u00e9<\/strong>, enrichi de <strong>compost<\/strong> avant plantation. N\u2019appr\u00e9cie pas les sols compacts ou trop secs.<\/p>\n\n\n\n<p>\ud83d\udca7 <strong>Arrosage<\/strong> : Maintenir le sol <strong>humide<\/strong>, particuli\u00e8rement en p\u00e9riode de croissance active ou pour le blanchiment des c\u0153urs.<\/p>\n\n\n\n<p>\ud83d\udee0\ufe0f <strong>Entretien<\/strong> :<\/p>\n\n\n\n<ul class=\"wp-block-list\">\n<li>Surveiller les <strong>gast\u00e9ropodes (limaces et escargots)<\/strong> qui peuvent ab\u00eemer les jeunes feuilles et c\u0153urs.<\/li>\n\n\n\n<li>Retirer les feuilles ab\u00eem\u00e9es pour favoriser une production r\u00e9guli\u00e8re.<\/li>\n\n\n\n<li>Pour le <strong>blanchiment des c\u0153urs<\/strong>, recouvrir les feuilles sup\u00e9rieures en pliant ou liant l\u00e9g\u00e8rement les feuilles autour du c\u0153ur pour le prot\u00e9ger de la lumi\u00e8re.<\/li>\n<\/ul>\n\n\n\n<p>\ud83c\udf3e <strong>Plantation<\/strong> : Espacer les plants de <strong>30 \u00e0 40 cm<\/strong>, selon la vari\u00e9t\u00e9 et la taille finale des feuilles ou du c\u0153ur.<\/p>\n\n\n\n<p>\u2702\ufe0f <strong>R\u00e9colte<\/strong> : R\u00e9colter les feuilles ou le c\u0153ur <strong>lorsqu\u2019ils sont bien d\u00e9velopp\u00e9s et tendres<\/strong>. La r\u00e9colte peut \u00eatre progressive en prenant les feuilles ext\u00e9rieures ou le c\u0153ur entier selon l\u2019utilisation.<\/p>\n\n\n\n<p>\ud83c\udf31 <strong>\u00c0 consommer<\/strong> : Cru en salade, ou cuit en soupe, gratin ou po\u00eal\u00e9.<\/p>\n<\/div>\n","protected":false},"excerpt":{"rendered":"<p>Nos plants de chicor\u00e9es sont disponibles : de d\u00e9but mars \u00e0 d\u00e9but avril puis de fin mai \u00e0 fin octobre Famille : Ast\u00e9rac\u00e9esNoms latin : Cichorium intybus L.Origine : Europe et Proche-OrientVari\u00e9t\u00e9s produites : diff\u00e9rentes et adapt\u00e9es \u00e0 chaque saison; toute l&rsquo;ann\u00e9e une large choix de : Scarole, Fris\u00e9e, Cornet et Rouge M\u00e9thode de culture [&hellip;]<\/p>\n","protected":false},"author":1,"featured_media":0,"parent":0,"menu_order":0,"comment_status":"closed","ping_status":"closed","template":"","meta":{"footnotes":""},"class_list":["post-1204","page","type-page","status-publish","hentry"],"_links":{"self":[{"href":"http:\/\/lebiopretaplanter.fr\/index.php\/wp-json\/wp\/v2\/pages\/1204","targetHints":{"allow":["GET"]}}],"collection":[{"href":"http:\/\/lebiopretaplanter.fr\/index.php\/wp-json\/wp\/v2\/pages"}],"about":[{"href":"http:\/\/lebiopretaplanter.fr\/index.php\/wp-json\/wp\/v2\/types\/page"}],"author":[{"embeddable":true,"href":"http:\/\/lebiopretaplanter.fr\/index.php\/wp-json\/wp\/v2\/users\/1"}],"replies":[{"embeddable":true,"href":"http:\/\/lebiopretaplanter.fr\/index.php\/wp-json\/wp\/v2\/comments?post=1204"}],"version-history":[{"count":3,"href":"http:\/\/lebiopretaplanter.fr\/index.php\/wp-json\/wp\/v2\/pages\/1204\/revisions"}],"predecessor-version":[{"id":1582,"href":"http:\/\/lebiopretaplanter.fr\/index.php\/wp-json\/wp\/v2\/pages\/1204\/revisions\/1582"}],"wp:attachment":[{"href":"http:\/\/lebiopretaplanter.fr\/index.php\/wp-json\/wp\/v2\/media?parent=1204"}],"curies":[{"name":"wp","href":"https:\/\/api.w.org\/{rel}","templated":true}]}}

Chicorées

<h2 class="wp-block-heading has-text-align-center"><strong>Nos plants de chicorées sont disponibles : de début mars à début avril puis de fin mai à fin octobre</strong></h2>



<p>Famille : Astéracées<br>Noms latin : <em>Cichorium intybus L.</em><br>Origine : Europe et Proche-Orient<br>Variétés produites : différentes et adaptées à chaque saison; toute l&rsquo;année une large choix de :</p>



<h1 class="wp-block-heading has-text-align-center has-primary-color has-background-background-color has-text-color has-background has-link-color has-x-large-font-size wp-elements-e19d2899e50e716a8eb4138b6950c832" style="border-radius:0px;margin-top:0;margin-right:0;margin-bottom:0;margin-left:0;padding-top:var(--wp--preset--spacing--30);padding-right:var(--wp--preset--spacing--30);padding-bottom:var(--wp--preset--spacing--30);padding-left:var(--wp--preset--spacing--30)">Scarole, Frisée, Cornet et Rouge</h1>



<div class="wp-block-group is-content-justification-center is-nowrap is-layout-flex wp-container-core-group-is-layout-9193781b wp-block-group-is-layout-flex">
<figure class="wp-block-image aligncenter size-full is-resized wp-duotone-unset-1"><img loading="lazy" decoding="async" width="606" height="535" src="http://lebiopretaplanter.fr/wp-content/uploads/2025/03/scarole.jpg" alt="" class="wp-image-1205" style="width:290px;height:auto" srcset="http://lebiopretaplanter.fr/wp-content/uploads/2025/03/scarole.jpg 606w, http://lebiopretaplanter.fr/wp-content/uploads/2025/03/scarole-300x265.jpg 300w" sizes="auto, (max-width: 606px) 100vw, 606px" /><figcaption class="wp-element-caption">scarole</figcaption></figure>



<figure class="wp-block-image aligncenter size-full is-resized wp-duotone-unset-2"><img loading="lazy" decoding="async" width="606" height="535" src="http://lebiopretaplanter.fr/wp-content/uploads/2025/03/salade-chicoree-frisee.png" alt="" class="wp-image-1206" style="width:290px;height:auto" srcset="http://lebiopretaplanter.fr/wp-content/uploads/2025/03/salade-chicoree-frisee.png 606w, http://lebiopretaplanter.fr/wp-content/uploads/2025/03/salade-chicoree-frisee-300x265.png 300w" sizes="auto, (max-width: 606px) 100vw, 606px" /><figcaption class="wp-element-caption">frisée</figcaption></figure>
</div>



<div class="wp-block-group is-content-justification-center is-nowrap is-layout-flex wp-container-core-group-is-layout-9193781b wp-block-group-is-layout-flex">
<figure class="wp-block-image aligncenter size-full is-resized wp-duotone-unset-3"><img loading="lazy" decoding="async" width="606" height="535" src="http://lebiopretaplanter.fr/wp-content/uploads/2025/03/salade-cornet-danjou.jpg" alt="" class="wp-image-1207" style="width:290px;height:auto" srcset="http://lebiopretaplanter.fr/wp-content/uploads/2025/03/salade-cornet-danjou.jpg 606w, http://lebiopretaplanter.fr/wp-content/uploads/2025/03/salade-cornet-danjou-300x265.jpg 300w" sizes="auto, (max-width: 606px) 100vw, 606px" /><figcaption class="wp-element-caption">cornet d&rsquo;Anjou</figcaption></figure>



<figure class="wp-block-image aligncenter size-full is-resized wp-duotone-unset-4"><img loading="lazy" decoding="async" width="606" height="533" src="http://lebiopretaplanter.fr/wp-content/uploads/2025/03/salade-chicoree-rouge-de-veron.jpg" alt="" class="wp-image-1208" style="width:290px;height:auto" srcset="http://lebiopretaplanter.fr/wp-content/uploads/2025/03/salade-chicoree-rouge-de-veron.jpg 606w, http://lebiopretaplanter.fr/wp-content/uploads/2025/03/salade-chicoree-rouge-de-veron-300x264.jpg 300w" sizes="auto, (max-width: 606px) 100vw, 606px" /><figcaption class="wp-element-caption">rouge de Vérone</figcaption></figure>
</div>



<div class="wp-block-group is-layout-constrained wp-block-group-is-layout-constrained">
<h1 class="wp-block-heading has-text-align-left has-primary-color has-background-background-color has-text-color has-background has-link-color wp-elements-792d3f732dbbb3594ab27d36aaeadbc0" style="padding-top:var(--wp--preset--spacing--20);padding-right:var(--wp--preset--spacing--20);padding-bottom:var(--wp--preset--spacing--20);padding-left:var(--wp--preset--spacing--20)">Méthode de culture des chicorées :</h1>



<p>🌱 <strong>Présentation</strong> : La chicorée est une <strong>plante bisannuelle</strong>, cultivée comme annuelle pour ses <strong>feuilles comestibles</strong> ou ses <strong>cœurs blanchis</strong> selon les variétés (scarole, frisée, pain de sucre, radicchio…). Elle apporte une saveur légèrement amère et croquante.</p>



<p>☀️ <strong>Exposition</strong> : Préfère une exposition <strong>ensoleillée</strong>, mais tolère une légère mi-ombre, surtout par temps chaud.</p>



<p>🌿 <strong>Sol</strong> : Apprécie un sol <strong>fertile, profond, bien drainé</strong>, enrichi de <strong>compost</strong> avant plantation. N’apprécie pas les sols compacts ou trop secs.</p>



<p>💧 <strong>Arrosage</strong> : Maintenir le sol <strong>humide</strong>, particulièrement en période de croissance active ou pour le blanchiment des cœurs.</p>



<p>🛠️ <strong>Entretien</strong> :</p>



<ul class="wp-block-list">
<li>Surveiller les <strong>gastéropodes (limaces et escargots)</strong> qui peuvent abîmer les jeunes feuilles et cœurs.</li>



<li>Retirer les feuilles abîmées pour favoriser une production régulière.</li>



<li>Pour le <strong>blanchiment des cœurs</strong>, recouvrir les feuilles supérieures en pliant ou liant légèrement les feuilles autour du cœur pour le protéger de la lumière.</li>
</ul>



<p>🌾 <strong>Plantation</strong> : Espacer les plants de <strong>30 à 40 cm</strong>, selon la variété et la taille finale des feuilles ou du cœur.</p>



<p>✂️ <strong>Récolte</strong> : Récolter les feuilles ou le cœur <strong>lorsqu’ils sont bien développés et tendres</strong>. La récolte peut être progressive en prenant les feuilles extérieures ou le cœur entier selon l’utilisation.</p>



<p>🌱 <strong>À consommer</strong> : Cru en salade, ou cuit en soupe, gratin ou poêlé.</p>
</div>

<p>Nos plants de chicorées sont disponibles : de début mars à début avril puis de fin mai à fin octobre Famille : AstéracéesNoms latin : Cichorium intybus L.Origine : Europe et Proche-OrientVariétés produites : différentes et adaptées à chaque saison; toute l&rsquo;année une large choix de : Scarole, Frisée, Cornet et Rouge Méthode de culture [&hellip;]</p>
