{"id":1128,"date":"2025-02-17T21:53:56","date_gmt":"2025-02-17T20:53:56","guid":{"rendered":"http:\/\/lebiopretaplanter.fr\/?page_id=1128"},"modified":"2026-03-29T21:58:07","modified_gmt":"2026-03-29T19:58:07","slug":"baies-de-goji","status":"publish","type":"page","link":"http:\/\/lebiopretaplanter.fr\/index.php\/baies-de-goji\/","title":{"rendered":"Baies de Goji"},"content":{"rendered":"\n<h2 class=\"wp-block-heading has-text-align-center\"><strong>Nos plants de Goji sont disponibles : \u00e0 partir d<\/strong>&lsquo;<strong>avril<\/strong><\/h2>\n\n\n\n<p>Famille : Solanac\u00e9es<br>Nom latin : <em>Lycium barbarum<\/em><br>Vari\u00e9t\u00e9s produites : Lyciet de barbarie<\/p>\n\n\n\n<div style=\"height:19px\" aria-hidden=\"true\" class=\"wp-block-spacer\"><\/div>\n\n\n\n<div class=\"wp-block-group is-content-justification-center is-nowrap is-layout-flex wp-container-core-group-is-layout-23441af8 wp-block-group-is-layout-flex\">\n<figure class=\"wp-block-image aligncenter size-full is-resized wp-duotone-unset-1\"><img loading=\"lazy\" decoding=\"async\" width=\"602\" height=\"535\" src=\"http:\/\/lebiopretaplanter.fr\/wp-content\/uploads\/2025\/02\/baie-de-goji.jpg\" alt=\"\" class=\"wp-image-1129\" style=\"width:290px;height:auto\" srcset=\"http:\/\/lebiopretaplanter.fr\/wp-content\/uploads\/2025\/02\/baie-de-goji.jpg 602w, http:\/\/lebiopretaplanter.fr\/wp-content\/uploads\/2025\/02\/baie-de-goji-300x267.jpg 300w\" sizes=\"auto, (max-width: 602px) 100vw, 602px\" \/><figcaption class=\"wp-element-caption\">Baies de Goji (Lyciet de barbarie)<\/figcaption><\/figure>\n<\/div>\n\n\n\n<div class=\"wp-block-group is-layout-constrained wp-block-group-is-layout-constrained\">\n<h1 class=\"wp-block-heading has-text-align-center has-primary-color has-background-background-color has-text-color has-background has-link-color wp-elements-440d473600cee45c196062246b0f3681\" style=\"padding-top:0;padding-bottom:0\">Caract\u00e9ristiques de cette vari\u00e9t\u00e9 :<\/h1>\n\n\n\n<p><strong>Lyciet de Barbarie<\/strong><br>Arbrisseau \u00e9pineux plus petit que Lycium chinense produisant des fruits qui, une fois s\u00e9ch\u00e9s, sont appel\u00e9s baies de Goji. Affectionne les situations chaudes et les sols drainants, tol\u00e8re les embruns et les sols salins.<\/p>\n\n\n\n<h1 class=\"wp-block-heading has-text-align-left has-primary-color has-background-background-color has-text-color has-background has-link-color wp-elements-dc25820d5fc601c3307858cc7e9333e7\" style=\"padding-top:var(--wp--preset--spacing--20);padding-right:var(--wp--preset--spacing--20);padding-bottom:var(--wp--preset--spacing--20);padding-left:var(--wp--preset--spacing--20)\">M\u00e9thode de culture des baies de Goji :<\/h1>\n\n\n\n<p>L\ud83c\udf31 <strong>Pr\u00e9sentation<\/strong> : Le goji est un <strong>arbuste vivace<\/strong>, originaire de Chine, cultiv\u00e9 pour ses <strong>baies rouges allong\u00e9es tr\u00e8s riches en vitamines et antioxydants<\/strong>. Ces fruits sont consomm\u00e9s frais ou s\u00e9ch\u00e9s, et sont r\u00e9put\u00e9s pour leurs propri\u00e9t\u00e9s nutritionnelles et m\u00e9dicinales.<\/p>\n\n\n\n<p>\u2600\ufe0f <strong>Exposition<\/strong> : Pr\u00e9f\u00e8re une <strong>exposition ensoleill\u00e9e<\/strong>, prot\u00e9g\u00e9e du vent pour \u00e9viter la casse des branches et favoriser une bonne maturation des fruits.<\/p>\n\n\n\n<p>\ud83c\udf3f <strong>Sol<\/strong> : Appr\u00e9cie un sol <strong>fertile, bien drain\u00e9, l\u00e9g\u00e8rement acide \u00e0 neutre<\/strong>, tol\u00e8re les sols pauvres mais pousse mieux avec un apport de compost ou mati\u00e8re organique. \u00c9viter les sols constamment humides.<\/p>\n\n\n\n<p>\ud83d\udca7 <strong>Arrosage<\/strong> : Arroser r\u00e9guli\u00e8rement les jeunes plants pour favoriser l\u2019enracinement. Une fois install\u00e9, le goji tol\u00e8re mieux la s\u00e9cheresse, mais un arrosage mod\u00e9r\u00e9 pendant les p\u00e9riodes s\u00e8ches favorise la fructification.<\/p>\n\n\n\n<p>\ud83d\udee0\ufe0f <strong>Entretien<\/strong> :<\/p>\n\n\n\n<ul class=\"wp-block-list\">\n<li><strong>Taille annuelle<\/strong> : Chaque automne, taillez les branches \u00e0 environ <strong>1 m\u00e8tre de hauteur<\/strong> pour favoriser la formation de nouvelles branches fruiti\u00e8res et limiter le bois vieux ou faible.<\/li>\n\n\n\n<li>Supprimer le bois mort et les branches fragiles pour am\u00e9liorer l\u2019a\u00e9ration et la circulation de la lumi\u00e8re.<\/li>\n\n\n\n<li>Un l\u00e9ger palissage ou tuteurage peut \u00eatre utile pour les jeunes plants ou les vari\u00e9t\u00e9s tr\u00e8s productives.<\/li>\n<\/ul>\n\n\n\n<p>\ud83c\udf3e <strong>Plantation<\/strong> : Espacer les plants de <strong>1,5 \u00e0 2 m<\/strong>, selon la vigueur et la vari\u00e9t\u00e9.<\/p>\n\n\n\n<p>\u2702\ufe0f <strong>R\u00e9colte<\/strong> : R\u00e9colter les baies <strong>lorsqu\u2019elles sont bien rouges et souples<\/strong>. Les fruits peuvent \u00eatre consomm\u00e9s frais, s\u00e9ch\u00e9s ou transform\u00e9s en jus, confitures et desserts.<\/p>\n\n\n\n<p>\ud83c\udf31 <strong>\u00c0 consommer<\/strong> : Frais, s\u00e9ch\u00e9s, en jus, confitures ou infusions.<\/p>\n<\/div>\n","protected":false},"excerpt":{"rendered":"<p>Nos plants de Goji sont disponibles : \u00e0 partir d&lsquo;avril Famille : Solanac\u00e9esNom latin : Lycium barbarumVari\u00e9t\u00e9s produites : Lyciet de barbarie Caract\u00e9ristiques de cette vari\u00e9t\u00e9 : Lyciet de BarbarieArbrisseau \u00e9pineux plus petit que Lycium chinense produisant des fruits qui, une fois s\u00e9ch\u00e9s, sont appel\u00e9s baies de Goji. Affectionne les situations chaudes et les sols [&hellip;]<\/p>\n","protected":false},"author":1,"featured_media":0,"parent":0,"menu_order":0,"comment_status":"closed","ping_status":"closed","template":"","meta":{"footnotes":""},"class_list":["post-1128","page","type-page","status-publish","hentry"],"_links":{"self":[{"href":"http:\/\/lebiopretaplanter.fr\/index.php\/wp-json\/wp\/v2\/pages\/1128","targetHints":{"allow":["GET"]}}],"collection":[{"href":"http:\/\/lebiopretaplanter.fr\/index.php\/wp-json\/wp\/v2\/pages"}],"about":[{"href":"http:\/\/lebiopretaplanter.fr\/index.php\/wp-json\/wp\/v2\/types\/page"}],"author":[{"embeddable":true,"href":"http:\/\/lebiopretaplanter.fr\/index.php\/wp-json\/wp\/v2\/users\/1"}],"replies":[{"embeddable":true,"href":"http:\/\/lebiopretaplanter.fr\/index.php\/wp-json\/wp\/v2\/comments?post=1128"}],"version-history":[{"count":2,"href":"http:\/\/lebiopretaplanter.fr\/index.php\/wp-json\/wp\/v2\/pages\/1128\/revisions"}],"predecessor-version":[{"id":1598,"href":"http:\/\/lebiopretaplanter.fr\/index.php\/wp-json\/wp\/v2\/pages\/1128\/revisions\/1598"}],"wp:attachment":[{"href":"http:\/\/lebiopretaplanter.fr\/index.php\/wp-json\/wp\/v2\/media?parent=1128"}],"curies":[{"name":"wp","href":"https:\/\/api.w.org\/{rel}","templated":true}]}}

<h2 class="wp-block-heading has-text-align-center"><strong>Nos plants de Goji sont disponibles : à partir d</strong>&lsquo;<strong>avril</strong></h2>



<p>Famille : Solanacées<br>Nom latin : <em>Lycium barbarum</em><br>Variétés produites : Lyciet de barbarie</p>



<div style="height:19px" aria-hidden="true" class="wp-block-spacer"></div>



<div class="wp-block-group is-content-justification-center is-nowrap is-layout-flex wp-container-core-group-is-layout-23441af8 wp-block-group-is-layout-flex">
<figure class="wp-block-image aligncenter size-full is-resized wp-duotone-unset-1"><img loading="lazy" decoding="async" width="602" height="535" src="http://lebiopretaplanter.fr/wp-content/uploads/2025/02/baie-de-goji.jpg" alt="" class="wp-image-1129" style="width:290px;height:auto" srcset="http://lebiopretaplanter.fr/wp-content/uploads/2025/02/baie-de-goji.jpg 602w, http://lebiopretaplanter.fr/wp-content/uploads/2025/02/baie-de-goji-300x267.jpg 300w" sizes="auto, (max-width: 602px) 100vw, 602px" /><figcaption class="wp-element-caption">Baies de Goji (Lyciet de barbarie)</figcaption></figure>
</div>



<div class="wp-block-group is-layout-constrained wp-block-group-is-layout-constrained">
<h1 class="wp-block-heading has-text-align-center has-primary-color has-background-background-color has-text-color has-background has-link-color wp-elements-440d473600cee45c196062246b0f3681" style="padding-top:0;padding-bottom:0">Caractéristiques de cette variété :</h1>



<p><strong>Lyciet de Barbarie</strong><br>Arbrisseau épineux plus petit que Lycium chinense produisant des fruits qui, une fois séchés, sont appelés baies de Goji. Affectionne les situations chaudes et les sols drainants, tolère les embruns et les sols salins.</p>



<h1 class="wp-block-heading has-text-align-left has-primary-color has-background-background-color has-text-color has-background has-link-color wp-elements-dc25820d5fc601c3307858cc7e9333e7" style="padding-top:var(--wp--preset--spacing--20);padding-right:var(--wp--preset--spacing--20);padding-bottom:var(--wp--preset--spacing--20);padding-left:var(--wp--preset--spacing--20)">Méthode de culture des baies de Goji :</h1>



<p>L🌱 <strong>Présentation</strong> : Le goji est un <strong>arbuste vivace</strong>, originaire de Chine, cultivé pour ses <strong>baies rouges allongées très riches en vitamines et antioxydants</strong>. Ces fruits sont consommés frais ou séchés, et sont réputés pour leurs propriétés nutritionnelles et médicinales.</p>



<p>☀️ <strong>Exposition</strong> : Préfère une <strong>exposition ensoleillée</strong>, protégée du vent pour éviter la casse des branches et favoriser une bonne maturation des fruits.</p>



<p>🌿 <strong>Sol</strong> : Apprécie un sol <strong>fertile, bien drainé, légèrement acide à neutre</strong>, tolère les sols pauvres mais pousse mieux avec un apport de compost ou matière organique. Éviter les sols constamment humides.</p>



<p>💧 <strong>Arrosage</strong> : Arroser régulièrement les jeunes plants pour favoriser l’enracinement. Une fois installé, le goji tolère mieux la sécheresse, mais un arrosage modéré pendant les périodes sèches favorise la fructification.</p>



<p>🛠️ <strong>Entretien</strong> :</p>



<ul class="wp-block-list">
<li><strong>Taille annuelle</strong> : Chaque automne, taillez les branches à environ <strong>1 mètre de hauteur</strong> pour favoriser la formation de nouvelles branches fruitières et limiter le bois vieux ou faible.</li>



<li>Supprimer le bois mort et les branches fragiles pour améliorer l’aération et la circulation de la lumière.</li>



<li>Un léger palissage ou tuteurage peut être utile pour les jeunes plants ou les variétés très productives.</li>
</ul>



<p>🌾 <strong>Plantation</strong> : Espacer les plants de <strong>1,5 à 2 m</strong>, selon la vigueur et la variété.</p>



<p>✂️ <strong>Récolte</strong> : Récolter les baies <strong>lorsqu’elles sont bien rouges et souples</strong>. Les fruits peuvent être consommés frais, séchés ou transformés en jus, confitures et desserts.</p>



<p>🌱 <strong>À consommer</strong> : Frais, séchés, en jus, confitures ou infusions.</p>
</div>

<p>Nos plants de Goji sont disponibles : à partir d&lsquo;avril Famille : SolanacéesNom latin : Lycium barbarumVariétés produites : Lyciet de barbarie Caractéristiques de cette variété : Lyciet de BarbarieArbrisseau épineux plus petit que Lycium chinense produisant des fruits qui, une fois séchés, sont appelés baies de Goji. Affectionne les situations chaudes et les sols [&hellip;]</p>
