{"id":1118,"date":"2025-02-17T21:31:37","date_gmt":"2025-02-17T20:31:37","guid":{"rendered":"http:\/\/lebiopretaplanter.fr\/?page_id=1118"},"modified":"2026-03-29T21:49:39","modified_gmt":"2026-03-29T19:49:39","slug":"cassissier","status":"publish","type":"page","link":"http:\/\/lebiopretaplanter.fr\/index.php\/cassissier\/","title":{"rendered":"Cassissier"},"content":{"rendered":"\n<h2 class=\"wp-block-heading has-text-align-center\"><strong>Nos plants de cassissiers sont disponibles : \u00e0 partir d<\/strong>&lsquo;<strong>avril<\/strong><\/h2>\n\n\n\n<p>Famille : Grossulariac\u00e9es<br>Nom latin : <em>Ribes nigrum<\/em><br>Vari\u00e9t\u00e9s produites : blackdown<\/p>\n\n\n\n<div style=\"height:19px\" aria-hidden=\"true\" class=\"wp-block-spacer\"><\/div>\n\n\n\n<div class=\"wp-block-group is-content-justification-center is-nowrap is-layout-flex wp-container-core-group-is-layout-23441af8 wp-block-group-is-layout-flex\">\n<figure class=\"wp-block-image aligncenter size-full is-resized wp-duotone-unset-1\"><img loading=\"lazy\" decoding=\"async\" width=\"602\" height=\"535\" src=\"http:\/\/lebiopretaplanter.fr\/wp-content\/uploads\/2025\/02\/cassissier-blackdown.jpg\" alt=\"\" class=\"wp-image-1119\" style=\"width:290px;height:auto\" srcset=\"http:\/\/lebiopretaplanter.fr\/wp-content\/uploads\/2025\/02\/cassissier-blackdown.jpg 602w, http:\/\/lebiopretaplanter.fr\/wp-content\/uploads\/2025\/02\/cassissier-blackdown-300x267.jpg 300w\" sizes=\"auto, (max-width: 602px) 100vw, 602px\" \/><figcaption class=\"wp-element-caption\">cassissier blackdown<\/figcaption><\/figure>\n<\/div>\n\n\n\n<div class=\"wp-block-group is-layout-constrained wp-block-group-is-layout-constrained\">\n<h1 class=\"wp-block-heading has-text-align-center has-primary-color has-background-background-color has-text-color has-background has-link-color wp-elements-440d473600cee45c196062246b0f3681\" style=\"padding-top:0;padding-bottom:0\">Caract\u00e9ristiques de cette vari\u00e9t\u00e9 :<\/h1>\n\n\n\n<p><strong>Blackdown<\/strong><br>Tardif. Vari\u00e9t\u00e9 autofertile, obtenue en 1974 en Angleterre, peu sensible \u00e0 l&rsquo;o\u00efdium, sa floraison pr\u00e9coce donne des fruits fermes en grappes courtes et nombreuses. Ne s&rsquo;ab\u00eeme pas \u00e0 la cuisson, sa saveur est douce et sucr\u00e9e. Production tr\u00e8s r\u00e9guli\u00e8re.<\/p>\n\n\n\n<h1 class=\"wp-block-heading has-text-align-left has-primary-color has-background-background-color has-text-color has-background has-link-color wp-elements-001d0254fdeefe38f82ad2c044d8a2ac\" style=\"padding-top:var(--wp--preset--spacing--20);padding-right:var(--wp--preset--spacing--20);padding-bottom:var(--wp--preset--spacing--20);padding-left:var(--wp--preset--spacing--20)\">M\u00e9thode de culture des cassissiers :<\/h1>\n\n\n\n<p>\ud83c\udf31 <strong>Pr\u00e9sentation<\/strong> : Le cassissier est un <strong>arbuste vivace<\/strong>, cultiv\u00e9 pour ses <strong>baies noires et parfum\u00e9es<\/strong>, riches en vitamine C. Il est id\u00e9al pour les confitures, jus, gel\u00e9es ou \u00e0 consommer frais.<\/p>\n\n\n\n<p>\u2600\ufe0f <strong>Exposition<\/strong> : Pr\u00e9f\u00e8re une exposition <strong>ensoleill\u00e9e \u00e0 mi-ombrag\u00e9e<\/strong>, abrit\u00e9e des vents froids pour prot\u00e9ger les jeunes pousses.<\/p>\n\n\n\n<p>\ud83c\udf3f <strong>Sol<\/strong> : Appr\u00e9cie un sol <strong>fertile, frais, riche en mati\u00e8re organique<\/strong>, l\u00e9g\u00e8rement acide \u00e0 neutre (pH 6 \u00e0 7). \u00c9viter les sols trop secs ou calcaires.<\/p>\n\n\n\n<p>\ud83d\udca7 <strong>Arrosage<\/strong> : Maintenir le sol <strong>humide<\/strong>, surtout pendant les p\u00e9riodes s\u00e8ches et la formation des fruits.<\/p>\n\n\n\n<p>\ud83d\udee0\ufe0f <strong>Entretien<\/strong> :<\/p>\n\n\n\n<ul class=\"wp-block-list\">\n<li>Supprimer le bois mort et les branches fragiles pour favoriser la circulation de l\u2019air et la production.<\/li>\n\n\n\n<li>Tailler l\u00e9g\u00e8rement apr\u00e8s la r\u00e9colte pour stimuler la croissance et renouveler les branches fruiti\u00e8res.<\/li>\n\n\n\n<li>Pailler le pied pour maintenir l\u2019humidit\u00e9 et limiter les adventices.<\/li>\n<\/ul>\n\n\n\n<p>\ud83c\udf3e <strong>Plantation<\/strong> : Espacer les plants de <strong>1 \u00e0 1,5 m\u00e8tre<\/strong>, selon la vigueur de la vari\u00e9t\u00e9 et l\u2019espace disponible.<\/p>\n\n\n\n<p>\u2702\ufe0f <strong>R\u00e9colte<\/strong> : R\u00e9colter les baies <strong>lorsqu\u2019elles sont bien noires et parfum\u00e9es<\/strong>, g\u00e9n\u00e9ralement en \u00e9t\u00e9. Les fruits peuvent \u00eatre consomm\u00e9s frais ou transform\u00e9s en confitures, jus ou gel\u00e9es.<\/p>\n\n\n\n<p>\ud83c\udf31 <strong>\u00c0 consommer<\/strong> : Frais, en confiture, jus, gel\u00e9e ou p\u00e2tisserie.<\/p>\n<\/div>\n","protected":false},"excerpt":{"rendered":"<p>Nos plants de cassissiers sont disponibles : \u00e0 partir d&lsquo;avril Famille : Grossulariac\u00e9esNom latin : Ribes nigrumVari\u00e9t\u00e9s produites : blackdown Caract\u00e9ristiques de cette vari\u00e9t\u00e9 : BlackdownTardif. Vari\u00e9t\u00e9 autofertile, obtenue en 1974 en Angleterre, peu sensible \u00e0 l&rsquo;o\u00efdium, sa floraison pr\u00e9coce donne des fruits fermes en grappes courtes et nombreuses. Ne s&rsquo;ab\u00eeme pas \u00e0 la cuisson, [&hellip;]<\/p>\n","protected":false},"author":1,"featured_media":0,"parent":0,"menu_order":0,"comment_status":"closed","ping_status":"closed","template":"","meta":{"footnotes":""},"class_list":["post-1118","page","type-page","status-publish","hentry"],"_links":{"self":[{"href":"http:\/\/lebiopretaplanter.fr\/index.php\/wp-json\/wp\/v2\/pages\/1118","targetHints":{"allow":["GET"]}}],"collection":[{"href":"http:\/\/lebiopretaplanter.fr\/index.php\/wp-json\/wp\/v2\/pages"}],"about":[{"href":"http:\/\/lebiopretaplanter.fr\/index.php\/wp-json\/wp\/v2\/types\/page"}],"author":[{"embeddable":true,"href":"http:\/\/lebiopretaplanter.fr\/index.php\/wp-json\/wp\/v2\/users\/1"}],"replies":[{"embeddable":true,"href":"http:\/\/lebiopretaplanter.fr\/index.php\/wp-json\/wp\/v2\/comments?post=1118"}],"version-history":[{"count":3,"href":"http:\/\/lebiopretaplanter.fr\/index.php\/wp-json\/wp\/v2\/pages\/1118\/revisions"}],"predecessor-version":[{"id":1590,"href":"http:\/\/lebiopretaplanter.fr\/index.php\/wp-json\/wp\/v2\/pages\/1118\/revisions\/1590"}],"wp:attachment":[{"href":"http:\/\/lebiopretaplanter.fr\/index.php\/wp-json\/wp\/v2\/media?parent=1118"}],"curies":[{"name":"wp","href":"https:\/\/api.w.org\/{rel}","templated":true}]}}