{"id":1027,"date":"2025-02-07T18:43:28","date_gmt":"2025-02-07T17:43:28","guid":{"rendered":"http:\/\/lebiopretaplanter.fr\/?page_id=1027"},"modified":"2026-03-29T19:35:47","modified_gmt":"2026-03-29T17:35:47","slug":"pomme-de-terre","status":"publish","type":"page","link":"http:\/\/lebiopretaplanter.fr\/index.php\/pomme-de-terre\/","title":{"rendered":"Pomme de terre"},"content":{"rendered":"\n<h2 class=\"wp-block-heading has-text-align-center\"><strong>Nos plants de pomme de terre sont disponibles \u00e0 partir du 1er mars<\/strong><\/h2>\n\n\n\n<p>Famille : Solanac\u00e9es<br>Nom latin : <em>Solanum tuberosum L.<\/em><br>Origine : Andes<br>Vari\u00e9t\u00e9s produites : Allians, Charlotte, Val\u00e9ry<\/p>\n\n\n\n<div class=\"wp-block-columns are-vertically-aligned-center has-background-background-color has-background has-small-font-size is-layout-flex wp-container-core-columns-is-layout-eb630068 wp-block-columns-is-layout-flex\" style=\"margin-top:0;margin-bottom:0;padding-right:0;padding-left:0\">\n<div class=\"wp-block-column is-vertically-aligned-center is-layout-flow wp-block-column-is-layout-flow\" style=\"flex-basis:33.33%\">\n<figure class=\"wp-block-image aligncenter size-full is-resized wp-duotone-unset-1\"><img loading=\"lazy\" decoding=\"async\" width=\"606\" height=\"535\" src=\"http:\/\/lebiopretaplanter.fr\/wp-content\/uploads\/2025\/02\/pdt-allians-2-1.jpg\" alt=\"\" class=\"wp-image-1031\" style=\"width:290px;height:auto\" srcset=\"http:\/\/lebiopretaplanter.fr\/wp-content\/uploads\/2025\/02\/pdt-allians-2-1.jpg 606w, http:\/\/lebiopretaplanter.fr\/wp-content\/uploads\/2025\/02\/pdt-allians-2-1-300x265.jpg 300w\" sizes=\"auto, (max-width: 606px) 100vw, 606px\" \/><figcaption class=\"wp-element-caption\">pomme de terre Allians<\/figcaption><\/figure>\n<\/div>\n\n\n\n<div class=\"wp-block-column is-vertically-aligned-center is-layout-flow wp-block-column-is-layout-flow\" style=\"flex-basis:33.33%\">\n<figure class=\"wp-block-image aligncenter size-full is-resized wp-duotone-unset-2\"><img loading=\"lazy\" decoding=\"async\" width=\"604\" height=\"535\" src=\"http:\/\/lebiopretaplanter.fr\/wp-content\/uploads\/2025\/02\/pdt-charlotte2.jpg\" alt=\"\" class=\"wp-image-1029\" style=\"width:290px\" srcset=\"http:\/\/lebiopretaplanter.fr\/wp-content\/uploads\/2025\/02\/pdt-charlotte2.jpg 604w, http:\/\/lebiopretaplanter.fr\/wp-content\/uploads\/2025\/02\/pdt-charlotte2-300x266.jpg 300w\" sizes=\"auto, (max-width: 604px) 100vw, 604px\" \/><figcaption class=\"wp-element-caption\">pomme de terre Charlotte<\/figcaption><\/figure>\n<\/div>\n\n\n\n<div class=\"wp-block-column is-vertically-aligned-center is-layout-flow wp-block-column-is-layout-flow\" style=\"flex-basis:33.33%\">\n<figure class=\"wp-block-image aligncenter size-full is-resized wp-duotone-unset-3\"><img loading=\"lazy\" decoding=\"async\" width=\"604\" height=\"535\" src=\"http:\/\/lebiopretaplanter.fr\/wp-content\/uploads\/2025\/02\/pdt-valery.jpg\" alt=\"\" class=\"wp-image-1030\" style=\"width:290px;height:auto\" srcset=\"http:\/\/lebiopretaplanter.fr\/wp-content\/uploads\/2025\/02\/pdt-valery.jpg 604w, http:\/\/lebiopretaplanter.fr\/wp-content\/uploads\/2025\/02\/pdt-valery-300x266.jpg 300w\" sizes=\"auto, (max-width: 604px) 100vw, 604px\" \/><figcaption class=\"wp-element-caption\">pomme de terre Val\u00e9ry<\/figcaption><\/figure>\n<\/div>\n<\/div>\n\n\n\n<h1 class=\"wp-block-heading has-text-align-center has-background-background-color has-background\" style=\"border-style:none;border-width:0px;border-radius:0px;margin-top:0;margin-right:0;margin-bottom:0;margin-left:0;padding-top:0;padding-right:0;padding-bottom:0;padding-left:0\">Caract\u00e9ristiques des vari\u00e9t\u00e9s<\/h1>\n\n\n\n<p><strong>ALLIANS\u00a0:<\/strong>\u00a0r\u00e9colte\u00a0100\u00a0et\u00a0110\u00a0jours\u00a0apr\u00e8s\u00a0la\u00a0plantation (3 Kg = environ 41 tubercules)<\/p>\n\n\n\n<p>Mi pr\u00e9coce de rendement moyen. Tubercules allong\u00e9s.<br>Peu sensible au mildiou du feuillage et divers virus.<br>Chair jaune vraiment excellente, tr\u00e8s bonne conservation.<br>Toute utilisation culinaire (de loin notre pr\u00e9f\u00e9r\u00e9e).<\/p>\n\n\n\n<p><strong>CHARLOTTE&nbsp;:<\/strong>&nbsp;r\u00e9colte&nbsp;90&nbsp;\u00e0&nbsp;110&nbsp;jours&nbsp;apr\u00e8s&nbsp;la&nbsp;plantation (3 Kg = environ 38 tubercules)<\/p>\n\n\n\n<p>Mi pr\u00e9coce de bon rendement. Peu sensible au mildiou du tubercule.<br>Peau jaune, chair jaune et ferme.<br>De bonne qualit\u00e9 gustative, elle pr\u00e9sente une excellente tenue \u00e0 la cuisson.<br>Utilisation&nbsp;: vapeur, saut\u00e9, gratin.<\/p>\n\n\n\n<p><strong>VAL\u00c9RY&nbsp;:<\/strong>&nbsp;r\u00e9colte&nbsp;90&nbsp;\u00e0&nbsp;100&nbsp;jours&nbsp;apr\u00e8s&nbsp;la&nbsp;plantation (3Kg = nombre de tubercules encore non compt\u00e9s, info \u00e0 venir).<\/p>\n\n\n\n<p>Rouge et allong\u00e9e, \u00e0 la chair jaune soutenue, cette vari\u00e9t\u00e9 de belle pr\u00e9sentation.<br>Productive&nbsp;et&nbsp;d&rsquo;excellente&nbsp;qualit\u00e9&nbsp;gustative.<br>Sp\u00e9ciale&nbsp;\u00ab\u00a0chair&nbsp;ferme\u00a0\u00bb.<\/p>\n\n\n\n<h1 class=\"wp-block-heading has-text-align-left has-primary-color has-background-background-color has-text-color has-background has-link-color wp-elements-dee392c3034d4ca7d64248524829f12a\" style=\"padding-top:var(--wp--preset--spacing--20);padding-right:0;padding-bottom:var(--wp--preset--spacing--20);padding-left:0\">M\u00e9thode de culture des pommes de terre<\/h1>\n\n\n\n<div class=\"wp-block-group is-layout-constrained wp-block-group-is-layout-constrained\">\n<p>\ud83c\udf31 <strong>Pr\u00e9sentation<\/strong> : La pomme de terre est un l\u00e9gume-racine tr\u00e8s appr\u00e9ci\u00e9 pour sa chair tendre et savoureuse. Elle se consomme cuite sous de nombreuses formes : vapeur, r\u00f4tie, pur\u00e9e, gratin ou soupe.<\/p>\n\n\n\n<p>\u2600\ufe0f <strong>Exposition<\/strong> : La pomme de terre pr\u00e9f\u00e8re une exposition ensoleill\u00e9e, avec au moins 6 heures de soleil par jour.<\/p>\n\n\n\n<p>\ud83c\udf3f <strong>Sol<\/strong> : Elle se d\u00e9veloppe dans un sol l\u00e9ger, fertile, bien drain\u00e9 et enrichi en mati\u00e8re organique. Un apport de compost ou de fumier bien d\u00e9compos\u00e9 avant la plantation favorise une bonne production. \u00c9viter les sols trop compacts ou humides qui favorisent la pourriture des tubercules.<\/p>\n\n\n\n<p>\ud83c\udf3e <strong>Plantation<\/strong> : distance entre les plants : 30 \u00e0 40 cm, avec 60 \u00e0 80 cm entre les rangs. Planter les plants en enterrant l\u00e9g\u00e8rement les tubercules, yeux vers le haut, pour stimuler le d\u00e9veloppement des nouvelles pommes de terre.<\/p>\n\n\n\n<p>\ud83d\udca7 <strong>Arrosage<\/strong> : Maintenir le sol l\u00e9g\u00e8rement humide, surtout pendant la floraison et le grossissement des tubercules. \u00c9viter l\u2019exc\u00e8s d\u2019eau pour pr\u00e9venir les maladies.<\/p>\n\n\n\n<p>\ud83d\udee0\ufe0f <strong>Entretien<\/strong> :<\/p>\n\n\n\n<ul class=\"wp-block-list\">\n<li>Buter les plants pour prot\u00e9ger les tubercules et stimuler la production<\/li>\n\n\n\n<li>Biner et d\u00e9sherber r\u00e9guli\u00e8rement<\/li>\n\n\n\n<li>Surveiller l\u2019humidit\u00e9 du sol et apporter du compost si n\u00e9cessaire<\/li>\n<\/ul>\n\n\n\n<p>\u2702\ufe0f <strong>R\u00e9colte<\/strong> : R\u00e9colter les pommes de terre nouvelles quelques semaines apr\u00e8s la floraison, ou attendre que le feuillage jaunit pour les tubercules de conservation. Sortir d\u00e9licatement les tubercules pour ne pas les ab\u00eemer.<\/p>\n\n\n\n<p>\ud83c\udf31 <strong>\u00c0 consommer<\/strong> : Les pommes de terre se consomment cuites \u00e0 la vapeur, \u00e0 l\u2019eau, r\u00f4ties, en pur\u00e9e, gratin\u00e9es ou en soupe. Certaines vari\u00e9t\u00e9s sont id\u00e9ales pour la cuisson rapide, d\u2019autres pour la conservation.<\/p>\n<\/div>\n","protected":false},"excerpt":{"rendered":"<p>Nos plants de pomme de terre sont disponibles \u00e0 partir du 1er mars Famille : Solanac\u00e9esNom latin : Solanum tuberosum L.Origine : AndesVari\u00e9t\u00e9s produites : Allians, Charlotte, Val\u00e9ry Caract\u00e9ristiques des vari\u00e9t\u00e9s ALLIANS\u00a0:\u00a0r\u00e9colte\u00a0100\u00a0et\u00a0110\u00a0jours\u00a0apr\u00e8s\u00a0la\u00a0plantation (3 Kg = environ 41 tubercules) Mi pr\u00e9coce de rendement moyen. Tubercules allong\u00e9s.Peu sensible au mildiou du feuillage et divers virus.Chair jaune vraiment [&hellip;]<\/p>\n","protected":false},"author":1,"featured_media":0,"parent":0,"menu_order":0,"comment_status":"closed","ping_status":"closed","template":"","meta":{"footnotes":""},"class_list":["post-1027","page","type-page","status-publish","hentry"],"_links":{"self":[{"href":"http:\/\/lebiopretaplanter.fr\/index.php\/wp-json\/wp\/v2\/pages\/1027","targetHints":{"allow":["GET"]}}],"collection":[{"href":"http:\/\/lebiopretaplanter.fr\/index.php\/wp-json\/wp\/v2\/pages"}],"about":[{"href":"http:\/\/lebiopretaplanter.fr\/index.php\/wp-json\/wp\/v2\/types\/page"}],"author":[{"embeddable":true,"href":"http:\/\/lebiopretaplanter.fr\/index.php\/wp-json\/wp\/v2\/users\/1"}],"replies":[{"embeddable":true,"href":"http:\/\/lebiopretaplanter.fr\/index.php\/wp-json\/wp\/v2\/comments?post=1027"}],"version-history":[{"count":7,"href":"http:\/\/lebiopretaplanter.fr\/index.php\/wp-json\/wp\/v2\/pages\/1027\/revisions"}],"predecessor-version":[{"id":1523,"href":"http:\/\/lebiopretaplanter.fr\/index.php\/wp-json\/wp\/v2\/pages\/1027\/revisions\/1523"}],"wp:attachment":[{"href":"http:\/\/lebiopretaplanter.fr\/index.php\/wp-json\/wp\/v2\/media?parent=1027"}],"curies":[{"name":"wp","href":"https:\/\/api.w.org\/{rel}","templated":true}]}}

<h2 class="wp-block-heading has-text-align-center"><strong>Nos plants de pomme de terre sont disponibles à partir du 1er mars</strong></h2>



<p>Famille : Solanacées<br>Nom latin : <em>Solanum tuberosum L.</em><br>Origine : Andes<br>Variétés produites : Allians, Charlotte, Valéry</p>



<div class="wp-block-columns are-vertically-aligned-center has-background-background-color has-background has-small-font-size is-layout-flex wp-container-core-columns-is-layout-eb630068 wp-block-columns-is-layout-flex" style="margin-top:0;margin-bottom:0;padding-right:0;padding-left:0">
<div class="wp-block-column is-vertically-aligned-center is-layout-flow wp-block-column-is-layout-flow" style="flex-basis:33.33%">
<figure class="wp-block-image aligncenter size-full is-resized wp-duotone-unset-1"><img loading="lazy" decoding="async" width="606" height="535" src="http://lebiopretaplanter.fr/wp-content/uploads/2025/02/pdt-allians-2-1.jpg" alt="" class="wp-image-1031" style="width:290px;height:auto" srcset="http://lebiopretaplanter.fr/wp-content/uploads/2025/02/pdt-allians-2-1.jpg 606w, http://lebiopretaplanter.fr/wp-content/uploads/2025/02/pdt-allians-2-1-300x265.jpg 300w" sizes="auto, (max-width: 606px) 100vw, 606px" /><figcaption class="wp-element-caption">pomme de terre Allians</figcaption></figure>
</div>



<div class="wp-block-column is-vertically-aligned-center is-layout-flow wp-block-column-is-layout-flow" style="flex-basis:33.33%">
<figure class="wp-block-image aligncenter size-full is-resized wp-duotone-unset-2"><img loading="lazy" decoding="async" width="604" height="535" src="http://lebiopretaplanter.fr/wp-content/uploads/2025/02/pdt-charlotte2.jpg" alt="" class="wp-image-1029" style="width:290px" srcset="http://lebiopretaplanter.fr/wp-content/uploads/2025/02/pdt-charlotte2.jpg 604w, http://lebiopretaplanter.fr/wp-content/uploads/2025/02/pdt-charlotte2-300x266.jpg 300w" sizes="auto, (max-width: 604px) 100vw, 604px" /><figcaption class="wp-element-caption">pomme de terre Charlotte</figcaption></figure>
</div>



<div class="wp-block-column is-vertically-aligned-center is-layout-flow wp-block-column-is-layout-flow" style="flex-basis:33.33%">
<figure class="wp-block-image aligncenter size-full is-resized wp-duotone-unset-3"><img loading="lazy" decoding="async" width="604" height="535" src="http://lebiopretaplanter.fr/wp-content/uploads/2025/02/pdt-valery.jpg" alt="" class="wp-image-1030" style="width:290px;height:auto" srcset="http://lebiopretaplanter.fr/wp-content/uploads/2025/02/pdt-valery.jpg 604w, http://lebiopretaplanter.fr/wp-content/uploads/2025/02/pdt-valery-300x266.jpg 300w" sizes="auto, (max-width: 604px) 100vw, 604px" /><figcaption class="wp-element-caption">pomme de terre Valéry</figcaption></figure>
</div>
</div>



<h1 class="wp-block-heading has-text-align-center has-background-background-color has-background" style="border-style:none;border-width:0px;border-radius:0px;margin-top:0;margin-right:0;margin-bottom:0;margin-left:0;padding-top:0;padding-right:0;padding-bottom:0;padding-left:0">Caractéristiques des variétés</h1>



<p><strong>ALLIANS :</strong> récolte 100 et 110 jours après la plantation (3 Kg = environ 41 tubercules)</p>



<p>Mi précoce de rendement moyen. Tubercules allongés.<br>Peu sensible au mildiou du feuillage et divers virus.<br>Chair jaune vraiment excellente, très bonne conservation.<br>Toute utilisation culinaire (de loin notre préférée).</p>



<p><strong>CHARLOTTE&nbsp;:</strong>&nbsp;récolte&nbsp;90&nbsp;à&nbsp;110&nbsp;jours&nbsp;après&nbsp;la&nbsp;plantation (3 Kg = environ 38 tubercules)</p>



<p>Mi précoce de bon rendement. Peu sensible au mildiou du tubercule.<br>Peau jaune, chair jaune et ferme.<br>De bonne qualité gustative, elle présente une excellente tenue à la cuisson.<br>Utilisation&nbsp;: vapeur, sauté, gratin.</p>



<p><strong>VALÉRY&nbsp;:</strong>&nbsp;récolte&nbsp;90&nbsp;à&nbsp;100&nbsp;jours&nbsp;après&nbsp;la&nbsp;plantation (3Kg = nombre de tubercules encore non comptés, info à venir).</p>



<p>Rouge et allongée, à la chair jaune soutenue, cette variété de belle présentation.<br>Productive&nbsp;et&nbsp;d&rsquo;excellente&nbsp;qualité&nbsp;gustative.<br>Spéciale&nbsp;« chair&nbsp;ferme ».</p>



<h1 class="wp-block-heading has-text-align-left has-primary-color has-background-background-color has-text-color has-background has-link-color wp-elements-dee392c3034d4ca7d64248524829f12a" style="padding-top:var(--wp--preset--spacing--20);padding-right:0;padding-bottom:var(--wp--preset--spacing--20);padding-left:0">Méthode de culture des pommes de terre</h1>



<div class="wp-block-group is-layout-constrained wp-block-group-is-layout-constrained">
<p>🌱 <strong>Présentation</strong> : La pomme de terre est un légume-racine très apprécié pour sa chair tendre et savoureuse. Elle se consomme cuite sous de nombreuses formes : vapeur, rôtie, purée, gratin ou soupe.</p>



<p>☀️ <strong>Exposition</strong> : La pomme de terre préfère une exposition ensoleillée, avec au moins 6 heures de soleil par jour.</p>



<p>🌿 <strong>Sol</strong> : Elle se développe dans un sol léger, fertile, bien drainé et enrichi en matière organique. Un apport de compost ou de fumier bien décomposé avant la plantation favorise une bonne production. Éviter les sols trop compacts ou humides qui favorisent la pourriture des tubercules.</p>



<p>🌾 <strong>Plantation</strong> : distance entre les plants : 30 à 40 cm, avec 60 à 80 cm entre les rangs. Planter les plants en enterrant légèrement les tubercules, yeux vers le haut, pour stimuler le développement des nouvelles pommes de terre.</p>



<p>💧 <strong>Arrosage</strong> : Maintenir le sol légèrement humide, surtout pendant la floraison et le grossissement des tubercules. Éviter l’excès d’eau pour prévenir les maladies.</p>



<p>🛠️ <strong>Entretien</strong> :</p>



<ul class="wp-block-list">
<li>Buter les plants pour protéger les tubercules et stimuler la production</li>



<li>Biner et désherber régulièrement</li>



<li>Surveiller l’humidité du sol et apporter du compost si nécessaire</li>
</ul>



<p>✂️ <strong>Récolte</strong> : Récolter les pommes de terre nouvelles quelques semaines après la floraison, ou attendre que le feuillage jaunit pour les tubercules de conservation. Sortir délicatement les tubercules pour ne pas les abîmer.</p>



<p>🌱 <strong>À consommer</strong> : Les pommes de terre se consomment cuites à la vapeur, à l’eau, rôties, en purée, gratinées ou en soupe. Certaines variétés sont idéales pour la cuisson rapide, d’autres pour la conservation.</p>
</div>

<p>Nos plants de pomme de terre sont disponibles à partir du 1er mars Famille : SolanacéesNom latin : Solanum tuberosum L.Origine : AndesVariétés produites : Allians, Charlotte, Valéry Caractéristiques des variétés ALLIANS : récolte 100 et 110 jours après la plantation (3 Kg = environ 41 tubercules) Mi précoce de rendement moyen. Tubercules allongés.Peu sensible au mildiou du feuillage et divers virus.Chair jaune vraiment [&hellip;]</p>
